08-23 20:56:57.819 28899 29031 E chromium: [ERROR:mailbox_manager_sync.cc(317)] MailboxSync: Incompatible attachment
08-23 20:56:57.819 28899 29031 E chromium: [ERROR:mailbox_manager_sync.cc(317)] MailboxSync: Incompatible attachment
08-23 20:56:57.853 28899 29031 E chromium: [ERROR:mailbox_manager_sync.cc(317)] MailboxSync: Incompatible attachment
08-23 20:56:57.856 28899 29031 E chromium: [ERROR:mailbox_manager_sync.cc(317)] MailboxSync: Incompatible attachment
08-23 20:56:57.872 28899 29031 E chromium: [ERROR:mailbox_manager_sync.cc(317)] MailboxSync: Incompatible attachment
08-23 20:56:57.882 28899 29031 E chromium: [ERROR:mailbox_manager_sync.cc(317)] MailboxSync: Incompatible attachment
08-23 20:56:57.882 28899 29031 E chromium: [ERROR:mailbox_manager_sync.cc(317)] MailboxSync: Incompatible attachment
08-23 20:56:57.917 28899 29031 E chromium: [ERROR:mailbox_manager_sync.cc(317)] MailboxSync: Incompatible attachment
08-23 20:56:57.934 28899 29031 E chromium: [ERROR:mailbox_manager_sync.cc(317)] MailboxSync: Incompatible attachment
08-23 20:56:57.951 28899 29031 E chromium: [ERROR:mailbox_manager_sync.cc(317)] MailboxSync: Incompatible attachment
08-23 20:56:57.967 28899 29031 E chromium: [ERROR:mailbox_manager_sync.cc(317)] MailboxSync: Incompatible attachment
08-23 20:56:57.967 28899 29031 E chromium: [ERROR:mailbox_manager_sync.cc(317)] MailboxSync: Incompatible attachment
08-23 20:56:58.001 28899 29031 E chromium: [ERROR:mailbox_manager_sync.cc(317)] MailboxSync: Incompatible attachment
08-23 20:56:58.015 28899 29031 E chromium: [ERROR:mailbox_manager_sync.cc(317)] MailboxSync: Incompatible attachment
08-23 20:56:58.033 28899 29031 E chromium: [ERROR:mailbox_manager_sync.cc(317)] MailboxSync: Incompatible attachment
08-23 20:56:58.050 28899 29031 E chromium: [ERROR:mailbox_manager_sync.cc(317)] MailboxSync: Incompatible attachment
08-23 20:56:58.050 28899 29031 E chromium: [ERROR:mailbox_manager_sync.cc(317)] MailboxSync: Incompatible attachment
08-23 20:56:58.084 28899 29031 E chromium: [ERROR:mailbox_manager_sync.cc(317)] MailboxSync: Incompatible attachment
08-23 20:56:58.100 28899 29031 E chromium: [ERROR:mailbox_manager_sync.cc(317)] MailboxSync: Incompatible attachment
08-23 20:56:58.117 28899 29031 E chromium: [ERROR:mailbox_manager_sync.cc(317)] MailboxSync: Incompatible attachment
08-23 20:56:58.119 6496 6506 I art : Background sticky concurrent mark sweep GC freed 251854(11MB) AllocSpace objects, 61(5MB) LOS objects, 26% free, 38MB/52MB, paused 8.915ms total 232.424ms
08-23 20:56:58.137 28899 29031 E chromium: [ERROR:mailbox_manager_sync.cc(317)] MailboxSync: Incompatible attachment
08-23 20:56:58.137 28899 29031 E chromium: [ERROR:mailbox_manager_sync.cc(317)] MailboxSync: Incompatible attachment
08-23 20:56:58.164 28899 29031 E chromium: [ERROR:mailbox_manager_sync.cc(317)] MailboxSync: Incompatible attachment
08-23 20:56:58.182 28899 29031 E chromium: [ERROR:mailbox_manager_sync.cc(317)] MailboxSync: Incompatible attachment
08-23 20:56:58.199 28899 29031 E chromium: [ERROR:mailbox_manager_sync.cc(317)] MailboxSync: Incompatible attachment
08-23 20:56:58.216 28899 29031 E chromium: [ERROR:mailbox_manager_sync.cc(317)] MailboxSync: Incompatible attachment
08-23 20:56:58.216 28899 29031 E chromium: [ERROR:mailbox_manager_sync.cc(317)] MailboxSync: Incompatible attachment
08-23 20:56:58.250 28899 29031 E chromium: [ERROR:mailbox_manager_sync.cc(317)] MailboxSync: Incompatible attachment
08-23 20:56:58.267 28899 29031 E chromium: [ERROR:mailbox_manager_sync.cc(317)] MailboxSync: Incompatible attachment
08-23 20:56:58.285 28899 29031 E chromium: [ERROR:mailbox_manager_sync.cc(317)] MailboxSync: Incompatible attachment
08-23 20:56:58.299 28899 29031 E chromium: [ERROR:mailbox_manager_sync.cc(317)] MailboxSync: Incompatible attachment
08-23 20:56:58.299 28899 29031 E chromium: [ERROR:mailbox_manager_sync.cc(317)] MailboxSync: Incompatible attachment
08-23 20:56:58.333 28899 29031 E chromium: [ERROR:mailbox_manager_sync.cc(317)] MailboxSync: Incompatible attachment
08-23 20:56:58.349 28899 29031 E chromium: [ERROR:mailbox_manager_sync.cc(317)] MailboxSync: Incompatible attachment
08-23 20:56:58.367 28899 29031 E chromium: [ERROR:mailbox_manager_sync.cc(317)] MailboxSync: Incompatible attachment
08-23 20:56:58.382 28899 29031 E chromium: [ERROR:mailbox_manager_sync.cc(317)] MailboxSync: Incompatible attachment
08-23 20:56:58.382 28899 29031 E chromium: [ERROR:mailbox_manager_sync.cc(317)] MailboxSync: Incompatible attachment
08-23 20:56:58.415 28899 29031 E chromium: [ERROR:mailbox_manager_sync.cc(317)] MailboxSync: Incompatible attachment
08-23 20:56:58.433 28899 29031 E chromium: [ERROR:mailbox_manager_sync.cc(317)] MailboxSync: Incompatible attachment
08-23 20:56:58.451 28899 29031 E chromium: [ERROR:mailbox_manager_sync.cc(317)] MailboxSync: Incompatible attachment
08-23 20:56:58.467 28899 29031 E chromium: [ERROR:mailbox_manager_sync.cc(317)] MailboxSync: Incompatible attachment
08-23 20:56:58.467 28899 29031 E chromium: [ERROR:mailbox_manager_sync.cc(317)] MailboxSync: Incompatible attachment
08-23 20:56:58.512 28899 29031 E chromium: [ERROR:mailbox_manager_sync.cc(317)] MailboxSync: Incompatible attachment
08-23 20:56:58.515 28899 29031 E chromium: [ERROR:mailbox_manager_sync.cc(317)] MailboxSync: Incompatible attachment
08-23 20:56:58.536 28899 29031 E chromium: [ERROR:mailbox_manager_sync.cc(317)] MailboxSync: Incompatible attachment
08-23 20:56:58.542 28899 29031 E chromium: [ERROR:mailbox_manager_sync.cc(317)] MailboxSync: Incompatible attachment
08-23 20:56:58.542 28899 29031 E chromium: [ERROR:mailbox_manager_sync.cc(317)] MailboxSync: Incompatible attachment
08-23 20:56:58.590 28899 29031 E chromium: [ERROR:mailbox_manager_sync.cc(317)] MailboxSync: Incompatible attachment
08-23 20:56:58.592 28899 29031 E chromium: [ERROR:mailbox_manager_sync.cc(317)] MailboxSync: Incompatible attachment
08-23 20:56:58.616 28899 29031 E chromium: [ERROR:mailbox_manager_sync.cc(317)] MailboxSync: Incompatible attachment
08-23 20:56:58.632 28899 29031 E chromium: [ERROR:mailbox_manager_sync.cc(317)] MailboxSync: Incompatible attachment
08-23 20:56:58.632 28899 29031 E chromium: [ERROR:mailbox_manager_sync.cc(317)] MailboxSync: Incompatible attachment
08-23 20:56:58.665 28899 29031 E chromium: [ERROR:mailbox_manager_sync.cc(317)] MailboxSync: Incompatible attachment
08-23 20:56:58.684 28899 29031 E chromium: [ERROR:mailbox_manager_sync.cc(317)] MailboxSync: Incompatible attachment
08-23 20:56:58.700 28899 29031 E chromium: [ERROR:mailbox_manager_sync.cc(317)] MailboxSync: Incompatible attachment
08-23 20:56:58.734 28899 29031 E chromium: [ERROR:mailbox_manager_sync.cc(317)] MailboxSync: Incompatible attachment
08-23 20:56:58.734 28899 29031 E chromium: [ERROR:mailbox_manager_sync.cc(317)] MailboxSync: Incompatible attachment
08-23 20:56:58.737 28899 29031 E chromium: [ERROR:mailbox_manager_sync.cc(317)] MailboxSync: Incompatible attachment
08-23 20:56:58.763 28899 29031 E chromium: [ERROR:mailbox_manager_sync.cc(317)] MailboxSync: Incompatible attachment
08-23 20:56:58.782 28899 29031 E chromium: [ERROR:mailbox_manager_sync.cc(317)] MailboxSync: Incompatible attachment
08-23 20:56:58.793 1994 2184 D WifiStateMachine: handleMessage: E msg.what=131155
08-23 20:56:58.793 1994 2184 D WifiStateMachine: processMsg: ConnectedState
08-23 20:56:58.793 1994 2184 D WifiStateMachine: processMsg: L2ConnectedState
08-23 20:56:58.799 28899 29031 E chromium: [ERROR:mailbox_manager_sync.cc(317)] MailboxSync: Incompatible attachment
08-23 20:56:58.799 28899 29031 E chromium: [ERROR:mailbox_manager_sync.cc(317)] MailboxSync: Incompatible attachment
08-23 20:56:58.804 1994 2003 I art : Background partial concurrent mark sweep GC freed 13446(591KB) AllocSpace objects, 9(196KB) LOS objects, 32% free, 33MB/49MB, paused 4.971ms total 371.654ms
08-23 20:56:58.804 2324 2324 D wpa_supplicant: wlan0: Control interface command 'SIGNAL_POLL'
08-23 20:56:58.816 1994 2184 D WifiStateMachine: CMD_RSSI_POLL: TxBytes = 42780, RxBytes = 104997
08-23 20:56:58.816 28899 29031 E chromium: [ERROR:mailbox_manager_sync.cc(317)] MailboxSync: Incompatible attachment
08-23 20:56:58.818 1994 2184 D WifiStateMachine: handleMessage: X
08-23 20:56:58.849 28899 29031 E chromium: [ERROR:mailbox_manager_sync.cc(317)] MailboxSync: Incompatible attachment
08-23 20:56:58.866 28899 29031 E chromium: [ERROR:mailbox_manager_sync.cc(317)] MailboxSync: Incompatible attachment
08-23 20:56:58.883 28899 29031 E chromium: [ERROR:mailbox_manager_sync.cc(317)] MailboxSync: Incompatible attachment
08-23 20:56:58.884 28899 29031 E chromium: [ERROR:mailbox_manager_sync.cc(317)] MailboxSync: Incompatible attachment
08-23 20:56:58.900 28899 29031 E chromium: [ERROR:mailbox_manager_sync.cc(317)] MailboxSync: Incompatible attachment
08-23 20:56:58.933 28899 29031 E chromium: [ERROR:mailbox_manager_sync.cc(317)] MailboxSync: Incompatible attachment
08-23 20:56:58.950 28899 29031 E chromium: [ERROR:mailbox_manager_sync.cc(317)] MailboxSync: Incompatible attachment
08-23 20:56:58.967 28899 29031 E chromium: [ERROR:mailbox_manager_sync.cc(317)] MailboxSync: Incompatible attachment
08-23 20:56:58.967 28899 29031 E chromium: [ERROR:mailbox_manager_sync.cc(317)] MailboxSync: Incompatible attachment
08-23 20:56:58.983 28899 29031 E chromium: [ERROR:mailbox_manager_sync.cc(317)] MailboxSync: Incompatible attachment
08-23 20:56:59.028 2324 2324 D wpa_supplicant: nl80211: Ignored event (cmd=34) for foreign interface (ifindex 5 wdev 0x0)
08-23 20:56:59.028 2324 2324 D wpa_supplicant: nl80211: Drv Event 34 (NL80211_CMD_NEW_SCAN_RESULTS) received for wlan0
08-23 20:56:59.028 2324 2324 D wpa_supplicant: wlan0: nl80211: New scan results available
08-23 20:56:59.028 2324 2324 D wpa_supplicant: nl80211: Scan probed for SSID ''
08-23 20:56:59.028 2324 2324 D wpa_supplicant: nl80211: Scan included frequencies: 2412 2417 2422 2427 2432 2437 2442 2447 2452 2457 2462 2467 2472 5180 5200 5220 5240 5260 5280 5300 5320 5500 5520 5540 5560 5580 5600 5620 5640 5660 5680 5700 5720 5745 5765 5785 5805 5825
08-23 20:56:59.028 2324 2324 D wpa_supplicant: wlan0: Event SCAN_RESULTS (3) received
08-23 20:56:59.028 2324 2324 D wpa_supplicant: wlan0: Scan completed in 3.929072 seconds
08-23 20:56:59.028 2324 2324 D wpa_supplicant: nl80211: Associated on 5500 MHz
08-23 20:56:59.028 2324 2324 D wpa_supplicant: nl80211: Associated with 90:5c:44:f9:a1:0b
08-23 20:56:59.028 2324 2324 D wpa_supplicant: nl80211: Received scan results (15 BSSes)
08-23 20:56:59.028 2324 2324 D wpa_supplicant: nl80211: Scan results indicate BSS status with 90:5c:44:f9:a1:0b as associated
08-23 20:56:59.029 2324 2324 I wpa_supplicant: [CPHigh] 90:5c:44:f9:a1:0b freq=5500 level=-53
08-23 20:56:59.029 2324 2324 I wpa_supplicant: [CPGuest] 92:5c:44:f9:a0:0e freq=5500 level=-54
08-23 20:56:59.029 2324 2324 I wpa_supplicant: [UPC504420570] 54:88:0e:30:79:a0 freq=5180 level=-63
08-23 20:56:59.029 2324 2324 I wpa_supplicant: [UPC244482052] 54:88:0e:30:79:a8 freq=2437 level=-56
08-23 20:56:59.029 2324 2324 I wpa_supplicant: [Senft-Mikrotik] e4:8d:8c:44:f1:cd freq=2427 level=-59
08-23 20:56:59.029 2324 2324 I wpa_supplicant: [Ziggo] 92:5c:14:c7:0a:1e freq=2462 level=-71
08-23 20:56:59.029 2324 2324 I wpa_supplicant: [Ziggo27FC685] 90:5c:44:c7:0a:1e freq=2462 level=-73
08-23 20:56:59.029 2324 2324 I wpa_supplicant: [UPC240820378] 54:88:0e:5b:72:48 freq=2437 level=-74
08-23 20:56:59.029 2324 2324 I wpa_supplicant: [Wifi] 74:da:38:a7:ce:d3 freq=2417 level=-77
08-23 20:56:59.029 2324 2324 I wpa_supplicant: [UPC21FE18] f0:f2:49:91:fe:18 freq=2442 level=-81
08-23 20:56:59.029 2324 2324 I wpa_supplicant: [Senft & Zn.] 00:1f:3f:d5:70:34 freq=2412 level=-83
08-23 20:56:59.029 2324 2324 I wpa_supplicant: [Ziggo27FC685] 90:5c:44:c7:0a:1d freq=5320 level=-87
08-23 20:56:59.029 2324 2324 I wpa_supplicant: [ziggo-ap-6668798] d8:b6:b7:b7:6e:c4 freq=5600 level=-91
08-23 20:56:59.029 2324 2324 I wpa_supplicant: [UPC1086659] 44:32:c8:33:ca:04 freq=2442 level=-90
08-23 20:56:59.029 2324 2324 I wpa_supplicant: [UPC248308387] dc:71:44:ad:b3:18 freq=2472 level=-90
08-23 20:56:59.029 2324 2324 D wpa_supplicant: wlan0: BSS: Start scan result update 114
08-23 20:56:59.029 2324 2324 D wpa_supplicant: wlan0: BSS: Add new id 271 BSSID 54:88:0e:5b:72:48 SSID 'UPC240820378' freq 2437
08-23 20:56:59.029 2324 2324 D wpa_supplicant: wlan0: BSS: Add new id 272 BSSID 74:da:38:a7:ce:d3 SSID 'Wifi' freq 2417
08-23 20:56:59.029 2324 2324 D wpa_supplicant: wlan0: BSS: Add new id 273 BSSID 00:1f:3f:d5:70:34 SSID 'Senft & Zn.' freq 2412
08-23 20:56:59.029 2324 2324 D wpa_supplicant: wlan0: BSS: Add new id 274 BSSID 44:32:c8:33:ca:04 SSID 'UPC1086659' freq 2442
08-23 20:56:59.029 2324 2324 D wpa_supplicant: wlan0: BSS: Add new id 275 BSSID dc:71:44:ad:b3:18 SSID 'UPC248308387' freq 2472
08-23 20:56:59.029 2324 2324 D wpa_supplicant: BSS: last_scan_res_used=15/32
08-23 20:56:59.029 2324 2324 D wpa_supplicant: wlan0: Scan-only results received
08-23 20:56:59.029 2324 2324 D wpa_supplicant: wlan0: Radio work 'scan'@0x7facb95540 done in 3.942299 seconds
08-23 20:56:59.030 2324 2324 D wpa_supplicant: wlan0: radio_work_free('scan'@0x7facb95540: num_active_works --> 0
08-23 20:56:59.030 2324 2324 D wpa_supplicant: wlan0: Control interface command 'SCAN_RESULTS'
08-23 20:56:59.033 2324 2324 D wpa_supplicant: wlan0: Control interface command 'SCAN_RESULTS'
08-23 20:56:59.033 1994 2184 D WifiStateMachine: handleMessage: E msg.what=147461
08-23 20:56:59.033 1994 2184 D WifiStateMachine: processMsg: ConnectedState
08-23 20:56:59.033 1994 2184 D WifiStateMachine: processMsg: L2ConnectedState
08-23 20:56:59.033 1994 2184 D WifiStateMachine: processMsg: ConnectModeState
08-23 20:56:59.033 1994 2184 D WifiStateMachine: processMsg: DriverStartedState
08-23 20:56:59.033 1994 2184 D WifiStateMachine: processMsg: SupplicantStartedState
08-23 20:56:59.039 28899 29031 E chromium: [ERROR:mailbox_manager_sync.cc(317)] MailboxSync: Incompatible attachment
08-23 20:56:59.066 28899 29031 E chromium: [ERROR:mailbox_manager_sync.cc(317)] MailboxSync: Incompatible attachment
08-23 20:56:59.066 28899 29031 E chromium: [ERROR:mailbox_manager_sync.cc(317)] MailboxSync: Incompatible attachment
08-23 20:56:59.069 28899 29031 E chromium: [ERROR:mailbox_manager_sync.cc(317)] MailboxSync: Incompatible attachment
08-23 20:56:59.070 1994 2184 D WifiStateMachine: handleMessage: X
08-23 20:56:59.091 28899 29031 E chromium: [ERROR:mailbox_manager_sync.cc(317)] MailboxSync: Incompatible attachment
08-23 20:56:59.098 1994 2170 D PMS : acquireWL(a0f6f4b): PARTIAL_WAKE_LOCK NlpWakeLock 0x1 3348 10019 null
08-23 20:56:59.113 28899 29031 E chromium: [ERROR:mailbox_manager_sync.cc(317)] MailboxSync: Incompatible attachment
08-23 20:56:59.117 1994 2601 D PMS : releaseWL(a0f6f4b): PARTIAL_WAKE_LOCK NlpWakeLock 0x1 null
08-23 20:56:59.119 1994 3581 D PMS : acquireWL(b7d6d28): PARTIAL_WAKE_LOCK NlpWakeLock 0x1 3348 10019 WorkSource{10019 com.google.android.gms}
08-23 20:56:59.124 1994 2008 D PMS : releaseWL(b7d6d28): PARTIAL_WAKE_LOCK NlpWakeLock 0x1 WorkSource{10019 com.google.android.gms}
08-23 20:56:59.125 1994 3578 D PMS : acquireWL(99da41): PARTIAL_WAKE_LOCK NlpWakeLock 0x1 3348 10019 WorkSource{10019 com.google.android.gms}
08-23 20:56:59.130 1994 2472 D PMS : releaseWL(99da41): PARTIAL_WAKE_LOCK NlpWakeLock 0x1 WorkSource{10019 com.google.android.gms}
08-23 20:56:59.132 1994 2007 D PMS : acquireWL(147ebe6): PARTIAL_WAKE_LOCK GCoreFlp 0x1 3348 10019 WorkSource{10019 com.google.android.gms}
08-23 20:56:59.134 1994 3580 D PMS : acquireWL(f63b527): PARTIAL_WAKE_LOCK NlpWakeLock 0x1 3348 10019 null
08-23 20:56:59.135 28899 29031 E chromium: [ERROR:mailbox_manager_sync.cc(317)] MailboxSync: Incompatible attachment
08-23 20:56:59.135 28899 29031 E chromium: [ERROR:mailbox_manager_sync.cc(317)] MailboxSync: Incompatible attachment
08-23 20:56:59.135 1994 3582 D PMS : acquireWL(1d033d4): PARTIAL_WAKE_LOCK GCoreFlp 0x1 3348 10019 WorkSource{10019 com.google.android.gms}
08-23 20:56:59.139 1994 2960 D PMS : releaseWL(f63b527): PARTIAL_WAKE_LOCK NlpWakeLock 0x1 null
08-23 20:56:59.146 1994 3575 D WifiService: releaseWifiLockLocked: WifiLock{NlpWifiLock type=2 uid=10019}
08-23 20:56:59.146 1994 2183 D WifiController: handleMessage: E msg.what=155654
08-23 20:56:59.146 1994 2183 D WifiController: processMsg: DeviceActiveState
08-23 20:56:59.146 1994 2183 D WifiController: processMsg: StaEnabledState
08-23 20:56:59.146 1994 2183 D WifiController: processMsg: DefaultState
08-23 20:56:59.146 1994 2183 D WifiController: handleMessage: X
08-23 20:56:59.147 1994 2007 D PMS : releaseWL(147ebe6): PARTIAL_WAKE_LOCK GCoreFlp 0x1 WorkSource{10019 com.google.android.gms}
08-23 20:56:59.148 1994 3578 D PMS : releaseWL(c970f2f): PARTIAL_WAKE_LOCK NlpWakeLock 0x1 null
08-23 20:56:59.150 1994 2568 D PMS : acquireWL(f68d97d): PARTIAL_WAKE_LOCK GCoreFlp 0x1 3348 10019 WorkSource{10019 com.google.android.gms}
08-23 20:56:59.151 28899 29031 E chromium: [ERROR:mailbox_manager_sync.cc(317)] MailboxSync: Incompatible attachment
08-23 20:56:59.152 1994 3815 D PMS : acquireWL(596e072): PARTIAL_WAKE_LOCK GCoreFlp 0x1 3348 10019 WorkSource{10019 com.google.android.gms}
08-23 20:56:59.153 1994 3576 D PMS : acquireWL(3cc7cc3): PARTIAL_WAKE_LOCK GCoreFlp 0x1 3348 10019 WorkSource{10019 com.google.android.gms}
08-23 20:56:59.154 1994 3573 D PMS : acquireWL(de6b940): PARTIAL_WAKE_LOCK NlpWakeLock 0x1 3348 10019 WorkSource{10019 com.google.android.gms}
08-23 20:56:59.157 1994 2601 D PMS : releaseWL(596e072): PARTIAL_WAKE_LOCK GCoreFlp 0x1 WorkSource{10019 com.google.android.gms}
08-23 20:56:59.161 1994 3816 D PMS : releaseWL(de6b940): PARTIAL_WAKE_LOCK NlpWakeLock 0x1 WorkSource{10019 com.google.android.gms}
08-23 20:56:59.165 1994 2026 D PMS : acquireWL(f2e9079): PARTIAL_WAKE_LOCK LocationManagerService 0x1 1994 1000 WorkSource{1000 com.qualcomm.location}
08-23 20:56:59.165 1994 2026 D LocationManagerService: Sending location for screening
08-23 20:56:59.168 28899 29031 E chromium: [ERROR:mailbox_manager_sync.cc(317)] MailboxSync: Incompatible attachment
08-23 20:56:59.169 1994 3499 D PMS : acquireWL(d6e91be): PARTIAL_WAKE_LOCK GCoreFlp 0x1 3348 10019 WorkSource{10019 com.google.android.gms}
08-23 20:56:59.170 1994 3695 D PMS : releaseWL(f2e9079): PARTIAL_WAKE_LOCK LocationManagerService 0x1 WorkSource{1000 com.qualcomm.location}
08-23 20:56:59.171 1994 3723 E LocSvc_libulp: E/int ulp_brain_transition_all_providers(), no QUIPC/GNSS transition logic run due to both engines are OFF
08-23 20:56:59.173 1994 3573 D PMS : releaseWL(1d033d4): PARTIAL_WAKE_LOCK GCoreFlp 0x1 WorkSource{10019 com.google.android.gms}
08-23 20:56:59.174 1994 2530 E LocSvc_LBSApiV02: E/virtual int lbs_core::LBSApiV02::injectCoarsePosition(const CoarsePositionInfo &):362]: Error : st = 3, ind.status = 0
08-23 20:56:59.175 1994 2026 D LocationManagerService: This location is marked as ready for broadcast
08-23 20:56:59.175 1994 2170 D PMS : releaseWL(f68d97d): PARTIAL_WAKE_LOCK GCoreFlp 0x1 WorkSource{10019 com.google.android.gms}
08-23 20:56:59.175 1994 2026 D LocationManagerService: incoming location from: network
08-23 20:56:59.176 1994 2026 D PMS : acquireWL(f70221f): PARTIAL_WAKE_LOCK LocationManagerService 0x1 1994 1000 WorkSource{1000 android}
08-23 20:56:59.178 1994 2026 D PMS : acquireWL(1e296c): PARTIAL_WAKE_LOCK LocationManagerService 0x1 1994 1000 WorkSource{1000 android}
08-23 20:56:59.179 1994 2026 D PMS : acquireWL(2febb35): PARTIAL_WAKE_LOCK LocationManagerService 0x1 1994 1000 WorkSource{1000 com.qualcomm.location}
08-23 20:56:59.180 1994 2557 E QMI_FW : QCCI qmi_cci_xport_recv: txn not found. svc_id: 16
08-23 20:56:59.183 2410 2410 D TelephonyCallback: SignalStrength: 2
08-23 20:56:59.184 1994 3814 D PMS : releaseWL(3cc7cc3): PARTIAL_WAKE_LOCK GCoreFlp 0x1 WorkSource{10019 com.google.android.gms}
08-23 20:56:59.185 1994 3815 D PMS : acquireWL(37e0bca): PARTIAL_WAKE_LOCK GCoreFlp 0x1 3348 10019 WorkSource{10019 com.google.android.gms}
08-23 20:56:59.186 1994 3582 D PMS : acquireWL(c7ec13b): PARTIAL_WAKE_LOCK UlrDispSvcFastWL 0x1 3348 10019 null
08-23 20:56:59.187 1994 3816 D PMS : acquireWL(f7a7058): PARTIAL_WAKE_LOCK NlpWakeLock 0x1 3348 10019 null
08-23 20:56:59.189 1994 3816 D PMS : acquireWL(16cd5b1): PARTIAL_WAKE_LOCK GCoreFlp 0x1 3348 10019 WorkSource{10019 com.google.android.gms}
08-23 20:56:59.190 1994 2008 D PMS : acquireWL(c591a96): PARTIAL_WAKE_LOCK GCoreFlp 0x1 3348 10019 WorkSource{10019 com.google.android.gms}
08-23 20:56:59.190 1994 2026 D PMS : acquireWL(e0e3617): PARTIAL_WAKE_LOCK LocationManagerService 0x1 1994 1000 WorkSource{10019 com.google.android.gms}
08-23 20:56:59.192 1994 2026 D PMS : acquireWL(d523a04): PARTIAL_WAKE_LOCK LocationManagerService 0x1 1994 1000 WorkSource{10019 com.google.android.gms}
08-23 20:56:59.192 2410 2410 D SIGNAL_ICON: level=2/5
08-23 20:56:59.192 2410 2410 D StatusBar.NetworkController: dumpIcon[(gone) stat_sys_5signal_2|null stat_sys_wifi_signal_in_4 (gone) F]
08-23 20:56:59.193 1994 2026 D PMS : releaseWL(1e296c): PARTIAL_WAKE_LOCK LocationManagerService 0x1 WorkSource{1000 android}
08-23 20:56:59.194 1994 2472 D PMS : releaseWL(f7a7058): PARTIAL_WAKE_LOCK NlpWakeLock 0x1 null
08-23 20:56:59.196 1994 1994 D PMS : releaseWL(f70221f): PARTIAL_WAKE_LOCK LocationManagerService 0x1 WorkSource{1000 android}
08-23 20:56:59.198 1994 3499 D PMS : acquireWL(cc81bed): PARTIAL_WAKE_LOCK GCoreFlp 0x1 3348 10019 WorkSource{10019 com.google.android.gms}
08-23 20:56:59.198 1994 3576 D PMS : releaseWL(c591a96): PARTIAL_WAKE_LOCK GCoreFlp 0x1 WorkSource{10019 com.google.android.gms}
08-23 20:56:59.199 1994 3695 D PMS : releaseWL(2febb35): PARTIAL_WAKE_LOCK LocationManagerService 0x1 WorkSource{1000 com.qualcomm.location}
08-23 20:56:59.201 1994 2170 D PMS : releaseWL(d6e91be): PARTIAL_WAKE_LOCK GCoreFlp 0x1 WorkSource{10019 com.google.android.gms}
08-23 20:56:59.202 1994 3572 D PMS : releaseWL(37e0bca): PARTIAL_WAKE_LOCK GCoreFlp 0x1 WorkSource{10019 com.google.android.gms}
08-23 20:56:59.203 1994 3581 D PMS : releaseWL(e0e3617): PARTIAL_WAKE_LOCK LocationManagerService 0x1 WorkSource{10019 com.google.android.gms}
08-23 20:56:59.204 28899 29031 E chromium: [ERROR:mailbox_manager_sync.cc(317)] MailboxSync: Incompatible attachment
08-23 20:56:59.206 1994 2523 D PMS : acquireWL(44a22): PARTIAL_WAKE_LOCK CMWakeLock 0x1 3348 10019 WorkSource{10019 com.google.android.gms}
08-23 20:56:59.208 1994 3816 D PMS : releaseWL(16cd5b1): PARTIAL_WAKE_LOCK GCoreFlp 0x1 WorkSource{10019 com.google.android.gms}
08-23 20:56:59.209 1994 2008 D PMS : releaseWL(cc81bed): PARTIAL_WAKE_LOCK GCoreFlp 0x1 WorkSource{10019 com.google.android.gms}
08-23 20:56:59.211 1994 2602 D PMS : releaseWL(d523a04): PARTIAL_WAKE_LOCK LocationManagerService 0x1 WorkSource{10019 com.google.android.gms}
08-23 20:56:59.214 1994 2184 D WifiStateMachine: handleMessage: E msg.what=131131
08-23 20:56:59.214 1994 2184 D WifiStateMachine: processMsg: ConnectedState
08-23 20:56:59.214 1994 2184 D WifiStateMachine: processMsg: L2ConnectedState
08-23 20:56:59.214 1994 2184 D WifiStateMachine: processMsg: ConnectModeState
08-23 20:56:59.215 1994 2184 D WifiStateMachine: handleMessage: X
08-23 20:56:59.223 1994 2960 D PMS : releaseWL(44a22): PARTIAL_WAKE_LOCK CMWakeLock 0x1 WorkSource{10019 com.google.android.gms}
08-23 20:56:59.226 3348 29473 I GCoreUlr: Successfully inserted 1 locations
08-23 20:56:59.227 28899 29031 E chromium: [ERROR:mailbox_manager_sync.cc(317)] MailboxSync: Incompatible attachment
08-23 20:56:59.230 28899 29031 E chromium: [ERROR:mailbox_manager_sync.cc(317)] MailboxSync: Incompatible attachment
08-23 20:56:59.230 28899 29031 E chromium: [ERROR:mailbox_manager_sync.cc(317)] MailboxSync: Incompatible attachment
08-23 20:56:59.230 1994 3582 D PMS : releaseWL(c7ec13b): PARTIAL_WAKE_LOCK UlrDispSvcFastWL 0x1 null
08-23 20:56:59.236 1994 3816 D PMS : acquireWL(31789e9): PARTIAL_WAKE_LOCK CMWakeLock 0x1 3348 10019 WorkSource{10019 com.google.android.gms}
08-23 20:56:59.242 1994 3808 D PMS : releaseWL(31789e9): PARTIAL_WAKE_LOCK CMWakeLock 0x1 WorkSource{10019 com.google.android.gms}
08-23 20:56:59.251 28899 29031 E chromium: [ERROR:mailbox_manager_sync.cc(317)] MailboxSync: Incompatible attachment
08-23 20:56:59.259 1994 3806 D PMS : acquireWL(6b4c59c): PARTIAL_WAKE_LOCK UlrDispSvcFastWL 0x1 3348 10019 null
08-23 20:56:59.268 28899 29031 E chromium: [ERROR:mailbox_manager_sync.cc(317)] MailboxSync: Incompatible attachment
08-23 20:56:59.276 1994 3580 D PMS : releaseWL(6b4c59c): PARTIAL_WAKE_LOCK UlrDispSvcFastWL 0x1 null
08-23 20:56:59.284 28899 29031 E chromium: [ERROR:mailbox_manager_sync.cc(317)] MailboxSync: Incompatible attachment
08-23 20:56:59.298 28899 29031 E chromium: [ERROR:mailbox_manager_sync.cc(317)] MailboxSync: Incompatible attachment
08-23 20:56:59.315 28899 29031 E chromium: [ERROR:mailbox_manager_sync.cc(317)] MailboxSync: Incompatible attachment
08-23 20:56:59.316 28899 29031 E chromium: [ERROR:mailbox_manager_sync.cc(317)] MailboxSync: Incompatible attachment
08-23 20:56:59.332 28899 29031 E chromium: [ERROR:mailbox_manager_sync.cc(317)] MailboxSync: Incompatible attachment
08-23 20:56:59.348 28899 29031 E chromium: [ERROR:mailbox_manager_sync.cc(317)] MailboxSync: Incompatible attachment
08-23 20:56:59.365 28899 29031 E chromium: [ERROR:mailbox_manager_sync.cc(317)] MailboxSync: Incompatible attachment
08-23 20:56:59.381 28899 29031 E chromium: [ERROR:mailbox_manager_sync.cc(317)] MailboxSync: Incompatible attachment
08-23 20:56:59.398 28899 29031 E chromium: [ERROR:mailbox_manager_sync.cc(317)] MailboxSync: Incompatible attachment
08-23 20:56:59.398 28899 29031 E chromium: [ERROR:mailbox_manager_sync.cc(317)] MailboxSync: Incompatible attachment
08-23 20:56:59.417 28899 29031 E chromium: [ERROR:mailbox_manager_sync.cc(317)] MailboxSync: Incompatible attachment
08-23 20:56:59.432 28899 29031 E chromium: [ERROR:mailbox_manager_sync.cc(317)] MailboxSync: Incompatible attachment
08-23 20:56:59.449 28899 29031 E chromium: [ERROR:mailbox_manager_sync.cc(317)] MailboxSync: Incompatible attachment
08-23 20:56:59.472 28899 29031 E chromium: [ERROR:mailbox_manager_sync.cc(317)] MailboxSync: Incompatible attachment
08-23 20:56:59.482 28899 29031 E chromium: [ERROR:mailbox_manager_sync.cc(317)] MailboxSync: Incompatible attachment
08-23 20:56:59.482 28899 29031 E chromium: [ERROR:mailbox_manager_sync.cc(317)] MailboxSync: Incompatible attachment
08-23 20:56:59.498 28899 29031 E chromium: [ERROR:mailbox_manager_sync.cc(317)] MailboxSync: Incompatible attachment
08-23 20:56:59.516 28899 29031 E chromium: [ERROR:mailbox_manager_sync.cc(317)] MailboxSync: Incompatible attachment
08-23 20:56:59.533 28899 29031 E chromium: [ERROR:mailbox_manager_sync.cc(317)] MailboxSync: Incompatible attachment
08-23 20:56:59.548 28899 29031 E chromium: [ERROR:mailbox_manager_sync.cc(317)] MailboxSync: Incompatible attachment
08-23 20:56:59.565 28899 29031 E chromium: [ERROR:mailbox_manager_sync.cc(317)] MailboxSync: Incompatible attachment
08-23 20:56:59.565 28899 29031 E chromium: [ERROR:mailbox_manager_sync.cc(317)] MailboxSync: Incompatible attachment
08-23 20:56:59.582 28899 29031 E chromium: [ERROR:mailbox_manager_sync.cc(317)] MailboxSync: Incompatible attachment
08-23 20:56:59.598 28899 29031 E chromium: [ERROR:mailbox_manager_sync.cc(317)] MailboxSync: Incompatible attachment
08-23 20:56:59.615 28899 29031 E chromium: [ERROR:mailbox_manager_sync.cc(317)] MailboxSync: Incompatible attachment
08-23 20:56:59.633 28899 29031 E chromium: [ERROR:mailbox_manager_sync.cc(317)] MailboxSync: Incompatible attachment
08-23 20:56:59.648 28899 29031 E chromium: [ERROR:mailbox_manager_sync.cc(317)] MailboxSync: Incompatible attachment
08-23 20:56:59.648 28899 29031 E chromium: [ERROR:mailbox_manager_sync.cc(317)] MailboxSync: Incompatible attachment
08-23 20:56:59.666 28899 29031 E chromium: [ERROR:mailbox_manager_sync.cc(317)] MailboxSync: Incompatible attachment
08-23 20:56:59.683 28899 29031 E chromium: [ERROR:mailbox_manager_sync.cc(317)] MailboxSync: Incompatible attachment
08-23 20:56:59.696 1994 2003 I art : Background partial concurrent mark sweep GC freed 21317(953KB) AllocSpace objects, 0(0B) LOS objects, 32% free, 33MB/49MB, paused 10.405ms total 348.720ms
08-23 20:56:59.702 28899 29031 E chromium: [ERROR:mailbox_manager_sync.cc(317)] MailboxSync: Incompatible attachment
08-23 20:56:59.732 1994 2174 V NetworkPolicy: updateRuleForRestrictBackgroundLocked(10076): isForeground=true, isBlacklisted=false, isWhitelisted=false, oldRule=0 (NONE), newRule=0 (NONE), newUidRules=0 (NONE), oldUidRules=0 (NONE)
08-23 20:56:59.733 1994 2174 V NetworkPolicy: updateRulesForNonMeteredNetworksLocked(10076), isIdle: false, mRestrictPower: false, mDeviceIdleMode: false, isForeground=true, isWhitelisted=false, oldRule=0 (NONE), newRule=0 (NONE), newUidRules=0 (NONE), oldUidRules=0 (NONE)
08-23 20:56:59.733 28899 29031 E chromium: [ERROR:mailbox_manager_sync.cc(317)] MailboxSync: Incompatible attachment
08-23 20:56:59.737 28899 29031 E chromium: [ERROR:mailbox_manager_sync.cc(317)] MailboxSync: Incompatible attachment
08-23 20:56:59.737 28899 29031 E chromium: [ERROR:mailbox_manager_sync.cc(317)] MailboxSync: Incompatible attachment
08-23 20:56:59.749 28899 29031 E chromium: [ERROR:mailbox_manager_sync.cc(317)] MailboxSync: Incompatible attachment
08-23 20:56:59.756 1994 2174 V NetworkPolicy: updateRuleForRestrictBackgroundLocked(10076): isForeground=false, isBlacklisted=false, isWhitelisted=false, oldRule=0 (NONE), newRule=0 (NONE), newUidRules=0 (NONE), oldUidRules=0 (NONE)
08-23 20:56:59.757 1994 2174 V NetworkPolicy: updateRulesForNonMeteredNetworksLocked(10076), isIdle: false, mRestrictPower: false, mDeviceIdleMode: false, isForeground=false, isWhitelisted=false, oldRule=0 (NONE), newRule=0 (NONE), newUidRules=0 (NONE), oldUidRules=0 (NONE)
08-23 20:56:59.760 28899 29031 E chromium: [ERROR:mailbox_manager_sync.cc(317)] MailboxSync: Incompatible attachment
08-23 20:56:59.784 28899 29031 E chromium: [ERROR:mailbox_manager_sync.cc(317)] MailboxSync: Incompatible attachment
08-23 20:56:59.799 28899 29031 E chromium: [ERROR:mailbox_manager_sync.cc(317)] MailboxSync: Incompatible attachment
08-23 20:56:59.815 28899 29031 E chromium: [ERROR:mailbox_manager_sync.cc(317)] MailboxSync: Incompatible attachment
08-23 20:56:59.815 28899 29031 E chromium: [ERROR:mailbox_manager_sync.cc(317)] MailboxSync: Incompatible attachment
08-23 20:56:59.833 28899 29031 E chromium: [ERROR:mailbox_manager_sync.cc(317)] MailboxSync: Incompatible attachment
08-23 20:56:59.850 28899 29031 E chromium: [ERROR:mailbox_manager_sync.cc(317)] MailboxSync: Incompatible attachment
08-23 20:56:59.866 28899 29031 E chromium: [ERROR:mailbox_manager_sync.cc(317)] MailboxSync: Incompatible attachment
08-23 20:56:59.883 28899 29031 E chromium: [ERROR:mailbox_manager_sync.cc(317)] MailboxSync: Incompatible attachment
08-23 20:56:59.899 28899 29031 E chromium: [ERROR:mailbox_manager_sync.cc(317)] MailboxSync: Incompatible attachment
08-23 20:56:59.900 28899 29031 E chromium: [ERROR:mailbox_manager_sync.cc(317)] MailboxSync: Incompatible attachment
08-23 20:56:59.916 28899 29031 E chromium: [ERROR:mailbox_manager_sync.cc(317)] MailboxSync: Incompatible attachment
08-23 20:56:59.916 28899 29031 E chromium: [ERROR:mailbox_manager_sync.cc(317)] MailboxSync: Incompatible attachment
08-23 20:56:59.933 28899 29031 E chromium: [ERROR:mailbox_manager_sync.cc(317)] MailboxSync: Incompatible attachment
08-23 20:56:59.949 28899 29031 E chromium: [ERROR:mailbox_manager_sync.cc(317)] MailboxSync: Incompatible attachment
08-23 20:56:59.966 28899 29031 E chromium: [ERROR:mailbox_manager_sync.cc(317)] MailboxSync: Incompatible attachment
08-23 20:56:59.984 28899 29031 E chromium: [ERROR:mailbox_manager_sync.cc(317)] MailboxSync: Incompatible attachment
08-23 20:56:59.984 28899 29031 E chromium: [ERROR:mailbox_manager_sync.cc(317)] MailboxSync: Incompatible attachment
08-23 20:56:59.999 28899 29031 E chromium: [ERROR:mailbox_manager_sync.cc(317)] MailboxSync: Incompatible attachment
08-23 20:56:59.999 28899 29031 E chromium: [ERROR:mailbox_manager_sync.cc(317)] MailboxSync: Incompatible attachment
08-23 20:57:00.001 1994 2120 D AlarmManager: sending alarm PendingIntent{a32f8d0: PendingIntentRecord{6380c9 android broadcastIntent}}, i=android.intent.action.TIME_TICK, t=3, cnt=1, w=4440439, Int=0
08-23 20:57:00.002 1994 2120 D PMS : acquireWL(1d5dba5): PARTIAL_WAKE_LOCK *alarm* 0x40000001 1994 1000 WorkSource{1000}
08-23 20:57:00.016 28899 29031 E chromium: [ERROR:mailbox_manager_sync.cc(317)] MailboxSync: Incompatible attachment
08-23 20:57:00.036 28899 29031 E chromium: [ERROR:mailbox_manager_sync.cc(317)] MailboxSync: Incompatible attachment
08-23 20:57:00.051 28899 29031 E chromium: [ERROR:mailbox_manager_sync.cc(317)] MailboxSync: Incompatible attachment
08-23 20:57:00.069 28899 29031 E chromium: [ERROR:mailbox_manager_sync.cc(317)] MailboxSync: Incompatible attachment
08-23 20:57:00.069 28899 29031 E chromium: [ERROR:mailbox_manager_sync.cc(317)] MailboxSync: Incompatible attachment
08-23 20:57:00.090 1994 1994 D PMS : releaseWL(1d5dba5): PARTIAL_WAKE_LOCK *alarm* 0x40000001 WorkSource{1000}
08-23 20:57:00.095 28899 29031 E chromium: [ERROR:mailbox_manager_sync.cc(317)] MailboxSync: Incompatible attachment
08-23 20:57:00.095 28899 29031 E chromium: [ERROR:mailbox_manager_sync.cc(317)] MailboxSync: Incompatible attachment
08-23 20:57:00.098 28899 29031 E chromium: [ERROR:mailbox_manager_sync.cc(317)] MailboxSync: Incompatible attachment
08-23 20:57:00.116 28899 29031 E chromium: [ERROR:mailbox_manager_sync.cc(317)] MailboxSync: Incompatible attachment
08-23 20:57:00.132 28899 29031 E chromium: [ERROR:mailbox_manager_sync.cc(317)] MailboxSync: Incompatible attachment
08-23 20:57:00.148 28899 29031 E chromium: [ERROR:mailbox_manager_sync.cc(317)] MailboxSync: Incompatible attachment
08-23 20:57:00.149 28899 29031 E chromium: [ERROR:mailbox_manager_sync.cc(317)] MailboxSync: Incompatible attachment
08-23 20:57:00.166 28899 29031 E chromium: [ERROR:mailbox_manager_sync.cc(317)] MailboxSync: Incompatible attachment
08-23 20:57:00.167 28899 29031 E chromium: [ERROR:mailbox_manager_sync.cc(317)] MailboxSync: Incompatible attachment
08-23 20:57:00.183 28899 29031 E chromium: [ERROR:mailbox_manager_sync.cc(317)] MailboxSync: Incompatible attachment
08-23 20:57:00.199 28899 29031 E chromium: [ERROR:mailbox_manager_sync.cc(317)] MailboxSync: Incompatible attachment
08-23 20:57:00.217 28899 29031 E chromium: [ERROR:mailbox_manager_sync.cc(317)] MailboxSync: Incompatible attachment
08-23 20:57:00.232 28899 29031 E chromium: [ERROR:mailbox_manager_sync.cc(317)] MailboxSync: Incompatible attachment
08-23 20:57:00.233 28899 29031 E chromium: [ERROR:mailbox_manager_sync.cc(317)] MailboxSync: Incompatible attachment
08-23 20:57:00.249 28899 29031 E chromium: [ERROR:mailbox_manager_sync.cc(317)] MailboxSync: Incompatible attachment
08-23 20:57:00.249 28899 29031 E chromium: [ERROR:mailbox_manager_sync.cc(317)] MailboxSync: Incompatible attachment
08-23 20:57:00.266 28899 29031 E chromium: [ERROR:mailbox_manager_sync.cc(317)] MailboxSync: Incompatible attachment
08-23 20:57:00.284 28899 29031 E chromium: [ERROR:mailbox_manager_sync.cc(317)] MailboxSync: Incompatible attachment
08-23 20:57:00.301 28899 29031 E chromium: [ERROR:mailbox_manager_sync.cc(317)] MailboxSync: Incompatible attachment
08-23 20:57:00.317 28899 29031 E chromium: [ERROR:mailbox_manager_sync.cc(317)] MailboxSync: Incompatible attachment
08-23 20:57:00.317 28899 29031 E chromium: [ERROR:mailbox_manager_sync.cc(317)] MailboxSync: Incompatible attachment
08-23 20:57:00.334 28899 29031 E chromium: [ERROR:mailbox_manager_sync.cc(317)] MailboxSync: Incompatible attachment
08-23 20:57:00.334 28899 29031 E chromium: [ERROR:mailbox_manager_sync.cc(317)] MailboxSync: Incompatible attachment
08-23 20:57:00.349 28899 29031 E chromium: [ERROR:mailbox_manager_sync.cc(317)] MailboxSync: Incompatible attachment
08-23 20:57:00.367 28899 29031 E chromium: [ERROR:mailbox_manager_sync.cc(317)] MailboxSync: Incompatible attachment
08-23 20:57:00.384 28899 29031 E chromium: [ERROR:mailbox_manager_sync.cc(317)] MailboxSync: Incompatible attachment
08-23 20:57:00.397 1994 2032 D BluetoothManagerService: Message: UNKNOWN(401)
08-23 20:57:00.400 28899 29031 E chromium: [ERROR:mailbox_manager_sync.cc(317)] MailboxSync: Incompatible attachment
08-23 20:57:00.400 28899 29031 E chromium: [ERROR:mailbox_manager_sync.cc(317)] MailboxSync: Incompatible attachment
08-23 20:57:00.416 28899 29031 E chromium: [ERROR:mailbox_manager_sync.cc(317)] MailboxSync: Incompatible attachment
08-23 20:57:00.417 28899 29031 E chromium: [ERROR:mailbox_manager_sync.cc(317)] MailboxSync: Incompatible attachment
08-23 20:57:00.432 28899 29031 E chromium: [ERROR:mailbox_manager_sync.cc(317)] MailboxSync: Incompatible attachment
08-23 20:57:00.450 28899 29031 E chromium: [ERROR:mailbox_manager_sync.cc(317)] MailboxSync: Incompatible attachment
08-23 20:57:00.466 28899 29031 E chromium: [ERROR:mailbox_manager_sync.cc(317)] MailboxSync: Incompatible attachment
08-23 20:57:00.484 28899 29031 E chromium: [ERROR:mailbox_manager_sync.cc(317)] MailboxSync: Incompatible attachment
08-23 20:57:00.484 28899 29031 E chromium: [ERROR:mailbox_manager_sync.cc(317)] MailboxSync: Incompatible attachment
08-23 20:57:00.500 28899 29031 E chromium: [ERROR:mailbox_manager_sync.cc(317)] MailboxSync: Incompatible attachment
08-23 20:57:00.500 28899 29031 E chromium: [ERROR:mailbox_manager_sync.cc(317)] MailboxSync: Incompatible attachment
08-23 20:57:00.523 28899 29031 E chromium: [ERROR:mailbox_manager_sync.cc(317)] MailboxSync: Incompatible attachment
08-23 20:57:00.525 28899 29031 E chromium: [ERROR:mailbox_manager_sync.cc(317)] MailboxSync: Incompatible attachment
08-23 20:57:00.549 28899 29031 E chromium: [ERROR:mailbox_manager_sync.cc(317)] MailboxSync: Incompatible attachment
08-23 20:57:00.566 28899 29031 E chromium: [ERROR:mailbox_manager_sync.cc(317)] MailboxSync: Incompatible attachment
08-23 20:57:00.566 28899 29031 E chromium: [ERROR:mailbox_manager_sync.cc(317)] MailboxSync: Incompatible attachment
08-23 20:57:00.573 3088 3088 W pnpmgr : type=1400 audit(0.0:3806): avc: denied { write } for name="dirty_ratio" dev="proc" ino=885536 scontext=u:r:pnpmgr:s0 tcontext=u:object_r:proc_dirty_ratio:s0 tclass=file permissive=0
08-23 20:57:00.590 28899 29031 E chromium: [ERROR:mailbox_manager_sync.cc(317)] MailboxSync: Incompatible attachment
08-23 20:57:00.590 28899 29031 E chromium: [ERROR:mailbox_manager_sync.cc(317)] MailboxSync: Incompatible attachment
08-23 20:57:00.603 28899 29031 E chromium: [ERROR:mailbox_manager_sync.cc(317)] MailboxSync: Incompatible attachment
08-23 20:57:00.617 28899 29031 E chromium: [ERROR:mailbox_manager_sync.cc(317)] MailboxSync: Incompatible attachment
08-23 20:57:00.633 28899 29031 E chromium: [ERROR:mailbox_manager_sync.cc(317)] MailboxSync: Incompatible attachment
08-23 20:57:00.650 28899 29031 E chromium: [ERROR:mailbox_manager_sync.cc(317)] MailboxSync: Incompatible attachment
08-23 20:57:00.650 28899 29031 E chromium: [ERROR:mailbox_manager_sync.cc(317)] MailboxSync: Incompatible attachment
08-23 20:57:00.654 1994 2003 I art : Background partial concurrent mark sweep GC freed 9017(337KB) AllocSpace objects, 0(0B) LOS objects, 32% free, 33MB/49MB, paused 3.538ms total 299.541ms
08-23 20:57:00.666 28899 29031 E chromium: [ERROR:mailbox_manager_sync.cc(317)] MailboxSync: Incompatible attachment
08-23 20:57:00.666 28899 29031 E chromium: [ERROR:mailbox_manager_sync.cc(317)] MailboxSync: Incompatible attachment
08-23 20:57:00.683 28899 29031 E chromium: [ERROR:mailbox_manager_sync.cc(317)] MailboxSync: Incompatible attachment
08-23 20:57:00.700 28899 29031 E chromium: [ERROR:mailbox_manager_sync.cc(317)] MailboxSync: Incompatible attachment
08-23 20:57:00.717 28899 29031 E chromium: [ERROR:mailbox_manager_sync.cc(317)] MailboxSync: Incompatible attachment
08-23 20:57:00.733 28899 29031 E chromium: [ERROR:mailbox_manager_sync.cc(317)] MailboxSync: Incompatible attachment
08-23 20:57:00.733 28899 29031 E chromium: [ERROR:mailbox_manager_sync.cc(317)] MailboxSync: Incompatible attachment
08-23 20:57:00.741 28899 29031 E chromium: [ERROR:mailbox_manager_sync.cc(317)] MailboxSync: Incompatible attachment
08-23 20:57:00.741 28899 29031 E chromium: [ERROR:mailbox_manager_sync.cc(317)] MailboxSync: Incompatible attachment
08-23 20:57:00.767 28899 29031 E chromium: [ERROR:mailbox_manager_sync.cc(317)] MailboxSync: Incompatible attachment
08-23 20:57:00.785 28899 29031 E chromium: [ERROR:mailbox_manager_sync.cc(317)] MailboxSync: Incompatible attachment
08-23 20:57:00.791 2410 2410 D WIFI_ICON: WifiActivity: 0
08-23 20:57:00.792 2410 2410 D StatusBar.NetworkController: dumpIcon[(gone) stat_sys_5signal_2|null stat_sys_wifi_signal_connected_4 (gone) F]
08-23 20:57:00.794 2410 2410 D SignalBarView: onMeasure() desity =3.0 mDefaultDesity=480.0 scale =1.0
08-23 20:57:00.794 2410 2410 D SignalBarView: onMeasure() mLeft != null width =50 height =50
08-23 20:57:00.794 2410 2410 D SignalBarView: onMeasure() desity =3.0 mDefaultDesity=480.0 scale =1.0
08-23 20:57:00.794 2410 2410 D SignalBarView: onMeasure() mLeft != null width =50 height =50
08-23 20:57:00.795 2410 2410 D SignalBarView: onMeasure() desity =3.0 mDefaultDesity=480.0 scale =1.0
08-23 20:57:00.795 2410 2410 D SignalBarView: onMeasure() mLeft != null width =50 height =50
08-23 20:57:00.801 28899 29031 E chromium: [ERROR:mailbox_manager_sync.cc(317)] MailboxSync: Incompatible attachment
08-23 20:57:00.817 28899 29031 E chromium: [ERROR:mailbox_manager_sync.cc(317)] MailboxSync: Incompatible attachment
08-23 20:57:00.817 28899 29031 E chromium: [ERROR:mailbox_manager_sync.cc(317)] MailboxSync: Incompatible attachment
08-23 20:57:00.832 28899 29031 E chromium: [ERROR:mailbox_manager_sync.cc(317)] MailboxSync: Incompatible attachment
08-23 20:57:00.832 28899 29031 E chromium: [ERROR:mailbox_manager_sync.cc(317)] MailboxSync: Incompatible attachment
08-23 20:57:00.833 3088 3088 W pnpmgr : type=1400 audit(0.0:3807): avc: denied { write } for name="dirty_ratio" dev="proc" ino=885536 scontext=u:r:pnpmgr:s0 tcontext=u:object_r:proc_dirty_ratio:s0 tclass=file permissive=0
08-23 20:57:00.855 28899 29031 E chromium: [ERROR:mailbox_manager_sync.cc(317)] MailboxSync: Incompatible attachment
08-23 20:57:00.877 28899 29031 E chromium: [ERROR:mailbox_manager_sync.cc(317)] MailboxSync: Incompatible attachment
08-23 20:57:00.881 28899 29031 E chromium: [ERROR:mailbox_manager_sync.cc(317)] MailboxSync: Incompatible attachment
08-23 20:57:00.881 28899 29031 E chromium: [ERROR:mailbox_manager_sync.cc(317)] MailboxSync: Incompatible attachment
08-23 20:57:00.902 28899 29031 E chromium: [ERROR:mailbox_manager_sync.cc(317)] MailboxSync: Incompatible attachment
08-23 20:57:00.915 28899 29031 E chromium: [ERROR:mailbox_manager_sync.cc(317)] MailboxSync: Incompatible attachment
08-23 20:57:00.916 28899 29031 E chromium: [ERROR:mailbox_manager_sync.cc(317)] MailboxSync: Incompatible attachment
08-23 20:57:00.931 28899 29031 E chromium: [ERROR:mailbox_manager_sync.cc(317)] MailboxSync: Incompatible attachment
08-23 20:57:00.948 28899 29031 E chromium: [ERROR:mailbox_manager_sync.cc(317)] MailboxSync: Incompatible attachment
08-23 20:57:00.966 28899 29031 E chromium: [ERROR:mailbox_manager_sync.cc(317)] MailboxSync: Incompatible attachment
08-23 20:57:00.966 28899 29031 E chromium: [ERROR:mailbox_manager_sync.cc(317)] MailboxSync: Incompatible attachment
08-23 20:57:00.981 28899 29031 E chromium: [ERROR:mailbox_manager_sync.cc(317)] MailboxSync: Incompatible attachment
08-23 20:57:00.999 28899 29031 E chromium: [ERROR:mailbox_manager_sync.cc(317)] MailboxSync: Incompatible attachment
08-23 20:57:00.999 28899 29031 E chromium: [ERROR:mailbox_manager_sync.cc(317)] MailboxSync: Incompatible attachment
08-23 20:57:01.016 28899 29031 E chromium: [ERROR:mailbox_manager_sync.cc(317)] MailboxSync: Incompatible attachment
08-23 20:57:01.032 28899 29031 E chromium: [ERROR:mailbox_manager_sync.cc(317)] MailboxSync: Incompatible attachment
08-23 20:57:01.049 28899 29031 E chromium: [ERROR:mailbox_manager_sync.cc(317)] MailboxSync: Incompatible attachment
08-23 20:57:01.050 28899 29031 E chromium: [ERROR:mailbox_manager_sync.cc(317)] MailboxSync: Incompatible attachment
08-23 20:57:01.066 28899 29031 E chromium: [ERROR:mailbox_manager_sync.cc(317)] MailboxSync: Incompatible attachment
08-23 20:57:01.083 28899 29031 E chromium: [ERROR:mailbox_manager_sync.cc(317)] MailboxSync: Incompatible attachment
08-23 20:57:01.083 28899 29031 E chromium: [ERROR:mailbox_manager_sync.cc(317)] MailboxSync: Incompatible attachment
08-23 20:57:01.101 28899 29031 E chromium: [ERROR:mailbox_manager_sync.cc(317)] MailboxSync: Incompatible attachment
08-23 20:57:01.116 28899 29031 E chromium: [ERROR:mailbox_manager_sync.cc(317)] MailboxSync: Incompatible attachment
08-23 20:57:01.133 28899 29031 E chromium: [ERROR:mailbox_manager_sync.cc(317)] MailboxSync: Incompatible attachment
08-23 20:57:01.133 28899 29031 E chromium: [ERROR:mailbox_manager_sync.cc(317)] MailboxSync: Incompatible attachment
08-23 20:57:01.149 28899 29031 E chromium: [ERROR:mailbox_manager_sync.cc(317)] MailboxSync: Incompatible attachment
08-23 20:57:01.166 28899 29031 E chromium: [ERROR:mailbox_manager_sync.cc(317)] MailboxSync: Incompatible attachment
08-23 20:57:01.166 28899 29031 E chromium: [ERROR:mailbox_manager_sync.cc(317)] MailboxSync: Incompatible attachment
08-23 20:57:01.184 28899 29031 E chromium: [ERROR:mailbox_manager_sync.cc(317)] MailboxSync: Incompatible attachment
08-23 20:57:01.200 28899 29031 E chromium: [ERROR:mailbox_manager_sync.cc(317)] MailboxSync: Incompatible attachment
08-23 20:57:01.216 28899 29031 E chromium: [ERROR:mailbox_manager_sync.cc(317)] MailboxSync: Incompatible attachment
08-23 20:57:01.216 28899 29031 E chromium: [ERROR:mailbox_manager_sync.cc(317)] MailboxSync: Incompatible attachment
08-23 20:57:01.233 28899 29031 E chromium: [ERROR:mailbox_manager_sync.cc(317)] MailboxSync: Incompatible attachment
08-23 20:57:01.250 28899 29031 E chromium: [ERROR:mailbox_manager_sync.cc(317)] MailboxSync: Incompatible attachment
08-23 20:57:01.250 28899 29031 E chromium: [ERROR:mailbox_manager_sync.cc(317)] MailboxSync: Incompatible attachment
08-23 20:57:01.270 28899 29031 E chromium: [ERROR:mailbox_manager_sync.cc(317)] MailboxSync: Incompatible attachment
08-23 20:57:01.283 28899 29031 E chromium: [ERROR:mailbox_manager_sync.cc(317)] MailboxSync: Incompatible attachment
08-23 20:57:01.299 28899 29031 E chromium: [ERROR:mailbox_manager_sync.cc(317)] MailboxSync: Incompatible attachment
08-23 20:57:01.299 28899 29031 E chromium: [ERROR:mailbox_manager_sync.cc(317)] MailboxSync: Incompatible attachment
08-23 20:57:01.316 28899 29031 E chromium: [ERROR:mailbox_manager_sync.cc(317)] MailboxSync: Incompatible attachment
08-23 20:57:01.334 28899 29031 E chromium: [ERROR:mailbox_manager_sync.cc(317)] MailboxSync: Incompatible attachment
08-23 20:57:01.334 28899 29031 E chromium: [ERROR:mailbox_manager_sync.cc(317)] MailboxSync: Incompatible attachment
08-23 20:57:01.350 28899 29031 E chromium: [ERROR:mailbox_manager_sync.cc(317)] MailboxSync: Incompatible attachment
08-23 20:57:01.369 28899 29031 E chromium: [ERROR:mailbox_manager_sync.cc(317)] MailboxSync: Incompatible attachment
08-23 20:57:01.375 2410 2410 D TelephonyCallback: SignalStrength: 2
08-23 20:57:01.383 28899 29031 E chromium: [ERROR:mailbox_manager_sync.cc(317)] MailboxSync: Incompatible attachment
08-23 20:57:01.383 28899 29031 E chromium: [ERROR:mailbox_manager_sync.cc(317)] MailboxSync: Incompatible attachment
08-23 20:57:01.387 2410 2410 D SIGNAL_ICON: level=2/5
08-23 20:57:01.387 2410 2410 D StatusBar.NetworkController: dumpIcon[(gone) stat_sys_5signal_2|null stat_sys_wifi_signal_connected_4 (gone) F]
08-23 20:57:01.399 28899 29031 E chromium: [ERROR:mailbox_manager_sync.cc(317)] MailboxSync: Incompatible attachment
08-23 20:57:01.416 28899 29031 E chromium: [ERROR:mailbox_manager_sync.cc(317)] MailboxSync: Incompatible attachment
08-23 20:57:01.416 28899 29031 E chromium: [ERROR:mailbox_manager_sync.cc(317)] MailboxSync: Incompatible attachment
08-23 20:57:01.433 28899 29031 E chromium: [ERROR:mailbox_manager_sync.cc(317)] MailboxSync: Incompatible attachment
08-23 20:57:01.450 28899 29031 E chromium: [ERROR:mailbox_manager_sync.cc(317)] MailboxSync: Incompatible attachment
08-23 20:57:01.456 28899 29031 E chromium: [ERROR:mailbox_manager_sync.cc(317)] MailboxSync: Incompatible attachment
08-23 20:57:01.456 28899 29031 E chromium: [ERROR:mailbox_manager_sync.cc(317)] MailboxSync: Incompatible attachment
08-23 20:57:01.485 28899 29031 E chromium: [ERROR:mailbox_manager_sync.cc(317)] MailboxSync: Incompatible attachment
08-23 20:57:01.500 28899 29031 E chromium: [ERROR:mailbox_manager_sync.cc(317)] MailboxSync: Incompatible attachment
08-23 20:57:01.500 28899 29031 E chromium: [ERROR:mailbox_manager_sync.cc(317)] MailboxSync: Incompatible attachment
08-23 20:57:01.516 28899 29031 E chromium: [ERROR:mailbox_manager_sync.cc(317)] MailboxSync: Incompatible attachment
08-23 20:57:01.534 28899 29031 E chromium: [ERROR:mailbox_manager_sync.cc(317)] MailboxSync: Incompatible attachment
08-23 20:57:01.541 28899 29031 E chromium: [ERROR:mailbox_manager_sync.cc(317)] MailboxSync: Incompatible attachment
08-23 20:57:01.542 28899 29031 E chromium: [ERROR:mailbox_manager_sync.cc(317)] MailboxSync: Incompatible attachment
08-23 20:57:01.553 1994 2003 I art : Background partial concurrent mark sweep GC freed 6894(251KB) AllocSpace objects, 0(0B) LOS objects, 32% free, 33MB/49MB, paused 5.320ms total 325.798ms
08-23 20:57:01.567 28899 29031 E chromium: [ERROR:mailbox_manager_sync.cc(317)] MailboxSync: Incompatible attachment
