08-23 20:57:41.274 29908 29950 D BillingHelper: onBillingSetupFinished: Thread[SS-global-single-thread,5,main]
08-23 20:57:41.281 23613 23624 I Finsky : [1653] com.google.android.finsky.billing.iab.aj.b(29): com.mobilesrepublic.appy: Account determined from installer data - [jVeHPc0iL-ez5YNxQSw_k_VwDw0]
08-23 20:57:41.282 23613 23624 I Finsky : [1653] com.google.android.finsky.billing.iab.aj.b(32): com.mobilesrepublic.appy: Account from preferred account - [jVeHPc0iL-ez5YNxQSw_k_VwDw0]
08-23 20:57:41.288 29908 29950 D BillingHelper: query In App Purchases: 0 0
08-23 20:57:41.294 23613 23625 I Finsky : [1654] com.google.android.finsky.billing.iab.aj.b(29): com.mobilesrepublic.appy: Account determined from installer data - [jVeHPc0iL-ez5YNxQSw_k_VwDw0]
08-23 20:57:41.295 23613 23625 I Finsky : [1654] com.google.android.finsky.billing.iab.aj.b(32): com.mobilesrepublic.appy: Account from preferred account - [jVeHPc0iL-ez5YNxQSw_k_VwDw0]
08-23 20:57:41.304 29908 29950 D BillingHelper: query Subs Purchases: 0 0
08-23 20:57:41.313 29908 29950 D BillingHelper: onSubscribeResult: false
08-23 20:57:41.327 29908 30002 D BLINKFEED_DEBUG: debug enabled
08-23 20:57:41.327 29908 30002 D BlinkFeedPluginService: Got BI, count:0
08-23 20:57:41.329 3110 29907 D SocialManagerService: handling plugin: com.mobilesrepublic.appy set result in bg
08-23 20:57:41.329 3110 29907 I SocialManagerService: remove account type: com.mobilesrepublic.appy from process map!
08-23 20:57:41.329 3110 29907 I SocialManagerService: remove process: com.mobilesrepublic.appy from process map!
08-23 20:57:41.334 3110 29907 V SocialManagerService: on plugin completed! plugin session type com.mobilesrepublic.appy
08-23 20:57:41.334 3110 29907 I SocialManagerService: onSessionCompleted
08-23 20:57:41.356 29908 29990 I AppOldLog: start with last session 5bfa8152-4e62-4e9c-b9c3-1e4d21abf1e0
08-23 20:57:41.366 1994 3576 I ActivityManager: Killing 28719:com.htc.home.personalize/1000 (adj 906): empty #17
08-23 20:57:41.366 1994 3576 D Process : killProcessQuiet, pid=28719
08-23 20:57:41.367 1994 3576 D Process : com.android.server.am.ProcessRecord.kill:630 com.android.server.am.ActivityManagerService.updateOomAdjLocked:21773 com.android.server.am.ActivityManagerService.updateOomAdjLocked:21608
08-23 20:57:41.372 1994 2174 V NetworkPolicy: updateRuleForRestrictBackgroundLocked(10109): isForeground=false, isBlacklisted=false, isWhitelisted=false, oldRule=0 (NONE), newRule=0 (NONE), newUidRules=0 (NONE), oldUidRules=0 (NONE)
08-23 20:57:41.372 29908 29950 D EventBus: No subscribers registered for event class com.ss.android.application.app.d.b
08-23 20:57:41.373 1994 2174 V NetworkPolicy: updateRulesForNonMeteredNetworksLocked(10109), isIdle: false, mRestrictPower: false, mDeviceIdleMode: false, isForeground=false, isWhitelisted=false, oldRule=0 (NONE), newRule=0 (NONE), newUidRules=0 (NONE), oldUidRules=0 (NONE)
08-23 20:57:41.373 29908 29950 D EventBus: No subscribers registered for event class org.greenrobot.eventbus.f
08-23 20:57:41.373 1994 2174 V NetworkPolicy: updateRuleForRestrictBackgroundLocked(10054): isForeground=false, isBlacklisted=false, isWhitelisted=false, oldRule=0 (NONE), newRule=0 (NONE), newUidRules=0 (NONE), oldUidRules=0 (NONE)
08-23 20:57:41.373 1994 2174 V NetworkPolicy: updateRulesForNonMeteredNetworksLocked(10054), isIdle: false, mRestrictPower: false, mDeviceIdleMode: false, isForeground=false, isWhitelisted=false, oldRule=0 (NONE), newRule=0 (NONE), newUidRules=0 (NONE), oldUidRules=0 (NONE)
08-23 20:57:41.429 1994 3576 I ActivityManager: Recipient 28719
08-23 20:57:41.429 1994 3576 D ActivityManager: cleanUpApplicationRecord -- 28719
08-23 20:57:41.487 29908 29999 W System.err: java.io.FileNotFoundException: /storage/emulated/0/Android/data/com.snssdk.api/bytedance/device_parameters.dat: open failed: EACCES (Permission denied)
08-23 20:57:41.491 29908 29999 W System.err: at libcore.io.IoBridge.open(IoBridge.java:455)
08-23 20:57:41.491 29908 29999 W System.err: at java.io.RandomAccessFile.(RandomAccessFile.java:247)
08-23 20:57:41.492 29908 29999 W System.err: at com.ss.android.deviceregister.core.cache.a.d.c(ExternalDirectoryCacheHelper.java:110)
08-23 20:57:41.492 29908 29999 W System.err: at com.ss.android.deviceregister.core.cache.a.d.a(ExternalDirectoryCacheHelper.java:71)
08-23 20:57:41.493 29908 29999 W System.err: at com.ss.android.deviceregister.core.cache.a.b$6.a(CacheHelper.java:229)
08-23 20:57:41.494 29908 29999 W System.err: at com.ss.android.deviceregister.core.cache.a.b$6.b(CacheHelper.java:226)
08-23 20:57:41.494 29908 29999 W System.err: at com.ss.android.deviceregister.core.cache.a.b.a(CacheHelper.java:266)
08-23 20:57:41.494 29908 29999 W System.err: at com.ss.android.deviceregister.core.cache.a.b.f(CacheHelper.java:255)
08-23 20:57:41.494 29908 29999 W System.err: at com.ss.android.deviceregister.core.cache.a.b$6.a(CacheHelper.java:247)
08-23 20:57:41.494 29908 29999 W System.err: at com.ss.android.deviceregister.core.cache.a.b$6.a(CacheHelper.java:226)
08-23 20:57:41.494 29908 29999 W System.err: at com.ss.android.deviceregister.core.cache.a.b.a(CacheHelper.java:275)
08-23 20:57:41.494 29908 29999 W System.err: at com.ss.android.deviceregister.core.cache.a.b.f(CacheHelper.java:255)
08-23 20:57:41.494 29908 29999 W System.err: at com.ss.android.deviceregister.core.cache.a.b$6.a(CacheHelper.java:247)
08-23 20:57:41.494 29908 29999 W System.err: at com.ss.android.deviceregister.core.cache.a.b$6.a(CacheHelper.java:226)
08-23 20:57:41.494 29908 29999 W System.err: at com.ss.android.deviceregister.core.cache.a.b.a(CacheHelper.java:275)
08-23 20:57:41.494 29908 29999 W System.err: at com.ss.android.deviceregister.core.cache.a.b.f(CacheHelper.java:255)
08-23 20:57:41.494 29908 29999 W System.err: at com.ss.android.deviceregister.core.cache.a.b$6.a(CacheHelper.java:247)
08-23 20:57:41.494 29908 29999 W System.err: at com.ss.android.deviceregister.core.cache.a.b$6.a(CacheHelper.java:226)
08-23 20:57:41.494 29908 29999 W System.err: at com.ss.android.deviceregister.core.cache.a.b.a(CacheHelper.java:275)
08-23 20:57:41.494 29908 29999 W System.err: at com.ss.android.deviceregister.core.cache.a.b.f(CacheHelper.java:255)
08-23 20:57:41.494 29908 29999 W System.err: at com.ss.android.deviceregister.core.cache.b.a(DeviceParamsProvider.java:319)
08-23 20:57:41.494 29908 29999 W System.err: at com.ss.android.deviceregister.core.b.c(RegisterServiceController.java:162)
08-23 20:57:41.494 29908 29999 W System.err: at com.ss.android.deviceregister.core.b.r(RegisterServiceController.java:140)
08-23 20:57:41.494 29908 29999 W System.err: at com.ss.android.deviceregister.core.b.a(RegisterServiceController.java:111)
08-23 20:57:41.494 29908 29999 W System.err: at com.ss.android.deviceregister.a.(DeviceRegisterManager.java:114)
08-23 20:57:41.494 29908 29999 W System.err: at com.ss.android.deviceregister.a.a(DeviceRegisterManager.java:51)
08-23 20:57:41.494 29908 29999 W System.err: at com.ss.android.common.applog.AppLog.I(AppLog.java:4073)
08-23 20:57:41.494 29908 29999 W System.err: at com.ss.android.common.applog.AppLog.a(AppLog.java:83)
08-23 20:57:41.495 29908 29999 W System.err: at com.ss.android.common.applog.AppLog$b.run(AppLog.java:4131)
08-23 20:57:41.513 29908 29999 W System.err: Caused by: android.system.ErrnoException: open failed: EACCES (Permission denied)
08-23 20:57:41.513 29908 29999 W System.err: at libcore.io.Posix.open(Native Method)
08-23 20:57:41.514 29908 29999 W System.err: at libcore.io.BlockGuardOs.open(BlockGuardOs.java:187)
08-23 20:57:41.514 29908 29999 W System.err: at libcore.io.IoBridge.open(IoBridge.java:441)
08-23 20:57:41.514 29908 29999 W System.err: ... 28 more
08-23 20:57:41.515 29908 29999 W System.err: java.io.FileNotFoundException: /storage/emulated/0/bytedance/device_parameters.dat: open failed: EACCES (Permission denied)
08-23 20:57:41.515 29908 29999 W System.err: at libcore.io.IoBridge.open(IoBridge.java:455)
08-23 20:57:41.515 29908 29999 W System.err: at java.io.RandomAccessFile.(RandomAccessFile.java:247)
08-23 20:57:41.515 29908 29999 W System.err: at com.ss.android.deviceregister.core.cache.a.d.c(ExternalDirectoryCacheHelper.java:110)
08-23 20:57:41.515 29908 29999 W System.err: at com.ss.android.deviceregister.core.cache.a.d.a(ExternalDirectoryCacheHelper.java:71)
08-23 20:57:41.515 29908 29999 W System.err: at com.ss.android.deviceregister.core.cache.a.b$6.a(CacheHelper.java:229)
08-23 20:57:41.515 29908 29999 W System.err: at com.ss.android.deviceregister.core.cache.a.b$6.b(CacheHelper.java:226)
08-23 20:57:41.515 29908 29999 W System.err: at com.ss.android.deviceregister.core.cache.a.b.a(CacheHelper.java:266)
08-23 20:57:41.515 29908 29999 W System.err: at com.ss.android.deviceregister.core.cache.a.b.f(CacheHelper.java:255)
08-23 20:57:41.515 29908 29999 W System.err: at com.ss.android.deviceregister.core.cache.a.b$6.a(CacheHelper.java:247)
08-23 20:57:41.515 29908 29999 W System.err: at com.ss.android.deviceregister.core.cache.a.b$6.a(CacheHelper.java:226)
08-23 20:57:41.515 29908 29999 W System.err: at com.ss.android.deviceregister.core.cache.a.b.a(CacheHelper.java:275)
08-23 20:57:41.515 29908 29999 W System.err: at com.ss.android.deviceregister.core.cache.a.b.f(CacheHelper.java:255)
08-23 20:57:41.515 29908 29999 W System.err: at com.ss.android.deviceregister.core.cache.a.b$6.a(CacheHelper.java:247)
08-23 20:57:41.515 29908 29999 W System.err: at com.ss.android.deviceregister.core.cache.a.b$6.a(CacheHelper.java:226)
08-23 20:57:41.516 29908 29999 W System.err: at com.ss.android.deviceregister.core.cache.a.b.a(CacheHelper.java:275)
08-23 20:57:41.516 29908 29999 W System.err: at com.ss.android.deviceregister.core.cache.a.b.f(CacheHelper.java:255)
08-23 20:57:41.516 29908 29999 W System.err: at com.ss.android.deviceregister.core.cache.a.b$6.a(CacheHelper.java:247)
08-23 20:57:41.516 29908 29999 W System.err: at com.ss.android.deviceregister.core.cache.a.b$6.a(CacheHelper.java:226)
08-23 20:57:41.516 29908 29999 W System.err: at com.ss.android.deviceregister.core.cache.a.b.a(CacheHelper.java:275)
08-23 20:57:41.516 29908 29999 W System.err: at com.ss.android.deviceregister.core.cache.a.b.f(CacheHelper.java:255)
08-23 20:57:41.516 29908 29999 W System.err: at com.ss.android.deviceregister.core.cache.a.b$6.a(CacheHelper.java:247)
08-23 20:57:41.516 29908 29999 W System.err: at com.ss.android.deviceregister.core.cache.a.b$6.a(CacheHelper.java:226)
08-23 20:57:41.516 29908 29999 W System.err: at com.ss.android.deviceregister.core.cache.a.b.a(CacheHelper.java:275)
08-23 20:57:41.516 29908 29999 W System.err: at com.ss.android.deviceregister.core.cache.a.b.f(CacheHelper.java:255)
08-23 20:57:41.516 29908 29999 W System.err: at com.ss.android.deviceregister.core.cache.b.a(DeviceParamsProvider.java:319)
08-23 20:57:41.516 29908 29999 W System.err: at com.ss.android.deviceregister.core.b.c(RegisterServiceController.java:162)
08-23 20:57:41.516 29908 29999 W System.err: at com.ss.android.deviceregister.core.b.r(RegisterServiceController.java:140)
08-23 20:57:41.516 29908 29999 W System.err: at com.ss.android.deviceregister.core.b.a(RegisterServiceController.java:111)
08-23 20:57:41.516 29908 29999 W System.err: at com.ss.android.deviceregister.a.(DeviceRegisterManager.java:114)
08-23 20:57:41.516 29908 29999 W System.err: at com.ss.android.deviceregister.a.a(DeviceRegisterManager.java:51)
08-23 20:57:41.516 29908 29999 W System.err: at com.ss.android.common.applog.AppLog.I(AppLog.java:4073)
08-23 20:57:41.516 29908 29999 W System.err: at com.ss.android.common.applog.AppLog.a(AppLog.java:83)
08-23 20:57:41.516 29908 29999 W System.err: at com.ss.android.common.applog.AppLog$b.run(AppLog.java:4131)
08-23 20:57:41.517 29908 29999 W System.err: Caused by: android.system.ErrnoException: open failed: EACCES (Permission denied)
08-23 20:57:41.517 29908 29999 W System.err: at libcore.io.Posix.open(Native Method)
08-23 20:57:41.517 29908 29999 W System.err: at libcore.io.BlockGuardOs.open(BlockGuardOs.java:187)
08-23 20:57:41.517 29908 29999 W System.err: at libcore.io.IoBridge.open(IoBridge.java:441)
08-23 20:57:41.517 29908 29999 W System.err: ... 32 more
08-23 20:57:41.518 29908 29999 W System.err: java.io.FileNotFoundException: /storage/emulated/0/bytedance/device_parameters.dat: open failed: EACCES (Permission denied)
08-23 20:57:41.518 29908 29999 W System.err: at libcore.io.IoBridge.open(IoBridge.java:455)
08-23 20:57:41.518 29908 29999 W System.err: at java.io.RandomAccessFile.(RandomAccessFile.java:247)
08-23 20:57:41.518 29908 29999 W System.err: at com.ss.android.deviceregister.core.cache.a.d.c(ExternalDirectoryCacheHelper.java:110)
08-23 20:57:41.518 29908 29999 W System.err: at com.ss.android.deviceregister.core.cache.a.d.g(ExternalDirectoryCacheHelper.java:176)
08-23 20:57:41.518 29908 29999 W System.err: at com.ss.android.deviceregister.core.cache.a.d.a(ExternalDirectoryCacheHelper.java:62)
08-23 20:57:41.518 29908 29999 W System.err: at com.ss.android.deviceregister.core.cache.a.b$6.b(CacheHelper.java:239)
08-23 20:57:41.519 29908 29999 W System.err: at com.ss.android.deviceregister.core.cache.a.b$6.a(CacheHelper.java:226)
08-23 20:57:41.519 29908 29999 W System.err: at com.ss.android.deviceregister.core.cache.a.b.a(CacheHelper.java:289)
08-23 20:57:41.519 29908 29999 W System.err: at com.ss.android.deviceregister.core.cache.a.b.f(CacheHelper.java:255)
08-23 20:57:41.519 29908 29999 W System.err: at com.ss.android.deviceregister.core.cache.a.b$6.a(CacheHelper.java:247)
08-23 20:57:41.519 29908 29999 W System.err: at com.ss.android.deviceregister.core.cache.a.b$6.a(CacheHelper.java:226)
08-23 20:57:41.519 29908 29999 W System.err: at com.ss.android.deviceregister.core.cache.a.b.a(CacheHelper.java:275)
08-23 20:57:41.519 29908 29999 W System.err: at com.ss.android.deviceregister.core.cache.a.b.f(CacheHelper.java:255)
08-23 20:57:41.519 29908 29999 W System.err: at com.ss.android.deviceregister.core.cache.a.b$6.a(CacheHelper.java:247)
08-23 20:57:41.519 29908 29999 W System.err: at com.ss.android.deviceregister.core.cache.a.b$6.a(CacheHelper.java:226)
08-23 20:57:41.519 29908 29999 W System.err: at com.ss.android.deviceregister.core.cache.a.b.a(CacheHelper.java:275)
08-23 20:57:41.519 29908 29999 W System.err: at com.ss.android.deviceregister.core.cache.a.b.f(CacheHelper.java:255)
08-23 20:57:41.519 29908 29999 W System.err: at com.ss.android.deviceregister.core.cache.a.b$6.a(CacheHelper.java:247)
08-23 20:57:41.519 29908 29999 W System.err: at com.ss.android.deviceregister.core.cache.a.b$6.a(CacheHelper.java:226)
08-23 20:57:41.519 29908 29999 W System.err: at com.ss.android.deviceregister.core.cache.a.b.a(CacheHelper.java:275)
08-23 20:57:41.519 29908 29999 W System.err: at com.ss.android.deviceregister.core.cache.a.b.f(CacheHelper.java:255)
08-23 20:57:41.519 29908 29999 W System.err: at com.ss.android.deviceregister.core.cache.a.b$6.a(CacheHelper.java:247)
08-23 20:57:41.519 29908 29999 W System.err: at com.ss.android.deviceregister.core.cache.a.b$6.a(CacheHelper.java:226)
08-23 20:57:41.519 29908 29999 W System.err: at com.ss.android.deviceregister.core.cache.a.b.a(CacheHelper.java:275)
08-23 20:57:41.519 29908 29999 W System.err: at com.ss.android.deviceregister.core.cache.a.b.f(CacheHelper.java:255)
08-23 20:57:41.519 29908 29999 W System.err: at com.ss.android.deviceregister.core.cache.b.a(DeviceParamsProvider.java:319)
08-23 20:57:41.519 29908 29999 W System.err: at com.ss.android.deviceregister.core.b.c(RegisterServiceController.java:162)
08-23 20:57:41.519 29908 29999 W System.err: at com.ss.android.deviceregister.core.b.r(RegisterServiceController.java:140)
08-23 20:57:41.519 29908 29999 W System.err: at com.ss.android.deviceregister.core.b.a(RegisterServiceController.java:111)
08-23 20:57:41.520 29908 29999 W System.err: at com.ss.android.deviceregister.a.(DeviceRegisterManager.java:114)
08-23 20:57:41.520 29908 29999 W System.err: at com.ss.android.deviceregister.a.a(DeviceRegisterManager.java:51)
08-23 20:57:41.520 29908 29999 W System.err: at com.ss.android.common.applog.AppLog.I(AppLog.java:4073)
08-23 20:57:41.520 29908 29999 W System.err: at com.ss.android.common.applog.AppLog.a(AppLog.java:83)
08-23 20:57:41.520 29908 29999 W System.err: at com.ss.android.common.applog.AppLog$b.run(AppLog.java:4131)
08-23 20:57:41.520 29908 29999 W System.err: Caused by: android.system.ErrnoException: open failed: EACCES (Permission denied)
08-23 20:57:41.520 29908 29999 W System.err: at libcore.io.Posix.open(Native Method)
08-23 20:57:41.520 29908 29999 W System.err: at libcore.io.BlockGuardOs.open(BlockGuardOs.java:187)
08-23 20:57:41.520 29908 29999 W System.err: at libcore.io.IoBridge.open(IoBridge.java:441)
08-23 20:57:41.520 29908 29999 W System.err: ... 33 more
08-23 20:57:41.572 29908 29999 W System.err: java.io.FileNotFoundException: /storage/emulated/0/Android/data/com.snssdk.api/bytedance/device_parameters.dat: open failed: EACCES (Permission denied)
08-23 20:57:41.572 29908 29999 W System.err: at libcore.io.IoBridge.open(IoBridge.java:455)
08-23 20:57:41.572 29908 29999 W System.err: at java.io.RandomAccessFile.(RandomAccessFile.java:247)
08-23 20:57:41.572 29908 29999 W System.err: at com.ss.android.deviceregister.core.cache.a.d.c(ExternalDirectoryCacheHelper.java:110)
08-23 20:57:41.572 29908 29999 W System.err: at com.ss.android.deviceregister.core.cache.a.d.g(ExternalDirectoryCacheHelper.java:176)
08-23 20:57:41.572 29908 29999 W System.err: at com.ss.android.deviceregister.core.cache.a.d.a(ExternalDirectoryCacheHelper.java:62)
08-23 20:57:41.572 29908 29999 W System.err: at com.ss.android.deviceregister.core.cache.a.b$6.b(CacheHelper.java:239)
08-23 20:57:41.572 29908 29999 W System.err: at com.ss.android.deviceregister.core.cache.a.b$6.a(CacheHelper.java:226)
08-23 20:57:41.572 29908 29999 W System.err: at com.ss.android.deviceregister.core.cache.a.b.a(CacheHelper.java:277)
08-23 20:57:41.573 29908 29999 W System.err: at com.ss.android.deviceregister.core.cache.a.b.f(CacheHelper.java:255)
08-23 20:57:41.573 29908 29999 W System.err: at com.ss.android.deviceregister.core.cache.a.b$6.a(CacheHelper.java:247)
08-23 20:57:41.573 29908 29999 W System.err: at com.ss.android.deviceregister.core.cache.a.b$6.a(CacheHelper.java:226)
08-23 20:57:41.573 29908 29999 W System.err: at com.ss.android.deviceregister.core.cache.a.b.a(CacheHelper.java:275)
08-23 20:57:41.573 29908 29999 W System.err: at com.ss.android.deviceregister.core.cache.a.b.f(CacheHelper.java:255)
08-23 20:57:41.573 29908 29999 W System.err: at com.ss.android.deviceregister.core.cache.a.b$6.a(CacheHelper.java:247)
08-23 20:57:41.573 29908 29999 W System.err: at com.ss.android.deviceregister.core.cache.a.b$6.a(CacheHelper.java:226)
08-23 20:57:41.573 29908 29999 W System.err: at com.ss.android.deviceregister.core.cache.a.b.a(CacheHelper.java:275)
08-23 20:57:41.573 29908 29999 W System.err: at com.ss.android.deviceregister.core.cache.a.b.f(CacheHelper.java:255)
08-23 20:57:41.573 29908 29999 W System.err: at com.ss.android.deviceregister.core.cache.a.b$6.a(CacheHelper.java:247)
08-23 20:57:41.573 29908 29999 W System.err: at com.ss.android.deviceregister.core.cache.a.b$6.a(CacheHelper.java:226)
08-23 20:57:41.573 29908 29999 W System.err: at com.ss.android.deviceregister.core.cache.a.b.a(CacheHelper.java:275)
08-23 20:57:41.573 29908 29999 W System.err: at com.ss.android.deviceregister.core.cache.a.b.f(CacheHelper.java:255)
08-23 20:57:41.573 29908 29999 W System.err: at com.ss.android.deviceregister.core.cache.b.a(DeviceParamsProvider.java:319)
08-23 20:57:41.573 29908 29999 W System.err: at com.ss.android.deviceregister.core.b.c(RegisterServiceController.java:162)
08-23 20:57:41.573 29908 29999 W System.err: at com.ss.android.deviceregister.core.b.r(RegisterServiceController.java:140)
08-23 20:57:41.573 29908 29999 W System.err: at com.ss.android.deviceregister.core.b.a(RegisterServiceController.java:111)
08-23 20:57:41.573 29908 29999 W System.err: at com.ss.android.deviceregister.a.(DeviceRegisterManager.java:114)
08-23 20:57:41.573 29908 29999 W System.err: at com.ss.android.deviceregister.a.a(DeviceRegisterManager.java:51)
08-23 20:57:41.573 29908 29999 W System.err: at com.ss.android.common.applog.AppLog.I(AppLog.java:4073)
08-23 20:57:41.573 29908 29999 W System.err: at com.ss.android.common.applog.AppLog.a(AppLog.java:83)
08-23 20:57:41.573 29908 29999 W System.err: at com.ss.android.common.applog.AppLog$b.run(AppLog.java:4131)
08-23 20:57:41.574 29908 29999 W System.err: Caused by: android.system.ErrnoException: open failed: EACCES (Permission denied)
08-23 20:57:41.574 29908 29999 W System.err: at libcore.io.Posix.open(Native Method)
08-23 20:57:41.574 29908 29999 W System.err: at libcore.io.BlockGuardOs.open(BlockGuardOs.java:187)
08-23 20:57:41.574 29908 29999 W System.err: at libcore.io.IoBridge.open(IoBridge.java:441)
08-23 20:57:41.574 29908 29999 W System.err: ... 29 more
08-23 20:57:41.632 29908 29972 I Thread : new Thread:SS-immediate-12
08-23 20:57:41.665 1994 2003 I art : Background partial concurrent mark sweep GC freed 11992(530KB) AllocSpace objects, 2(40KB) LOS objects, 32% free, 33MB/49MB, paused 3.610ms total 277.305ms
08-23 20:57:41.673 29908 29999 I System : exec(getprop ro.build.version.emui @ com.ss.android.common.util.d.b)
08-23 20:57:41.736 29908 29999 I System : exec(getprop ro.build.version.emui @ com.ss.android.common.util.d.b)
08-23 20:57:41.755 29908 29928 W art : Suspending all threads took: 7.459ms
08-23 20:57:41.775 29908 29999 I System : exec(getprop ro.build.version.emui @ com.ss.android.common.util.d.b)
08-23 20:57:41.819 29908 29999 I System : exec(getprop ro.vivo.os.build.display.id @ com.ss.android.deviceregister.b.d.a)
08-23 20:57:41.856 29908 29999 I System : exec(getprop ro.letv.release.version @ com.ss.android.deviceregister.b.d.a)
08-23 20:57:41.896 29908 29999 D getDeviceId: GLOBAL DEVICEID
08-23 20:57:41.906 29908 29999 W System.err: java.lang.SecurityException: getActiveSubscriptionInfoList: Neither user 10109 nor current process has android.permission.READ_PHONE_STATE.
08-23 20:57:41.910 29908 29999 W System.err: at android.os.Parcel.readException(Parcel.java:1692)
08-23 20:57:41.910 29908 29999 W System.err: at android.os.Parcel.readException(Parcel.java:1645)
08-23 20:57:41.910 29908 29999 W System.err: at com.android.internal.telephony.ISub$Stub$Proxy.getActiveSubscriptionInfoList(ISub.java:571)
08-23 20:57:41.910 29908 29999 W System.err: at android.telephony.SubscriptionManager.getActiveSubscriptionInfoList(SubscriptionManager.java:619)
08-23 20:57:41.910 29908 29999 W System.err: at com.ss.android.deviceregister.b.c.a(HardwareUtils.java:94)
08-23 20:57:41.910 29908 29999 W System.err: at com.ss.android.deviceregister.core.cache.b.c(DeviceParamsProvider.java:275)
08-23 20:57:41.910 29908 29999 W System.err: at com.ss.android.deviceregister.core.b.i(RegisterServiceController.java:255)
08-23 20:57:41.910 29908 29999 W System.err: at com.ss.android.deviceregister.a.d.a(RegistrationHeaderHelper.java:479)
08-23 20:57:41.910 29908 29999 W System.err: at com.ss.android.deviceregister.core.b.a(RegisterServiceController.java:112)
08-23 20:57:41.911 29908 29999 W System.err: at com.ss.android.deviceregister.a.(DeviceRegisterManager.java:114)
08-23 20:57:41.911 29908 29999 W System.err: at com.ss.android.deviceregister.a.a(DeviceRegisterManager.java:51)
08-23 20:57:41.911 29908 29999 W System.err: at com.ss.android.common.applog.AppLog.I(AppLog.java:4073)
08-23 20:57:41.911 29908 29999 W System.err: at com.ss.android.common.applog.AppLog.a(AppLog.java:83)
08-23 20:57:41.911 29908 29999 W System.err: at com.ss.android.common.applog.AppLog$b.run(AppLog.java:4131)
08-23 20:57:41.930 29908 29975 D com.facebook.appevents.AppEventsLogger: To set source application the context of activateApp must be an instance of Activity
08-23 20:57:41.938 29908 29999 E MessageConfig: onConfigUpdate:
08-23 20:57:41.938 29908 29999 I AppLog : start with last session c7d6c7fe-53e0-481c-8a52-f7b61d59dfbd
08-23 20:57:41.940 29908 29977 D EventBus: No subscribers registered for event class com.ss.android.application.app.core.b.c$a
08-23 20:57:41.940 29908 29977 D EventBus: No subscribers registered for event class org.greenrobot.eventbus.f
08-23 20:57:41.965 29908 30025 D libc : [NET] android_getaddrinfofornetcontext+,hn 18(0x67726170682e66),sn(),hints(known),family 0,flags 1024, proc=com.mobilesrepublic.appy
08-23 20:57:41.965 29908 30025 D libc : [NET] android_getaddrinfo_proxy get netid:0
08-23 20:57:41.966 686 30034 D libc : [NET] android_getaddrinfofornetcontext+,hn 18(0x67726170682e66),sn(),hints(known),family 0,flags 1024, proc=/system/bin/netd
08-23 20:57:41.967 686 30034 D libc : [NET] android_getaddrinfo_proxy-, fd error: Success(0)
08-23 20:57:41.967 686 30034 D libc : [NET] _dns_getaddrinfo+, netid:101, mark:917605
08-23 20:57:41.976 1994 2602 I ActivityManager: Start proc 30035:com.mobilesrepublic.appy:push/u0a109 for content provider com.mobilesrepublic.appy/com.ss.android.pushmanager.setting.PushMultiProcessSharedProvider
08-23 20:57:41.994 686 30034 D libc : [NET] _dns_getaddrinfo-, (NS_SUCCESS)
08-23 20:57:41.999 29908 30025 D libc : [NET] android_getaddrinfo_proxy-, success
08-23 20:57:42.008 1994 2960 I ActivityManager: Killing 28733:com.htc.updater/u0a62 (adj 906): empty #17
08-23 20:57:42.008 1994 2960 D Process : killProcessQuiet, pid=28733
08-23 20:57:42.011 1994 2960 D Process : com.android.server.am.ProcessRecord.kill:630 com.android.server.am.ActivityManagerService.updateOomAdjLocked:21773 com.android.server.am.ActivityManagerService.attachApplicationLocked:6948
08-23 20:57:42.072 30035 30035 I art : Starting a blocking GC AddRemoveAppImageSpace
08-23 20:57:42.079 1994 2523 I ActivityManager: Recipient 28733
08-23 20:57:42.080 1994 2523 D ActivityManager: cleanUpApplicationRecord -- 28733
08-23 20:57:42.159 29908 29977 I WebViewFactory: Loading com.android.chrome version 68.0.3440.91 (code 344009152)
08-23 20:57:42.192 30035 30035 I Process : init, procName:com.mobilesrepublic.appy:push
08-23 20:57:42.255 30035 30035 W System.err: java.lang.ClassNotFoundException: com.ss.android.buzz.init.BuzzHeloModuleInit
08-23 20:57:42.255 30035 30035 W System.err: at java.lang.Class.classForName(Native Method)
08-23 20:57:42.255 30035 30035 W System.err: at java.lang.Class.forName(Class.java:400)
08-23 20:57:42.256 30035 30035 W System.err: at java.lang.Class.forName(Class.java:326)
08-23 20:57:42.256 30035 30035 W System.err: at com.ss.android.application.app.core.init.module.c.a(ModuleDependenceInit.java:97)
08-23 20:57:42.256 30035 30035 W System.err: at com.ss.android.application.app.core.init.module.c.b(ModuleDependenceInit.java:36)
08-23 20:57:42.256 30035 30035 W System.err: at com.ss.android.application.app.core.init.module.c.a(ModuleDependenceInit.java:15)
08-23 20:57:42.256 30035 30035 W System.err: at com.ss.android.application.app.core.BaseApplication.onCreate(BaseApplication.java:208)
08-23 20:57:42.256 30035 30035 W System.err: at com.ss.android.article.pagenewark.ArticleApplication.onCreate(ArticleApplication.java:34)
08-23 20:57:42.256 30035 30035 W System.err: at android.app.Instrumentation.callApplicationOnCreate(Instrumentation.java:1037)
08-23 20:57:42.256 30035 30035 W System.err: at android.app.ActivityThread.handleBindApplication(ActivityThread.java:5726)
08-23 20:57:42.256 30035 30035 W System.err: at android.app.ActivityThread.-wrap2(ActivityThread.java)
08-23 20:57:42.256 30035 30035 W System.err: at android.app.ActivityThread$H.handleMessage(ActivityThread.java:1577)
08-23 20:57:42.256 30035 30035 W System.err: at android.os.Handler.dispatchMessage(Handler.java:102)
08-23 20:57:42.256 30035 30035 W System.err: at android.os.Looper.loop(Looper.java:173)
08-23 20:57:42.256 30035 30035 W System.err: at android.app.ActivityThread.main(ActivityThread.java:6523)
08-23 20:57:42.256 30035 30035 W System.err: at java.lang.reflect.Method.invoke(Native Method)
08-23 20:57:42.256 30035 30035 W System.err: at com.android.internal.os.ZygoteInit$MethodAndArgsCaller.run(ZygoteInit.java:938)
08-23 20:57:42.256 30035 30035 W System.err: at com.android.internal.os.ZygoteInit.main(ZygoteInit.java:828)
08-23 20:57:42.257 30035 30035 W System.err: Caused by: java.lang.ClassNotFoundException: Didn't find class "com.ss.android.buzz.init.BuzzHeloModuleInit" on path: DexPathList[[zip file "/data/app/com.mobilesrepublic.appy-2/base.apk"],nativeLibraryDirectories=[/data/app/com.mobilesrepublic.appy-2/lib/arm, /data/app/com.mobilesrepublic.appy-2/base.apk!/lib/armeabi-v7a, /system/lib, /vendor/lib]]
08-23 20:57:42.257 30035 30035 W System.err: at dalvik.system.BaseDexClassLoader.findClass(BaseDexClassLoader.java:56)
08-23 20:57:42.257 30035 30035 W System.err: at java.lang.ClassLoader.loadClass(ClassLoader.java:380)
08-23 20:57:42.257 30035 30035 W System.err: at java.lang.ClassLoader.loadClass(ClassLoader.java:312)
08-23 20:57:42.257 30035 30035 W System.err: ... 18 more
08-23 20:57:42.445 1994 2032 D BluetoothManagerService: Message: UNKNOWN(401)
08-23 20:57:42.466 29908 30000 W PushManager: load PushManagerImpl exception: java.lang.ClassNotFoundException: com.xiaomi.MiPushAdapter
08-23 20:57:42.469 30035 30035 I Thread : new Thread:SS-api-1
08-23 20:57:42.496 30035 30035 I Thread : new Thread:SS-immediate-2
08-23 20:57:42.533 1994 2111 W SensorService: D/Accel(x, y, z, t) = ( 0.0, 0.0, 10.0, 4482904ms), sys_time = 4482972ms
08-23 20:57:42.553 29908 30000 W PushManager: load PushManagerImpl exception: java.lang.ClassNotFoundException: com.vivo.VivoPushAdapter
08-23 20:57:42.557 1994 2170 W NetworkIdentity: Active mobile network without subscriber!
08-23 20:57:42.583 1994 2003 I art : Background partial concurrent mark sweep GC freed 10974(493KB) AllocSpace objects, 2(40KB) LOS objects, 32% free, 33MB/49MB, paused 3.996ms total 289.522ms
08-23 20:57:42.598 30035 30062 D BillingHelper: init 1535050662598
08-23 20:57:42.609 30035 30062 D BillingHelper: init End: 1535050662609 Thread[SS-global-single-thread,5,main]
08-23 20:57:42.635 30035 30035 I Thread : new Thread:SS-common-3
08-23 20:57:42.636 30035 30035 I Thread : new Thread:SS-common-4
08-23 20:57:42.638 30035 30035 D EventBus: No subscribers registered for event class com.ss.android.application.subscribe.a$b
08-23 20:57:42.638 30035 30035 D EventBus: No subscribers registered for event class org.greenrobot.eventbus.f
08-23 20:57:42.673 23613 23624 I Finsky : [1653] com.google.android.finsky.billing.iab.aj.b(29): com.mobilesrepublic.appy: Account determined from installer data - [jVeHPc0iL-ez5YNxQSw_k_VwDw0]
08-23 20:57:42.673 23613 23624 I Finsky : [1653] com.google.android.finsky.billing.iab.aj.b(32): com.mobilesrepublic.appy: Account from preferred account - [jVeHPc0iL-ez5YNxQSw_k_VwDw0]
08-23 20:57:42.679 30035 30062 D BillingHelper: onBillingSetupFinished: Thread[SS-global-single-thread,5,main]
08-23 20:57:42.685 23613 23625 I Finsky : [1654] com.google.android.finsky.billing.iab.aj.b(29): com.mobilesrepublic.appy: Account determined from installer data - [jVeHPc0iL-ez5YNxQSw_k_VwDw0]
08-23 20:57:42.686 23613 23625 I Finsky : [1654] com.google.android.finsky.billing.iab.aj.b(32): com.mobilesrepublic.appy: Account from preferred account - [jVeHPc0iL-ez5YNxQSw_k_VwDw0]
08-23 20:57:42.690 30035 30062 D BillingHelper: query In App Purchases: 0 0
08-23 20:57:42.696 23613 24584 I Finsky : [1722] com.google.android.finsky.billing.iab.aj.b(29): com.mobilesrepublic.appy: Account determined from installer data - [jVeHPc0iL-ez5YNxQSw_k_VwDw0]
08-23 20:57:42.697 23613 24584 I Finsky : [1722] com.google.android.finsky.billing.iab.aj.b(32): com.mobilesrepublic.appy: Account from preferred account - [jVeHPc0iL-ez5YNxQSw_k_VwDw0]
08-23 20:57:42.702 30035 30062 D BillingHelper: query Subs Purchases: 0 0
08-23 20:57:42.722 29908 29977 I cr_LibraryLoader: Time to load native libraries: 86 ms (timestamps 5934-6020)
08-23 20:57:42.729 30035 30062 D BillingHelper: onSubscribeResult: false
08-23 20:57:42.741 29908 29977 I chromium: [INFO:library_loader_hooks.cc(36)] Chromium logging enabled: level = 0, default verbosity = 0
08-23 20:57:42.742 29908 29977 I cr_LibraryLoader: Expected native library version number "68.0.3440.91", actual native library version number "68.0.3440.91"
08-23 20:57:42.770 30035 30078 I CrashlyticsCore: Initializing Crashlytics 2.3.14.151
08-23 20:57:42.785 29908 29955 D libc : [NET] android_getaddrinfofornetcontext+,hn 16(0x692d74622e6973),sn(),hints(known),family 0,flags 1024, proc=com.mobilesrepublic.appy
08-23 20:57:42.786 29908 29955 D libc : [NET] android_getaddrinfo_proxy get netid:0
08-23 20:57:42.786 686 30092 D libc : [NET] android_getaddrinfofornetcontext+,hn 16(0x692d74622e6973),sn(),hints(known),family 0,flags 1024, proc=/system/bin/netd
08-23 20:57:42.787 686 30092 D libc : [NET] android_getaddrinfo_proxy-, fd error: Success(0)
08-23 20:57:42.787 686 30092 D libc : [NET] _dns_getaddrinfo+, netid:101, mark:917605
08-23 20:57:42.802 686 30092 D libc : [NET] _dns_getaddrinfo-, (NS_SUCCESS)
08-23 20:57:42.804 29908 29955 D libc : [NET] android_getaddrinfo_proxy-, success
08-23 20:57:42.872 29908 29977 I CrashlyticsCore: Initializing Crashlytics 2.3.14.151
08-23 20:57:42.872 2410 2410 D WIFI_ICON: WifiActivity: 3
08-23 20:57:42.873 2410 2410 D StatusBar.NetworkController: dumpIcon[(gone) stat_sys_5signal_3|null stat_sys_wifi_signal_inandout_4 (gone) F]
08-23 20:57:42.885 2410 2410 D SignalBarView: onMeasure() desity =3.0 mDefaultDesity=480.0 scale =1.0
08-23 20:57:42.885 2410 2410 D SignalBarView: onMeasure() mLeft != null width =50 height =50
08-23 20:57:42.885 2410 2410 D SignalBarView: onMeasure() desity =3.0 mDefaultDesity=480.0 scale =1.0
08-23 20:57:42.885 2410 2410 D SignalBarView: onMeasure() mLeft != null width =50 height =50
08-23 20:57:42.885 2410 2410 D SignalBarView: onMeasure() desity =3.0 mDefaultDesity=480.0 scale =1.0
08-23 20:57:42.885 2410 2410 D SignalBarView: onMeasure() mLeft != null width =50 height =50
08-23 20:57:42.967 2410 2410 D TelephonyCallback: SignalStrength: 3
08-23 20:57:42.970 2410 2410 D SIGNAL_ICON: level=3/5
08-23 20:57:42.970 2410 2410 D StatusBar.NetworkController: dumpIcon[(gone) stat_sys_5signal_3|null stat_sys_wifi_signal_inandout_4 (gone) F]
08-23 20:57:43.321 3083 3089 E PNP_UPDATERD: inotify_add_watch failed. (No such file or directory)
08-23 20:57:43.368 29908 29955 D EventBus: No subscribers registered for event class com.ss.android.application.subscribe.a$b
08-23 20:57:43.368 1994 2003 I art : Background partial concurrent mark sweep GC freed 10018(410KB) AllocSpace objects, 0(0B) LOS objects, 32% free, 33MB/49MB, paused 3.520ms total 271.005ms
08-23 20:57:43.368 29908 29955 D EventBus: No subscribers registered for event class org.greenrobot.eventbus.f
08-23 20:57:43.372 29908 29908 D EventBus: No subscribers registered for event class com.ss.android.application.subscribe.a$b
08-23 20:57:43.372 29908 29908 D EventBus: No subscribers registered for event class org.greenrobot.eventbus.f
08-23 20:57:44.125 1994 2184 D WifiStateMachine: handleMessage: E msg.what=131155
08-23 20:57:44.125 1994 2184 D WifiStateMachine: processMsg: ConnectedState
08-23 20:57:44.125 1994 2184 D WifiStateMachine: processMsg: L2ConnectedState
08-23 20:57:44.136 2324 2324 D wpa_supplicant: wlan0: Control interface command 'SIGNAL_POLL'
08-23 20:57:44.142 1994 2184 D WifiStateMachine: CMD_RSSI_POLL: TxBytes = 42814, RxBytes = 105051
08-23 20:57:44.144 1994 2184 D WifiStateMachine: handleMessage: X
08-23 20:57:44.242 1994 2003 I art : Background partial concurrent mark sweep GC freed 8058(289KB) AllocSpace objects, 0(0B) LOS objects, 32% free, 33MB/49MB, paused 3.783ms total 272ms
08-23 20:57:44.876 2410 2410 D WIFI_ICON: WifiActivity: 0
08-23 20:57:44.877 2410 2410 D StatusBar.NetworkController: dumpIcon[(gone) stat_sys_5signal_3|null stat_sys_wifi_signal_connected_4 (gone) F]
08-23 20:57:44.884 2410 2410 D SignalBarView: onMeasure() desity =3.0 mDefaultDesity=480.0 scale =1.0
08-23 20:57:44.884 2410 2410 D SignalBarView: onMeasure() mLeft != null width =50 height =50
08-23 20:57:44.885 2410 2410 D SignalBarView: onMeasure() desity =3.0 mDefaultDesity=480.0 scale =1.0
08-23 20:57:44.885 2410 2410 D SignalBarView: onMeasure() mLeft != null width =50 height =50
08-23 20:57:44.885 2410 2410 D SignalBarView: onMeasure() desity =3.0 mDefaultDesity=480.0 scale =1.0
08-23 20:57:44.885 2410 2410 D SignalBarView: onMeasure() mLeft != null width =50 height =50
08-23 20:57:45.115 1994 2003 I art : Background partial concurrent mark sweep GC freed 6962(252KB) AllocSpace objects, 0(0B) LOS objects, 32% free, 33MB/49MB, paused 3.974ms total 277.171ms
08-23 20:57:45.243 3845 3845 I chromium: [INFO:CONSOLE(0)] "Application Cache Checking event", source: https://googleads.g.doubleclick.net/mads/static/mad/sdk/native/sdk-core-v40-loader.html (0)
08-23 20:57:45.253 3845 20202 D libc : [NET] android_getaddrinfofornetcontext+,hn 27(0x676f6f676c6561),sn(),hints(known),family 0,flags 1024, proc=com.google.android.gms
08-23 20:57:45.254 3845 20202 D libc : [NET] android_getaddrinfo_proxy get netid:0
08-23 20:57:45.255 686 30116 D libc : [NET] android_getaddrinfofornetcontext+,hn 27(0x676f6f676c6561),sn(),hints(known),family 0,flags 1024, proc=/system/bin/netd
08-23 20:57:45.255 686 30116 D libc : [NET] android_getaddrinfo_proxy-, fd error: Success(0)
08-23 20:57:45.255 686 30116 D libc : [NET] _dns_getaddrinfo+, netid:101, mark:917605
08-23 20:57:45.255 686 30116 D libc : [NET] _dns_getaddrinfo-, (NS_SUCCESS)
08-23 20:57:45.257 3845 20202 D libc : [NET] android_getaddrinfo_proxy-, success
08-23 20:57:45.368 3845 3845 I chromium: [INFO:CONSOLE(0)] "Application Cache NoUpdate event", source: https://googleads.g.doubleclick.net/mads/static/mad/sdk/native/sdk-core-v40-loader.html (0)
08-23 20:57:45.450 1994 2032 D BluetoothManagerService: Message: UNKNOWN(401)
08-23 20:57:45.535 2410 2410 D TelephonyCallback: SignalStrength: 3
08-23 20:57:45.539 2410 2410 D SIGNAL_ICON: level=3/5
08-23 20:57:45.539 2410 2410 D StatusBar.NetworkController: dumpIcon[(gone) stat_sys_5signal_3|null stat_sys_wifi_signal_connected_4 (gone) F]
08-23 20:57:45.878 2410 2410 D WIFI_ICON: WifiActivity: 3
08-23 20:57:45.879 2410 2410 D StatusBar.NetworkController: dumpIcon[(gone) stat_sys_5signal_3|null stat_sys_wifi_signal_inandout_4 (gone) F]
08-23 20:57:45.884 2410 2410 D SignalBarView: onMeasure() desity =3.0 mDefaultDesity=480.0 scale =1.0
08-23 20:57:45.884 2410 2410 D SignalBarView: onMeasure() mLeft != null width =50 height =50
08-23 20:57:45.885 2410 2410 D SignalBarView: onMeasure() desity =3.0 mDefaultDesity=480.0 scale =1.0
08-23 20:57:45.885 2410 2410 D SignalBarView: onMeasure() mLeft != null width =50 height =50
08-23 20:57:45.885 2410 2410 D SignalBarView: onMeasure() desity =3.0 mDefaultDesity=480.0 scale =1.0
08-23 20:57:45.885 2410 2410 D SignalBarView: onMeasure() mLeft != null width =50 height =50
08-23 20:57:46.004 1994 2003 I art : Background partial concurrent mark sweep GC freed 7629(305KB) AllocSpace objects, 2(40KB) LOS objects, 32% free, 33MB/49MB, paused 3.873ms total 275.028ms
08-23 20:57:46.773 3088 3088 W pnpmgr : type=1400 audit(0.0:3819): avc: denied { write } for name="dirty_ratio" dev="proc" ino=893967 scontext=u:r:pnpmgr:s0 tcontext=u:object_r:proc_dirty_ratio:s0 tclass=file permissive=0
08-23 20:57:46.848 1994 2003 I art : Background partial concurrent mark sweep GC freed 7111(260KB) AllocSpace objects, 0(0B) LOS objects, 32% free, 33MB/49MB, paused 2.814ms total 253.726ms
08-23 20:57:46.883 1994 3575 D PMS : acquireHCC(192b647): CPU_MIN_FREQ SystemUI_3.0 0x2000 2410 10014 null
08-23 20:57:46.873 3088 3088 W pnpmgr : type=1400 audit(0.0:3820): avc: denied { write } for name="dirty_ratio" dev="proc" ino=893967 scontext=u:r:pnpmgr:s0 tcontext=u:object_r:proc_dirty_ratio:s0 tclass=file permissive=0
08-23 20:57:46.885 1994 3499 D PMS : acquireHCC(eb6e74): CPU_MIN_NUM SystemUI_3.0 0x8000 2410 10014 null
08-23 20:57:46.895 1994 3813 I ActivityManager: START u0 {flg=0x10804000 cmp=com.android.systemui/.recents.RecentsActivity} from uid 10014 pid 2410 on display 0
08-23 20:57:46.904 1994 3813 D ActivityTrigger: ActivityTrigger activityPauseTrigger
08-23 20:57:46.905 3110 3110 I FeedHostManagerProxy: setActivityPostResumed false
08-23 20:57:46.893 3088 3088 W pnpmgr : type=1400 audit(0.0:3821): avc: denied { write } for name="dirty_ratio" dev="proc" ino=893967 scontext=u:r:pnpmgr:s0 tcontext=u:object_r:proc_dirty_ratio:s0 tclass=file permissive=0
08-23 20:57:46.908 1994 3813 D PMS : acquireWL(2462c12): PARTIAL_WAKE_LOCK *launch* 0x1 1994 1000 WorkSource{10014}
08-23 20:57:46.924 1994 2027 D ActivityTrigger: ActivityTrigger activityStopTrigger
08-23 20:57:46.929 1994 2037 D HtcMirrorLinkAmsListener: onHandleTopAppChanged, sendBroadcast : com.android.systemui
08-23 20:57:46.930 1994 1994 D StatusBarManagerService: swetImeWindowStatus vis=0 backDisposition=0
08-23 20:57:46.932 1994 2566 D HtcSystemUPManager: HtcSystemUPolicy [canLog (default)] category: launch, enable: true
08-23 20:57:46.932 1994 29848 W ActivityManager: Ignoring remove of inactive process: ProcessRecord{be509 0:nl.myname.mygame/u0a260}
08-23 20:57:46.932 1994 2028 D StatusBarManagerService: setSystemUiVisibility(0x8008)
08-23 20:57:46.932 1994 2028 D StatusBarManagerService: disable:userId=0 what=0x0 which=0x1 pkg=null
08-23 20:57:46.932 1994 2028 D StatusBarManagerService: hiding MENU key
08-23 20:57:46.941 2410 2410 I RecentsTaskLoadPlan: icon(20662,384,384)
08-23 20:57:46.942 2410 2410 D RecentsTaskLoadPlan: thumbnail is null
08-23 20:57:46.944 2410 2410 D RecentsActivity: update clear view visibility(false)
08-23 20:57:46.955 1994 3499 I ActivityManager: Start proc 30120:com.htc.mobiledata/u0a41 for content provider com.htc.mobiledata/com.htc.ex.TelecommProvider
08-23 20:57:46.957 1994 2174 V NetworkPolicy: updateRuleForRestrictBackgroundLocked(10041): isForeground=true, isBlacklisted=false, isWhitelisted=false, oldRule=0 (NONE), newRule=0 (NONE), newUidRules=0 (NONE), oldUidRules=0 (NONE)
08-23 20:57:46.957 1994 2174 V NetworkPolicy: updateRulesForNonMeteredNetworksLocked(10041), isIdle: false, mRestrictPower: false, mDeviceIdleMode: false, isForeground=true, isWhitelisted=false, oldRule=0 (NONE), newRule=0 (NONE), newUidRules=0 (NONE), oldUidRules=0 (NONE)
08-23 20:57:46.960 2410 2410 I StatusBarWindowManager: applyHeight = false
08-23 20:57:46.963 2410 2410 I QuickStatusBarHeader: updateTextMarquee:false
08-23 20:57:46.964 2410 2410 I QuickStatusBarHeader: updateTextMarquee:false
08-23 20:57:46.964 2410 2410 I PanelView: notifyBarPanelExpansionChanged = (0.0, false, null, false, false, false, null)
08-23 20:57:46.971 1994 2028 D StatusBarManagerService: setSystemUiVisibility(0x8708)
08-23 20:57:46.971 1994 2028 D StatusBarManagerService: disable:userId=0 what=0x0 which=0x1 pkg=null
08-23 20:57:46.971 1994 2028 D StatusBarManagerService: hiding MENU key
08-23 20:57:46.974 1994 2028 D StatusBarManagerService: setSystemUiVisibility(0x8708)
08-23 20:57:46.974 1994 2028 D StatusBarManagerService: disable:userId=0 what=0x0 which=0x1 pkg=null
08-23 20:57:46.974 1994 2028 D StatusBarManagerService: hiding MENU key
08-23 20:57:46.984 3110 3110 I FeedHostManager: [onPause]
08-23 20:57:46.984 3110 3110 I FeedProviderManager: onPause
08-23 20:57:46.984 3110 3110 I FeedHostManager: [onLeaveFeedMode] instance: com.htc.launcher.feeds.FeedHostManager@7532bd8
08-23 20:57:46.985 3110 3110 I ContextualWidget: onPause
08-23 20:57:46.985 3110 3110 I ContextualWidget: notifyWidgetDeactive
08-23 20:57:46.987 2410 2410 I PhoneStatusBar: updatePolicy(false,false,false,true)
08-23 20:57:46.988 1994 3807 D InputMethodManagerService: Switching to client com.android.systemui(2410), IME=com.nuance.swype.dtc/com.nuance.swype.input.IME
08-23 20:57:46.988 1994 3807 I InputMethodManagerService: Enable input method client, cs=ClientState{274fd52 uid 10014 pid 2410}
08-23 20:57:46.989 3110 4655 I SocialFeedProvider: +onPause
08-23 20:57:46.989 3110 4655 I SocialFeedProvider: -onPause
08-23 20:57:47.010 3110 3110 I TrimMemoryManager: [trimMemory] 20
08-23 20:57:47.015 1994 2028 D StatusBarManagerService: setSystemUiVisibility(0x8708)
08-23 20:57:47.015 1994 2028 D StatusBarManagerService: disable:userId=0 what=0x0 which=0x1 pkg=null
08-23 20:57:47.015 1994 2028 D StatusBarManagerService: hiding MENU key
08-23 20:57:47.026 2410 2484 D TaskResourceLoader: thumbnail is null
08-23 20:57:47.032 1994 2523 D PMS : releaseWL(2462c12): PARTIAL_WAKE_LOCK *launch* 0x1 WorkSource{10014}
08-23 20:57:47.033 30120 30120 I art : Starting a blocking GC AddRemoveAppImageSpace
08-23 20:57:47.036 30120 30120 W System : ClassLoader referenced unknown path: /system/priv-app/HtcMobileData/lib/arm64
08-23 20:57:47.038 1994 2028 D StatusBarManagerService: setSystemUiVisibility(0x8708)
08-23 20:57:47.038 1994 2028 D StatusBarManagerService: disable:userId=0 what=0x0 which=0x1 pkg=null
08-23 20:57:47.038 1994 2028 D StatusBarManagerService: hiding MENU key
08-23 20:57:47.044 1994 2566 D HtcSystemUPManager: HtcSystemUPolicy [canLog (default)] category: activity_launch_time, enable: true
08-23 20:57:47.045 1994 2028 D StatusBarManagerService: setSystemUiVisibility(0x8708)
08-23 20:57:47.045 1994 2028 D StatusBarManagerService: disable:userId=0 what=0x0 which=0x1 pkg=null
08-23 20:57:47.045 1994 2028 D StatusBarManagerService: hiding MENU key
08-23 20:57:47.069 30120 30132 D HtcWrapCustomizationManager: [ACC][RR] Method:getCustomizationReader
08-23 20:57:47.069 30120 30132 D HtcWrapCustomizationManager: [ACC][RR] Method:getCustomizationReader
08-23 20:57:47.091 1994 2028 D StatusBarManagerService: setSystemUiVisibility(0x8708)
08-23 20:57:47.091 1994 2028 D StatusBarManagerService: disable:userId=0 what=0x0 which=0x1 pkg=null
08-23 20:57:47.091 1994 2028 D StatusBarManagerService: hiding MENU key
08-23 20:57:47.112 1994 2028 D StatusBarManagerService: setSystemUiVisibility(0x8708)
08-23 20:57:47.112 1994 2028 D StatusBarManagerService: disable:userId=0 what=0x0 which=0x1 pkg=null
08-23 20:57:47.112 1994 2028 D StatusBarManagerService: hiding MENU key
08-23 20:57:47.114 1994 2035 W AppOps : Finishing op nesting under-run: uid 1000 pkg android code 24 time=0 duration=0 nesting=0
08-23 20:57:47.115 1994 2028 D StatusBarManagerService: setSystemUiVisibility(0x8708)
08-23 20:57:47.115 1994 2028 D StatusBarManagerService: disable:userId=0 what=0x0 which=0x1 pkg=null
08-23 20:57:47.115 1994 2028 D StatusBarManagerService: hiding MENU key
08-23 20:57:47.117 1994 2028 D StatusBarManagerService: setSystemUiVisibility(0x8708)
08-23 20:57:47.117 1994 2028 D StatusBarManagerService: disable:userId=0 what=0x0 which=0x1 pkg=null
08-23 20:57:47.117 1994 2028 D StatusBarManagerService: hiding MENU key
08-23 20:57:47.132 1994 3575 I ActivityManager: Start proc 30135:com.htc.mobiledata:remote/u0a41 for service com.htc.mobiledata/com.htc.ex.TelecommService
08-23 20:57:47.137 1994 2174 V NetworkPolicy: updateRuleForRestrictBackgroundLocked(10041): isForeground=false, isBlacklisted=false, isWhitelisted=false, oldRule=0 (NONE), newRule=0 (NONE), newUidRules=0 (NONE), oldUidRules=0 (NONE)
08-23 20:57:47.137 1994 2174 V NetworkPolicy: updateRulesForNonMeteredNetworksLocked(10041), isIdle: false, mRestrictPower: false, mDeviceIdleMode: false, isForeground=false, isWhitelisted=false, oldRule=0 (NONE), newRule=0 (NONE), newUidRules=0 (NONE), oldUidRules=0 (NONE)
08-23 20:57:47.145 1994 2184 D WifiStateMachine: handleMessage: E msg.what=131155
08-23 20:57:47.145 1994 2184 D WifiStateMachine: processMsg: ConnectedState
08-23 20:57:47.145 1994 2184 D WifiStateMachine: processMsg: L2ConnectedState
08-23 20:57:47.156 2324 2324 D wpa_supplicant: wlan0: Control interface command 'SIGNAL_POLL'
08-23 20:57:47.165 1994 3499 D PMS : releaseHCC(192b647): CPU_MIN_FREQ SystemUI_3.0 0x2000 null
08-23 20:57:47.165 1994 2184 D WifiStateMachine: CMD_RSSI_POLL: TxBytes = 42830, RxBytes = 105068
08-23 20:57:47.166 1994 3815 D PMS : releaseHCC(eb6e74): CPU_MIN_NUM SystemUI_3.0 0x8000 null
08-23 20:57:47.167 1994 2184 D WifiStateMachine: handleMessage: X
08-23 20:57:47.153 3088 3088 W pnpmgr : type=1400 audit(0.0:3822): avc: denied { write } for name="dirty_ratio" dev="proc" ino=893967 scontext=u:r:pnpmgr:s0 tcontext=u:object_r:proc_dirty_ratio:s0 tclass=file permissive=0
08-23 20:57:47.180 30135 30135 I art : Starting a blocking GC AddRemoveAppImageSpace
08-23 20:57:47.182 30135 30135 W System : ClassLoader referenced unknown path: /system/priv-app/HtcMobileData/lib/arm64
08-23 20:57:47.192 1994 2028 D StatusBarManagerService: setSystemUiVisibility(0x8708)
08-23 20:57:47.193 1994 2028 D StatusBarManagerService: disable:userId=0 what=0x0 which=0x1 pkg=null
08-23 20:57:47.193 1994 2028 D StatusBarManagerService: hiding MENU key
08-23 20:57:47.207 30135 30135 D HtcWrapCustomizationManager: [ACC][RR] Method:getCustomizationReader
08-23 20:57:47.207 30135 30135 D HtcWrapCustomizationManager: [ACC][RR] Method:getCustomizationReader
08-23 20:57:47.209 1994 2028 D StatusBarManagerService: setSystemUiVisibility(0x8708)
08-23 20:57:47.209 1994 2028 D StatusBarManagerService: disable:userId=0 what=0x0 which=0x1 pkg=null
08-23 20:57:47.210 1994 2028 D StatusBarManagerService: hiding MENU key
08-23 20:57:47.211 1994 2028 D StatusBarManagerService: setSystemUiVisibility(0x8708)
08-23 20:57:47.211 1994 2028 D StatusBarManagerService: disable:userId=0 what=0x0 which=0x1 pkg=null
08-23 20:57:47.212 1994 2028 D StatusBarManagerService: hiding MENU key
08-23 20:57:47.224 1994 2028 D StatusBarManagerService: setSystemUiVisibility(0x8708)
08-23 20:57:47.224 1994 2028 D StatusBarManagerService: disable:userId=0 what=0x0 which=0x1 pkg=null
08-23 20:57:47.224 1994 2028 D StatusBarManagerService: hiding MENU key
08-23 20:57:47.239 30135 30152 D TcScMsngr: Init 40*components, in 11ms
