--------- beginning of system
08-23 20:55:39.154 1994 2027 W BroadcastQueue: Permission Denial: broadcasting Intent { act=android.net.conn.CONNECTIVITY_CHANGE flg=0x4000010 (has extras) } from null (pid=-1, uid=-1) requires com.facebook.permission.prod.FB_APP_COMMUNICATION due to registered receiver BroadcastFilter{fd8e644 u0 ReceiverList{78eeb57 28773 com.facebook.katana/10133/u0 remote:dc25cd6}}
08-23 20:55:39.155 1994 2027 W BroadcastQueue: Permission Denial: broadcasting Intent { act=android.net.conn.INET_CONDITION_ACTION flg=0x4000010 (has extras) } from null (pid=-1, uid=-1) requires com.facebook.permission.prod.FB_APP_COMMUNICATION due to registered receiver BroadcastFilter{fd8e644 u0 ReceiverList{78eeb57 28773 com.facebook.katana/10133/u0 remote:dc25cd6}}
08-23 20:55:39.284 1994 2032 D BluetoothManagerService: Message: UNKNOWN(401)
08-23 20:55:39.589 1994 2027 W BroadcastQueue: Permission Denial: broadcasting Intent { act=android.net.conn.CONNECTIVITY_CHANGE flg=0x4000010 (has extras) } from null (pid=-1, uid=-1) requires com.facebook.permission.prod.FB_APP_COMMUNICATION due to registered receiver BroadcastFilter{864c061 u0 ReceiverList{ce997c8 28773 com.facebook.katana/10133/u0 remote:27d206b}}
08-23 20:55:39.746 1994 2472 D ConnectivityService: listenForNetwork for Listen from uid/pid:10159/29210 for NetworkRequest [ id=137, legacyType=-1, [ Capabilities: INTERNET&NOT_RESTRICTED&TRUSTED] ]
08-23 20:55:39.748 1994 2250 D ConnectivityService: rematching NetworkAgentInfo [WIFI () - 101]
08-23 20:55:39.748 1994 2250 D ConnectivityService: network has: [ Transports: WIFI Capabilities: NOT_METERED&INTERNET&NOT_RESTRICTED&TRUSTED&NOT_VPN&VALIDATED LinkUpBandwidth>=1048576Kbps LinkDnBandwidth>=1048576Kbps SignalStrength: -60]
08-23 20:55:39.748 1994 2250 D ConnectivityService: checking if request is satisfied: NetworkRequest [ id=125, legacyType=-1, [ Capabilities: INTERNET&NOT_RESTRICTED&TRUSTED] ]
08-23 20:55:39.748 1994 2250 D ConnectivityService: checking if request is satisfied: NetworkRequest [ id=5, legacyType=-1, [ Transports: CELLULAR|WIFI Capabilities: NOT_RESTRICTED&TRUSTED&NOT_VPN] ]
08-23 20:55:39.748 1994 2250 D ConnectivityService: checking if request is satisfied: NetworkRequest [ id=49, legacyType=-1, [ Capabilities: INTERNET&NOT_RESTRICTED&TRUSTED] ]
08-23 20:55:39.748 1994 2250 D ConnectivityService: checking if request is satisfied: NetworkRequest [ id=136, legacyType=-1, [ Capabilities: INTERNET&NOT_RESTRICTED&TRUSTED] ]
08-23 20:55:39.748 1994 2250 D ConnectivityService: checking if request is satisfied: NetworkRequest [ id=45, legacyType=-1, [ Capabilities: INTERNET&NOT_RESTRICTED&TRUSTED] ]
08-23 20:55:39.748 1994 2250 D ConnectivityService: checking if request is satisfied: NetworkRequest [ id=135, legacyType=-1, [ Capabilities: INTERNET&NOT_RESTRICTED&TRUSTED] ]
08-23 20:55:39.748 1994 2250 D ConnectivityService: checking if request is satisfied: NetworkRequest [ id=44, legacyType=-1, [ Capabilities: INTERNET&NOT_RESTRICTED&TRUSTED] ]
08-23 20:55:39.748 1994 2250 D ConnectivityService: checking if request is satisfied: NetworkRequest [ id=8, legacyType=-1, [ Transports: WIFI Capabilities: INTERNET&NOT_RESTRICTED&TRUSTED&NOT_VPN] ]
08-23 20:55:39.749 1994 2250 D ConnectivityService: checking if request is satisfied: NetworkRequest [ id=133, legacyType=-1, [ Capabilities: INTERNET&NOT_RESTRICTED&TRUSTED] ]
08-23 20:55:39.749 1994 2250 D NC : satisfiedByNetworkCapabilities: true,false,true,true,true,false
08-23 20:55:39.749 1994 2250 D ConnectivityService: checking if request is satisfied: NetworkRequest [ id=9, legacyType=-1, [ Transports: CELLULAR Capabilities: INTERNET&NOT_RESTRICTED&TRUSTED&NOT_VPN] ]
08-23 20:55:39.749 1994 2250 D ConnectivityService: Network NetworkAgentInfo [WIFI () - 101] was already satisfying request 1. No change.
08-23 20:55:39.749 1994 2250 D ConnectivityService: checking if request is satisfied: NetworkRequest [ id=50, legacyType=-1, [ Capabilities: INTERNET&NOT_RESTRICTED&TRUSTED] ]
08-23 20:55:39.749 1994 2250 D ConnectivityService: checking if request is satisfied: NetworkRequest [ id=4, legacyType=-1, [ Capabilities: TRUSTED&NOT_VPN] ]
08-23 20:55:39.749 1994 2250 D ConnectivityService: checking if request is satisfied: NetworkRequest [ id=3, legacyType=-1, [] ]
08-23 20:55:39.749 1994 2250 D ConnectivityService: checking if request is satisfied: NetworkRequest [ id=12, legacyType=-1, [ Capabilities: INTERNET&NOT_RESTRICTED&TRUSTED&NOT_VPN] ]
08-23 20:55:39.749 1994 2250 D ConnectivityService: checking if request is satisfied: NetworkRequest [ id=6, legacyType=-1, [] ]
08-23 20:55:39.749 1994 2250 D ConnectivityService: checking if request is satisfied: NetworkRequest [ id=75, legacyType=-1, [ Capabilities: INTERNET&NOT_RESTRICTED&TRUSTED] ]
08-23 20:55:39.749 1994 2250 D ConnectivityService: checking if request is satisfied: NetworkRequest [ id=137, legacyType=-1, [ Capabilities: INTERNET&NOT_RESTRICTED&TRUSTED] ]
08-23 20:55:39.749 1994 2250 D ConnectivityService: checking if request is satisfied: NetworkRequest [ id=134, legacyType=-1, [ Capabilities: INTERNET&NOT_RESTRICTED&TRUSTED] ]
08-23 20:55:39.750 1994 2250 D ConnectivityService: sending notification AVAILABLE for NetworkRequest [ id=137, legacyType=-1, [ Capabilities: INTERNET&NOT_RESTRICTED&TRUSTED] ]
08-23 20:55:40.550 1994 2007 D PMS : acquireWL(6ca8627): PARTIAL_WAKE_LOCK NlpWakeLock 0x1 3348 10019 WorkSource{10019 com.google.android.gms}
08-23 20:55:40.554 1994 3499 D PMS : releaseWL(6ca8627): PARTIAL_WAKE_LOCK NlpWakeLock 0x1 WorkSource{10019 com.google.android.gms}
08-23 20:55:40.556 1994 2472 D PMS : acquireWL(24530d4): PARTIAL_WAKE_LOCK NlpWakeLock 0x1 3348 10019 WorkSource{10019 com.google.android.gms}
08-23 20:55:40.560 1994 2170 D PMS : releaseWL(24530d4): PARTIAL_WAKE_LOCK NlpWakeLock 0x1 WorkSource{10019 com.google.android.gms}
08-23 20:55:40.564 1994 3577 D PMS : acquireWL(44e927d): PARTIAL_WAKE_LOCK NlpWakeLock 0x1 3348 10019 null
08-23 20:55:40.574 1994 3578 D PMS : releaseWL(44e927d): PARTIAL_WAKE_LOCK NlpWakeLock 0x1 null
08-23 20:55:40.578 1994 3580 D PMS : acquireWL(fc4a572): PARTIAL_WAKE_LOCK NlpWakeLock 0x1 3348 10019 null
08-23 20:55:40.580 1994 3580 D PMS : acquireWL(94f5dc3): PARTIAL_WAKE_LOCK GCoreFlp 0x1 3348 10019 WorkSource{10019 com.google.android.gms}
08-23 20:55:40.588 1994 3806 D PMS : acquireWL(c0131f): PARTIAL_WAKE_LOCK GCoreFlp 0x1 3348 10019 WorkSource{10019 com.google.android.gms}
08-23 20:55:40.589 1994 3573 D PMS : acquireWL(95c66c): PARTIAL_WAKE_LOCK GCoreFlp 0x1 3348 10019 WorkSource{10019 com.google.android.gms}
08-23 20:55:40.590 1994 3816 D PMS : acquireWL(5c29435): PARTIAL_WAKE_LOCK GCoreFlp 0x1 3348 10019 WorkSource{10019 com.google.android.gms}
08-23 20:55:40.593 1994 2523 D PMS : acquireWL(2ff70ca): PARTIAL_WAKE_LOCK GCoreFlp 0x1 3348 10019 WorkSource{10019 com.google.android.gms}
08-23 20:55:40.594 1994 2568 D PMS : releaseWL(95c66c): PARTIAL_WAKE_LOCK GCoreFlp 0x1 WorkSource{10019 com.google.android.gms}
08-23 20:55:40.597 1994 3815 D WifiService: acquireWifiLockLocked: WifiLock{NlpWifiLock type=2 uid=10019}
08-23 20:55:40.597 1994 3579 D PMS : releaseWL(94f5dc3): PARTIAL_WAKE_LOCK GCoreFlp 0x1 WorkSource{10019 com.google.android.gms}
08-23 20:55:40.604 1994 2472 D PMS : releaseWL(c0131f): PARTIAL_WAKE_LOCK GCoreFlp 0x1 WorkSource{10019 com.google.android.gms}
08-23 20:55:40.605 1994 3813 D PMS : releaseWL(5c29435): PARTIAL_WAKE_LOCK GCoreFlp 0x1 WorkSource{10019 com.google.android.gms}
08-23 20:55:40.607 1994 3806 D PMS : releaseWL(2ff70ca): PARTIAL_WAKE_LOCK GCoreFlp 0x1 WorkSource{10019 com.google.android.gms}
08-23 20:55:40.612 1994 3814 D PMS : acquireWL(15cc23b): PARTIAL_WAKE_LOCK UlrDispSvcFastWL 0x1 3348 10019 null
08-23 20:55:40.690 1994 3579 D PMS : releaseWL(15cc23b): PARTIAL_WAKE_LOCK UlrDispSvcFastWL 0x1 null
08-23 20:55:40.711 1994 3499 I ActivityManager: Killing 28304:com.htc.bidhandler/u0a208 (adj 906): empty #17
08-23 20:55:40.712 1994 3499 I ActivityManager: Killing 26387:com.google.process.gapps/u0a19 (adj 906): empty #18
08-23 20:55:40.740 1994 1994 D ValidateNoPeople: setContact(icechen1.com.blackbox,0.0,false)
08-23 20:55:40.740 1994 1994 E NotificationService: Suppressing notification from package by user request.
08-23 20:55:40.758 1994 3499 I ActivityManager: Start proc 29362:com.google.android.apps.photos/u0a116 for broadcast com.google.android.apps.photos/.account.full.FetchAccountPropertiesAppUpgradeBroadcastReceiver
08-23 20:55:40.835 1994 2602 I ActivityManager: Recipient 28304
08-23 20:55:40.835 1994 3575 D ConnectivityService: listenForNetwork for Listen from uid/pid:10159/29210 for NetworkRequest [ id=138, legacyType=-1, [ Capabilities: INTERNET&NOT_RESTRICTED&TRUSTED] ]
08-23 20:55:40.836 1994 2602 D ActivityManager: cleanUpApplicationRecord -- 28304
08-23 20:55:40.837 1994 2250 D ConnectivityService: rematching NetworkAgentInfo [WIFI () - 101]
08-23 20:55:40.838 1994 2250 D ConnectivityService: network has: [ Transports: WIFI Capabilities: NOT_METERED&INTERNET&NOT_RESTRICTED&TRUSTED&NOT_VPN&VALIDATED LinkUpBandwidth>=1048576Kbps LinkDnBandwidth>=1048576Kbps SignalStrength: -60]
08-23 20:55:40.838 1994 2250 D ConnectivityService: checking if request is satisfied: NetworkRequest [ id=125, legacyType=-1, [ Capabilities: INTERNET&NOT_RESTRICTED&TRUSTED] ]
08-23 20:55:40.838 1994 2250 D ConnectivityService: checking if request is satisfied: NetworkRequest [ id=5, legacyType=-1, [ Transports: CELLULAR|WIFI Capabilities: NOT_RESTRICTED&TRUSTED&NOT_VPN] ]
08-23 20:55:40.838 1994 2250 D ConnectivityService: checking if request is satisfied: NetworkRequest [ id=138, legacyType=-1, [ Capabilities: INTERNET&NOT_RESTRICTED&TRUSTED] ]
08-23 20:55:40.838 1994 2250 D ConnectivityService: checking if request is satisfied: NetworkRequest [ id=49, legacyType=-1, [ Capabilities: INTERNET&NOT_RESTRICTED&TRUSTED] ]
08-23 20:55:40.838 1994 2250 D ConnectivityService: checking if request is satisfied: NetworkRequest [ id=136, legacyType=-1, [ Capabilities: INTERNET&NOT_RESTRICTED&TRUSTED] ]
08-23 20:55:40.838 1994 2250 D ConnectivityService: checking if request is satisfied: NetworkRequest [ id=45, legacyType=-1, [ Capabilities: INTERNET&NOT_RESTRICTED&TRUSTED] ]
08-23 20:55:40.838 1994 2250 D ConnectivityService: checking if request is satisfied: NetworkRequest [ id=135, legacyType=-1, [ Capabilities: INTERNET&NOT_RESTRICTED&TRUSTED] ]
08-23 20:55:40.838 1994 2250 D ConnectivityService: checking if request is satisfied: NetworkRequest [ id=44, legacyType=-1, [ Capabilities: INTERNET&NOT_RESTRICTED&TRUSTED] ]
08-23 20:55:40.838 1994 2250 D ConnectivityService: checking if request is satisfied: NetworkRequest [ id=8, legacyType=-1, [ Transports: WIFI Capabilities: INTERNET&NOT_RESTRICTED&TRUSTED&NOT_VPN] ]
08-23 20:55:40.838 1994 2250 D ConnectivityService: checking if request is satisfied: NetworkRequest [ id=133, legacyType=-1, [ Capabilities: INTERNET&NOT_RESTRICTED&TRUSTED] ]
08-23 20:55:40.838 1994 2250 D NC : satisfiedByNetworkCapabilities: true,false,true,true,true,false
08-23 20:55:40.838 1994 2250 D ConnectivityService: checking if request is satisfied: NetworkRequest [ id=9, legacyType=-1, [ Transports: CELLULAR Capabilities: INTERNET&NOT_RESTRICTED&TRUSTED&NOT_VPN] ]
08-23 20:55:40.838 1994 2250 D ConnectivityService: Network NetworkAgentInfo [WIFI () - 101] was already satisfying request 1. No change.
08-23 20:55:40.838 1994 2250 D ConnectivityService: checking if request is satisfied: NetworkRequest [ id=50, legacyType=-1, [ Capabilities: INTERNET&NOT_RESTRICTED&TRUSTED] ]
08-23 20:55:40.838 1994 2250 D ConnectivityService: checking if request is satisfied: NetworkRequest [ id=4, legacyType=-1, [ Capabilities: TRUSTED&NOT_VPN] ]
08-23 20:55:40.838 1994 2250 D ConnectivityService: checking if request is satisfied: NetworkRequest [ id=3, legacyType=-1, [] ]
08-23 20:55:40.838 1994 2250 D ConnectivityService: checking if request is satisfied: NetworkRequest [ id=12, legacyType=-1, [ Capabilities: INTERNET&NOT_RESTRICTED&TRUSTED&NOT_VPN] ]
08-23 20:55:40.839 1994 2250 D ConnectivityService: checking if request is satisfied: NetworkRequest [ id=6, legacyType=-1, [] ]
08-23 20:55:40.839 1994 2250 D ConnectivityService: checking if request is satisfied: NetworkRequest [ id=75, legacyType=-1, [ Capabilities: INTERNET&NOT_RESTRICTED&TRUSTED] ]
08-23 20:55:40.839 1994 2250 D ConnectivityService: checking if request is satisfied: NetworkRequest [ id=137, legacyType=-1, [ Capabilities: INTERNET&NOT_RESTRICTED&TRUSTED] ]
08-23 20:55:40.839 1994 2250 D ConnectivityService: checking if request is satisfied: NetworkRequest [ id=134, legacyType=-1, [ Capabilities: INTERNET&NOT_RESTRICTED&TRUSTED] ]
08-23 20:55:40.839 1994 2250 D ConnectivityService: sending notification AVAILABLE for NetworkRequest [ id=138, legacyType=-1, [ Capabilities: INTERNET&NOT_RESTRICTED&TRUSTED] ]
08-23 20:55:40.863 1994 2007 I ActivityManager: Recipient 26387
08-23 20:55:40.870 1994 2007 D ActivityManager: cleanUpApplicationRecord -- 26387
08-23 20:55:41.480 1994 3807 D PMS : acquireWL(3abc4d2): PARTIAL_WAKE_LOCK BackgroundTaskService-SyncAcctsForLoginTask 0x1 29362 10116 null
08-23 20:55:41.516 1994 2007 I ActivityManager: Start proc 29391:com.google.process.gapps/u0a19 for content provider com.google.android.gsf/.gservices.GservicesProvider
08-23 20:55:42.289 1994 2032 D BluetoothManagerService: Message: UNKNOWN(401)
08-23 20:55:42.414 1994 2170 D PMS : acquireWL(bcd76df): PARTIAL_WAKE_LOCK BackgroundTaskService-RegisterSyncPhenotypeTask 0x1 29362 10116 null
08-23 20:55:42.471 1994 2120 D AlarmManager: sending alarm to uid=1000, package=android, listener=android.app.AlarmManager$ListenerWrapper@2dbf2c, listenerTag=*job.delay*, t=2, cnt=1, w=4359002, Int=0
08-23 20:55:42.472 1994 2120 D PMS : acquireWL(bc1fdf5): PARTIAL_WAKE_LOCK *alarm* 0x1 1994 1000 WorkSource{10054}
08-23 20:55:42.472 1994 2120 D AlarmManager: sending alarm to uid=1000, package=android, listener=android.app.AlarmManager$ListenerWrapper@d77f78a, listenerTag=*job.deadline*, t=2, cnt=1, w=4362910, Int=0
08-23 20:55:42.472 1994 2120 D AlarmManager: sending alarm to uid=1000, package=android, listener=android.app.AlarmManager$ListenerWrapper@83ca1fb, listenerTag=*job.deadline*, t=2, cnt=1, w=4362910, Int=0
08-23 20:55:42.472 1994 2120 D AlarmManager: sending alarm to uid=1000, package=android, listener=android.app.AlarmManager$ListenerWrapper@e4da218, listenerTag=*job.deadline*, t=2, cnt=1, w=4362910, Int=0
08-23 20:55:42.472 1994 2120 D AlarmManager: sending alarm to uid=1000, package=android, listener=android.app.AlarmManager$ListenerWrapper@5018471, listenerTag=*job.deadline*, t=2, cnt=1, w=4362910, Int=0
08-23 20:55:42.528 1994 2026 D DeviceIdleController: handleMessage(7)
08-23 20:55:42.532 1994 1994 D PMS : releaseWL(bc1fdf5): PARTIAL_WAKE_LOCK *alarm* 0x1 WorkSource{10109}
08-23 20:55:42.533 1994 1994 D PMS : acquireWL(df9c148): PARTIAL_WAKE_LOCK *job*/com.android.vending/com.google.android.finsky.scheduler.JobSchedulerEngine$PhoneskyJobSchedulerJobService 0x1 1994 1000 WorkSource{10054}
08-23 20:55:42.622 1994 3576 D PMS : acquireWL(2b2afc7): PARTIAL_WAKE_LOCK Icing 0x1 3845 10019 WorkSource{10019 com.google.android.gms}
08-23 20:55:42.796 1994 3581 D PMS : acquireWL(28da9f4): PARTIAL_WAKE_LOCK *net_scheduler* 0x1 3348 10019 WorkSource{10019 com.google.android.gms}
08-23 20:55:42.813 1994 2007 I ActivityManager: Start proc 29441:com.nero.android.htc.sync.installer/u0a52 for broadcast com.nero.android.htc.sync.installer/.OnNeroHTCUpgradeReceiver
08-23 20:55:43.137 1994 3579 D PMS : releaseWL(2b2afc7): PARTIAL_WAKE_LOCK Icing 0x1 WorkSource{10019 com.google.android.gms}
08-23 20:55:43.325 1994 2472 D PMS : acquireWL(50fd0bf): PARTIAL_WAKE_LOCK Icing 0x1 3845 10019 WorkSource{10019 com.google.android.gms}
08-23 20:55:43.432 1994 2008 D PMS : releaseWL(28da9f4): PARTIAL_WAKE_LOCK *net_scheduler* 0x1 WorkSource{10019 com.google.android.gms}
08-23 20:55:43.672 1994 1994 D PMS : releaseWL(df9c148): PARTIAL_WAKE_LOCK *job*/com.android.vending/com.google.android.finsky.scheduler.JobSchedulerEngine$PhoneskyJobSchedulerJobService 0x1 WorkSource{10054}
08-23 20:55:43.688 1994 2026 D DeviceIdleController: handleMessage(7)
08-23 20:55:44.165 1994 1994 D ValidateNoPeople: setContact(icechen1.com.blackbox,0.0,false)
08-23 20:55:44.165 1994 1994 E NotificationService: Suppressing notification from package by user request.
08-23 20:55:44.735 1994 2007 D PMS : acquireWL(f960f51): PARTIAL_WAKE_LOCK NlpWakeLock 0x1 3348 10019 null
08-23 20:55:44.788 1994 3582 D PMS : acquireWL(53563b6): PARTIAL_WAKE_LOCK GCoreFlp 0x1 3348 10019 WorkSource{10019 com.google.android.gms}
08-23 20:55:44.795 1994 3575 D PMS : releaseWL(53563b6): PARTIAL_WAKE_LOCK GCoreFlp 0x1 WorkSource{10019 com.google.android.gms}
08-23 20:55:44.801 1994 2523 D PMS : acquireWL(e118b7): PARTIAL_WAKE_LOCK GCoreFlp 0x1 3348 10019 WorkSource{10019 com.google.android.gms}
08-23 20:55:44.806 1994 3816 D WifiService: releaseWifiLockLocked: WifiLock{NlpWifiLock type=2 uid=10019}
08-23 20:55:44.806 1994 3809 D PMS : acquireWL(9e97824): PARTIAL_WAKE_LOCK GCoreFlp 0x1 3348 10019 WorkSource{10019 com.google.android.gms}
08-23 20:55:44.809 1994 2472 D PMS : acquireWL(adb4f8d): PARTIAL_WAKE_LOCK GCoreFlp 0x1 3348 10019 WorkSource{10019 com.google.android.gms}
08-23 20:55:44.810 1994 2568 D PMS : acquireWL(5ac0542): PARTIAL_WAKE_LOCK GCoreFlp 0x1 3348 10019 WorkSource{10019 com.google.android.gms}
08-23 20:55:44.811 1994 3580 D PMS : releaseWL(fc4a572): PARTIAL_WAKE_LOCK NlpWakeLock 0x1 null
08-23 20:55:44.813 1994 2008 D PMS : releaseWL(adb4f8d): PARTIAL_WAKE_LOCK GCoreFlp 0x1 WorkSource{10019 com.google.android.gms}
08-23 20:55:44.816 1994 3575 D PMS : acquireWL(6e48953): PARTIAL_WAKE_LOCK CMWakeLock 0x1 3348 10019 WorkSource{10019 com.google.android.gms}
08-23 20:55:44.821 1994 2026 D PMS : acquireWL(a57f290): PARTIAL_WAKE_LOCK LocationManagerService 0x1 1994 1000 WorkSource{1000 com.qualcomm.location}
08-23 20:55:44.825 1994 3695 D PMS : releaseWL(a57f290): PARTIAL_WAKE_LOCK LocationManagerService 0x1 WorkSource{1000 com.qualcomm.location}
08-23 20:55:44.834 1994 2026 D PMS : acquireWL(eba5789): PARTIAL_WAKE_LOCK LocationManagerService 0x1 1994 1000 WorkSource{10159 com.tekoia.sure.activities}
08-23 20:55:44.835 1994 2026 D PMS : acquireWL(8f9338e): PARTIAL_WAKE_LOCK LocationManagerService 0x1 1994 1000 WorkSource{1000 android}
08-23 20:55:44.836 1994 2026 D PMS : acquireWL(da467af): PARTIAL_WAKE_LOCK LocationManagerService 0x1 1994 1000 WorkSource{1000 android}
08-23 20:55:44.837 1994 2026 D PMS : acquireWL(6f1a7bc): PARTIAL_WAKE_LOCK LocationManagerService 0x1 1994 1000 WorkSource{1000 com.qualcomm.location}
08-23 20:55:44.838 1994 2026 D PMS : acquireWL(d67e345): PARTIAL_WAKE_LOCK LocationManagerService 0x1 1994 1000 WorkSource{10019 com.google.android.gms}
08-23 20:55:44.839 1994 2026 D PMS : acquireWL(8d8fa9a): PARTIAL_WAKE_LOCK LocationManagerService 0x1 1994 1000 WorkSource{10019 com.google.android.gms}
08-23 20:55:44.841 1994 1994 D PMS : releaseWL(8f9338e): PARTIAL_WAKE_LOCK LocationManagerService 0x1 WorkSource{1000 android}
08-23 20:55:44.842 1994 3572 D PMS : releaseWL(8d8fa9a): PARTIAL_WAKE_LOCK LocationManagerService 0x1 WorkSource{10019 com.google.android.gms}
08-23 20:55:44.843 1994 2472 D PMS : releaseWL(eba5789): PARTIAL_WAKE_LOCK LocationManagerService 0x1 WorkSource{10159 com.tekoia.sure.activities}
08-23 20:55:44.843 1994 3808 D PMS : releaseWL(e118b7): PARTIAL_WAKE_LOCK GCoreFlp 0x1 WorkSource{10019 com.google.android.gms}
08-23 20:55:44.844 1994 3695 D PMS : releaseWL(6f1a7bc): PARTIAL_WAKE_LOCK LocationManagerService 0x1 WorkSource{1000 com.qualcomm.location}
08-23 20:55:44.845 1994 3581 D PMS : releaseWL(9e97824): PARTIAL_WAKE_LOCK GCoreFlp 0x1 WorkSource{10019 com.google.android.gms}
08-23 20:55:44.846 1994 2026 D PMS : releaseWL(da467af): PARTIAL_WAKE_LOCK LocationManagerService 0x1 WorkSource{1000 android}
08-23 20:55:44.846 1994 3579 D PMS : releaseWL(5ac0542): PARTIAL_WAKE_LOCK GCoreFlp 0x1 WorkSource{10019 com.google.android.gms}
08-23 20:55:44.848 1994 2523 D PMS : releaseWL(d67e345): PARTIAL_WAKE_LOCK LocationManagerService 0x1 WorkSource{10019 com.google.android.gms}
08-23 20:55:44.858 1994 3582 D PMS : releaseWL(6e48953): PARTIAL_WAKE_LOCK CMWakeLock 0x1 WorkSource{10019 com.google.android.gms}
08-23 20:55:44.860 1994 3814 D PMS : acquireWL(da86ec1): PARTIAL_WAKE_LOCK GCoreFlp 0x1 3348 10019 WorkSource{10019 com.google.android.gms}
08-23 20:55:44.863 1994 2960 D PMS : acquireWL(cbc2666): PARTIAL_WAKE_LOCK CMWakeLock 0x1 3348 10019 WorkSource{10019 com.google.android.gms}
08-23 20:55:44.865 1994 2523 D PMS : acquireWL(8b39da7): PARTIAL_WAKE_LOCK GCoreFlp 0x1 3348 10019 WorkSource{10019 com.google.android.gms}
08-23 20:55:44.869 1994 2960 D PMS : acquireWL(4ad3254): PARTIAL_WAKE_LOCK GCoreFlp 0x1 3348 10019 WorkSource{10019 com.google.android.gms}
08-23 20:55:44.871 1994 3582 D PMS : acquireWL(40c35fd): PARTIAL_WAKE_LOCK UlrDispSvcFastWL 0x1 3348 10019 null
08-23 20:55:44.876 1994 3575 D PMS : releaseWL(da86ec1): PARTIAL_WAKE_LOCK GCoreFlp 0x1 WorkSource{10019 com.google.android.gms}
08-23 20:55:44.877 1994 3579 D PMS : releaseWL(8b39da7): PARTIAL_WAKE_LOCK GCoreFlp 0x1 WorkSource{10019 com.google.android.gms}
08-23 20:55:44.878 1994 2472 D PMS : releaseWL(4ad3254): PARTIAL_WAKE_LOCK GCoreFlp 0x1 WorkSource{10019 com.google.android.gms}
08-23 20:55:44.880 1994 3580 D PMS : releaseWL(cbc2666): PARTIAL_WAKE_LOCK CMWakeLock 0x1 WorkSource{10019 com.google.android.gms}
08-23 20:55:44.884 1994 2008 D PMS : acquireWL(9726d43): PARTIAL_WAKE_LOCK GCoreFlp 0x1 3348 10019 WorkSource{10019 com.google.android.gms}
08-23 20:55:44.885 1994 3578 D PMS : acquireWL(7d51fc0): PARTIAL_WAKE_LOCK BackgroundTaskService-FetchAccountPropsTask 0x1 29362 10116 null
08-23 20:55:44.887 1994 3572 D PMS : releaseWL(9726d43): PARTIAL_WAKE_LOCK GCoreFlp 0x1 WorkSource{10019 com.google.android.gms}
08-23 20:55:44.888 1994 3806 D PMS : acquireWL(3eb34f9): PARTIAL_WAKE_LOCK GCoreFlp 0x1 3348 10019 WorkSource{10019 com.google.android.gms}
08-23 20:55:44.890 1994 2568 D PMS : releaseWL(3eb34f9): PARTIAL_WAKE_LOCK GCoreFlp 0x1 WorkSource{10019 com.google.android.gms}
08-23 20:55:44.918 1994 3572 D PMS : releaseWL(7d51fc0): PARTIAL_WAKE_LOCK BackgroundTaskService-FetchAccountPropsTask 0x1 null
08-23 20:55:45.019 1994 3499 D PMS : releaseWL(f960f51): PARTIAL_WAKE_LOCK NlpWakeLock 0x1 null
08-23 20:55:45.028 1994 2170 D PMS : releaseWL(40c35fd): PARTIAL_WAKE_LOCK UlrDispSvcFastWL 0x1 null
08-23 20:55:45.037 1994 2007 D PMS : acquireWL(c864e69): PARTIAL_WAKE_LOCK UlrDispSvcFastWL 0x1 3348 10019 null
08-23 20:55:45.041 1994 3499 D PMS : acquireWL(f4990ee): PARTIAL_WAKE_LOCK CMWakeLock 0x1 3348 10019 WorkSource{10019 com.google.android.gms}
08-23 20:55:45.060 1994 3815 D PMS : releaseWL(f4990ee): PARTIAL_WAKE_LOCK CMWakeLock 0x1 WorkSource{10019 com.google.android.gms}
08-23 20:55:45.072 1994 3582 D PMS : acquireWL(28f698f): PARTIAL_WAKE_LOCK CMWakeLock 0x1 3348 10019 WorkSource{10019 com.google.android.gms}
08-23 20:55:45.073 1994 3576 D PMS : releaseWL(3abc4d2): PARTIAL_WAKE_LOCK BackgroundTaskService-SyncAcctsForLoginTask 0x1 null
08-23 20:55:45.103 1994 2170 D PMS : releaseWL(28f698f): PARTIAL_WAKE_LOCK CMWakeLock 0x1 WorkSource{10019 com.google.android.gms}
08-23 20:55:45.110 1994 2960 D PMS : releaseWL(c864e69): PARTIAL_WAKE_LOCK UlrDispSvcFastWL 0x1 null
08-23 20:55:45.122 1994 3577 D PMS : acquireWL(2a30fab): PARTIAL_WAKE_LOCK CMWakeLock 0x1 3348 10019 WorkSource{10019 com.google.android.gms}
08-23 20:55:45.146 1994 3814 D PMS : releaseWL(2a30fab): PARTIAL_WAKE_LOCK CMWakeLock 0x1 WorkSource{10019 com.google.android.gms}
08-23 20:55:45.152 1994 2008 D PMS : acquireWL(775f608): PARTIAL_WAKE_LOCK CMWakeLock 0x1 3348 10019 WorkSource{10019 com.google.android.gms}
08-23 20:55:45.161 1994 3581 D PMS : releaseWL(775f608): PARTIAL_WAKE_LOCK CMWakeLock 0x1 WorkSource{10019 com.google.android.gms}
08-23 20:55:45.203 1994 3813 D PMS : acquireWL(fb87): PARTIAL_WAKE_LOCK CMWakeLock 0x1 3348 10019 WorkSource{10019 com.google.android.gms}
08-23 20:55:45.218 1994 3809 D PMS : releaseWL(fb87): PARTIAL_WAKE_LOCK CMWakeLock 0x1 WorkSource{10019 com.google.android.gms}
08-23 20:55:45.262 1994 2523 D PMS : acquireWL(e786ab4): PARTIAL_WAKE_LOCK CMWakeLock 0x1 3348 10019 WorkSource{10019 com.google.android.gms}
08-23 20:55:45.291 1994 2032 D BluetoothManagerService: Message: UNKNOWN(401)
08-23 20:55:45.292 1994 2602 D PMS : releaseWL(e786ab4): PARTIAL_WAKE_LOCK CMWakeLock 0x1 WorkSource{10019 com.google.android.gms}
08-23 20:55:45.744 1994 2170 D PMS : releaseWL(bcd76df): PARTIAL_WAKE_LOCK BackgroundTaskService-RegisterSyncPhenotypeTask 0x1 null
08-23 20:55:45.840 1994 3499 D PMS : acquireWL(a67c923): PARTIAL_WAKE_LOCK *net_scheduler* 0x1 3348 10019 WorkSource{10019 com.google.android.gms}
08-23 20:55:46.166 1994 2602 D PMS : releaseWL(a67c923): PARTIAL_WAKE_LOCK *net_scheduler* 0x1 WorkSource{10019 com.google.android.gms}
08-23 20:55:46.169 1994 3577 D PMS : acquireWL(4e3d47f): PARTIAL_WAKE_LOCK *net_scheduler* 0x1 3348 10019 WorkSource{10019 com.google.android.gms}
08-23 20:55:46.538 1994 3808 D PMS : releaseWL(4e3d47f): PARTIAL_WAKE_LOCK *net_scheduler* 0x1 WorkSource{10019 com.google.android.gms}
08-23 20:55:46.552 1994 2472 D PMS : acquireWL(8fa5c4c): PARTIAL_WAKE_LOCK *net_scheduler* 0x1 3348 10019 WorkSource{10019 com.google.android.gms}
08-23 20:55:46.647 1994 3581 D PMS : releaseWL(8fa5c4c): PARTIAL_WAKE_LOCK *net_scheduler* 0x1 WorkSource{10019 com.google.android.gms}
08-23 20:55:47.156 1994 2170 D PMS : releaseWL(50fd0bf): PARTIAL_WAKE_LOCK Icing 0x1 WorkSource{10019 com.google.android.gms}
08-23 20:55:48.297 1994 2032 D BluetoothManagerService: Message: UNKNOWN(401)
08-23 20:55:51.305 1994 2032 D BluetoothManagerService: Message: UNKNOWN(401)
08-23 20:55:54.308 1994 2032 D BluetoothManagerService: Message: UNKNOWN(401)
08-23 20:55:55.826 1994 3573 I ActivityManager: Killing 28208:com.htc.mobiledata:remote/u0a41 (adj 906): empty #17
08-23 20:55:55.829 1994 3573 I ActivityManager: Killing 28188:com.htc.mobiledata/u0a41 (adj 906): empty #18
08-23 20:55:56.081 1994 3572 I ActivityManager: Recipient 28188
08-23 20:55:56.082 1994 3572 D ActivityManager: cleanUpApplicationRecord -- 28188
08-23 20:55:56.086 1994 3816 I ActivityManager: Recipient 28208
08-23 20:55:56.086 1994 3816 D ActivityManager: cleanUpApplicationRecord -- 28208
08-23 20:55:57.311 1994 2032 D BluetoothManagerService: Message: UNKNOWN(401)
08-23 20:55:57.518 1994 2523 D PMS : acquireWL(b13f511): PARTIAL_WAKE_LOCK BatteryServiceUpdateStats_3 0x1 1994 1000 null
08-23 20:55:57.519 1994 2523 I BatteryService: n_update end
08-23 20:55:57.520 1994 2523 D PMS : releaseWL(b13f511): PARTIAL_WAKE_LOCK BatteryServiceUpdateStats_3 0x1 null
08-23 20:55:57.530 1994 2039 D HtcPowerSaver: updateBatteryInfo
08-23 20:55:57.531 1994 3813 D PMS : acquireWL(850b676): PARTIAL_WAKE_LOCK AAT_com.avast.android.mobilesecurity.o.aou 0x1 6496 10236 null
08-23 20:55:57.532 1994 1994 I DeviceIdleController: updateChargingLocked: charging=true
08-23 20:55:57.532 1994 1994 W DeviceIdleController: becomeActiveLocked, reason = charging
08-23 20:55:57.533 1994 1994 D PMS : runPSCheck
08-23 20:55:57.533 1994 1994 D HtcPowerSaver: Checking...
08-23 20:55:57.533 1994 1994 I HtcPowerSaver: >> updateStatus
08-23 20:55:57.535 1994 1994 I HtcPowerSaver: << updateStatus
08-23 20:55:57.537 1994 3808 D PMS : releaseWL(850b676): PARTIAL_WAKE_LOCK AAT_com.avast.android.mobilesecurity.o.aou 0x1 null
08-23 20:56:00.002 1994 2120 D AlarmManager: sending alarm PendingIntent{a32f8d0: PendingIntentRecord{6380c9 android broadcastIntent}}, i=android.intent.action.TIME_TICK, t=3, cnt=1, w=4380440, Int=0
08-23 20:56:00.002 1994 2120 D PMS : acquireWL(739d477): PARTIAL_WAKE_LOCK *alarm* 0x40000001 1994 1000 WorkSource{1000}
08-23 20:56:00.114 1994 1994 D PMS : releaseWL(739d477): PARTIAL_WAKE_LOCK *alarm* 0x40000001 WorkSource{1000}
08-23 20:56:00.315 1994 2032 D BluetoothManagerService: Message: UNKNOWN(401)
08-23 20:56:01.831 1994 3808 I ActivityManager: Killing 28081:com.htc.music:musicenhancer/u0a25 (adj 906): empty #17
08-23 20:56:01.867 1994 3579 I ActivityManager: Recipient 28081
08-23 20:56:01.868 1994 3579 D ActivityManager: cleanUpApplicationRecord -- 28081
08-23 20:56:03.319 1994 2032 D BluetoothManagerService: Message: UNKNOWN(401)
08-23 20:56:06.321 1994 2032 D BluetoothManagerService: Message: UNKNOWN(401)
08-23 20:56:09.326 1994 2032 D BluetoothManagerService: Message: UNKNOWN(401)
08-23 20:56:12.331 1994 2032 D BluetoothManagerService: Message: UNKNOWN(401)
08-23 20:56:15.336 1994 2032 D BluetoothManagerService: Message: UNKNOWN(401)
08-23 20:56:18.340 1994 2032 D BluetoothManagerService: Message: UNKNOWN(401)
08-23 20:56:19.892 1994 2120 D AlarmManager: sending alarm PendingIntent{f60db6f: PendingIntentRecord{200baea com.google.android.gms broadcastIntent}}, i=null, t=3, cnt=1, w=4380427, Int=0
08-23 20:56:19.893 1994 2120 D PMS : acquireWL(5f3707c): PARTIAL_WAKE_LOCK *alarm* 0x1 1994 1000 WorkSource{10019 com.google.android.gms}
08-23 20:56:19.895 1994 2027 I ActivityManager: Killing 28685:com.android.keychain/1000 (adj 906): empty #17
08-23 20:56:19.921 1994 2027 I ActivityManager: Killing 28628:com.android.defcontainer/u0a11 (adj 906): empty #18
08-23 20:56:19.928 1994 2120 D AlarmManager: sending alarm PendingIntent{d4dd05: PendingIntentRecord{6e6e925 com.google.android.gms broadcastIntent}}, i=com.google.android.location.ALARM_WAKEUP_LOCATOR, t=2, cnt=1, w=4396037, Int=0
08-23 20:56:19.928 1994 2120 D AlarmManager: sending alarm to uid=1000, package=android, listener=android.app.AlarmManager$ListenerWrapper@cd7d15a, listenerTag=WifiConnectivityManager Schedule Periodic Scan Timer, t=2, cnt=1, w=4400331, Int=0
08-23 20:56:19.964 1994 2472 D PMS : acquireWL(b451868): PARTIAL_WAKE_LOCK NlpWakeLock 0x1 3348 10019 WorkSource{10019 com.google.android.gms}
08-23 20:56:19.996 1994 2007 I ActivityManager: Recipient 28628
08-23 20:56:20.000 1994 3578 D PMS : acquireWL(b108c80): PARTIAL_WAKE_LOCK NlpWakeLock 0x1 3348 10019 null
08-23 20:56:20.003 1994 2007 D ActivityManager: cleanUpApplicationRecord -- 28628
08-23 20:56:20.033 1994 2170 D WifiService: acquireWifiLockLocked: WifiLock{NlpWifiLock type=2 uid=10019}
08-23 20:56:20.073 1994 3815 D PMS : releaseWL(b451868): PARTIAL_WAKE_LOCK NlpWakeLock 0x1 WorkSource{10019 com.google.android.gms}
08-23 20:56:20.084 1994 1994 D PMS : releaseWL(5f3707c): PARTIAL_WAKE_LOCK *alarm* 0x1 null
08-23 20:56:20.094 1994 2008 I ActivityManager: Recipient 28685
08-23 20:56:20.096 1994 2008 D ActivityManager: cleanUpApplicationRecord -- 28685
08-23 20:56:20.176 1994 3806 D PMS : acquireWL(2f7450a): PARTIAL_WAKE_LOCK CMWakeLock 0x1 3348 10019 WorkSource{10019 com.google.android.gms}
08-23 20:56:20.194 1994 2602 D PMS : releaseWL(2f7450a): PARTIAL_WAKE_LOCK CMWakeLock 0x1 WorkSource{10019 com.google.android.gms}
08-23 20:56:21.345 1994 2032 D BluetoothManagerService: Message: UNKNOWN(401)
08-23 20:56:24.349 1994 2032 D BluetoothManagerService: Message: UNKNOWN(401)
08-23 20:56:25.058 1994 2120 D AlarmManager: sending alarm PendingIntent{c6d4ff1: PendingIntentRecord{6e6e925 com.google.android.gms broadcastIntent}}, i=com.google.android.location.ALARM_WAKEUP_LOCATOR, t=2, cnt=1, w=4405497, Int=0
08-23 20:56:25.060 1994 2120 D PMS : acquireWL(e4ca7d6): PARTIAL_WAKE_LOCK *alarm* 0x1 1994 1000 null
08-23 20:56:25.062 1994 3578 D PMS : acquireWL(74ada57): PARTIAL_WAKE_LOCK NlpWakeLock 0x1 3348 10019 WorkSource{10019 com.google.android.gms}
08-23 20:56:25.072 1994 3813 D PMS : acquireWL(fafa944): PARTIAL_WAKE_LOCK NlpWakeLock 0x1 3348 10019 WorkSource{10019 com.google.android.gms}
08-23 20:56:25.083 1994 2007 D PMS : releaseWL(fafa944): PARTIAL_WAKE_LOCK NlpWakeLock 0x1 WorkSource{10019 com.google.android.gms}
08-23 20:56:25.086 1994 3499 D PMS : acquireWL(1f5fa2d): PARTIAL_WAKE_LOCK GCoreFlp 0x1 3348 10019 WorkSource{10019 com.google.android.gms}
08-23 20:56:25.090 1994 2170 D PMS : acquireWL(3c36b62): PARTIAL_WAKE_LOCK GCoreFlp 0x1 3348 10019 WorkSource{10019 com.google.android.gms}
08-23 20:56:25.091 1994 3814 D PMS : acquireWL(4b8c4f3): PARTIAL_WAKE_LOCK NlpWakeLock 0x1 3348 10019 null
08-23 20:56:25.094 1994 3814 D PMS : acquireWL(5a015b0): PARTIAL_WAKE_LOCK GCoreFlp 0x1 3348 10019 WorkSource{10019 com.google.android.gms}
08-23 20:56:25.095 1994 3807 D PMS : releaseWL(1f5fa2d): PARTIAL_WAKE_LOCK GCoreFlp 0x1 WorkSource{10019 com.google.android.gms}
08-23 20:56:25.098 1994 3816 D PMS : acquireWL(1e50c29): PARTIAL_WAKE_LOCK GCoreFlp 0x1 3348 10019 WorkSource{10019 com.google.android.gms}
08-23 20:56:25.103 1994 3582 D PMS : acquireWL(8f0dbae): PARTIAL_WAKE_LOCK GCoreFlp 0x1 3348 10019 WorkSource{10019 com.google.android.gms}
08-23 20:56:25.104 1994 3582 D PMS : releaseWL(4b8c4f3): PARTIAL_WAKE_LOCK NlpWakeLock 0x1 null
08-23 20:56:25.109 1994 3572 D PMS : releaseWL(8f0dbae): PARTIAL_WAKE_LOCK GCoreFlp 0x1 WorkSource{10019 com.google.android.gms}
08-23 20:56:25.117 1994 2026 D PMS : acquireWL(810bd4f): PARTIAL_WAKE_LOCK LocationManagerService 0x1 1994 1000 WorkSource{1000 com.qualcomm.location}
08-23 20:56:25.120 1994 3695 D PMS : releaseWL(810bd4f): PARTIAL_WAKE_LOCK LocationManagerService 0x1 WorkSource{1000 com.qualcomm.location}
08-23 20:56:25.125 1994 2568 D PMS : releaseWL(3c36b62): PARTIAL_WAKE_LOCK GCoreFlp 0x1 WorkSource{10019 com.google.android.gms}
08-23 20:56:25.128 1994 2026 D PMS : acquireWL(2e8dcdc): PARTIAL_WAKE_LOCK LocationManagerService 0x1 1994 1000 WorkSource{10159 com.tekoia.sure.activities}
08-23 20:56:25.129 1994 2472 D PMS : releaseWL(2e8dcdc): PARTIAL_WAKE_LOCK LocationManagerService 0x1 WorkSource{10159 com.tekoia.sure.activities}
08-23 20:56:25.130 1994 2026 D PMS : acquireWL(e9941e5): PARTIAL_WAKE_LOCK LocationManagerService 0x1 1994 1000 WorkSource{1000 android}
08-23 20:56:25.133 1994 2170 D PMS : releaseWL(5a015b0): PARTIAL_WAKE_LOCK GCoreFlp 0x1 WorkSource{10019 com.google.android.gms}
08-23 20:56:25.136 1994 2026 D PMS : acquireWL(57304ba): PARTIAL_WAKE_LOCK LocationManagerService 0x1 1994 1000 WorkSource{1000 android}
08-23 20:56:25.137 1994 2026 D PMS : acquireWL(f45df6b): PARTIAL_WAKE_LOCK LocationManagerService 0x1 1994 1000 WorkSource{1000 com.qualcomm.location}
08-23 20:56:25.138 1994 3578 D PMS : releaseWL(1e50c29): PARTIAL_WAKE_LOCK GCoreFlp 0x1 WorkSource{10019 com.google.android.gms}
08-23 20:56:25.140 1994 2026 D PMS : acquireWL(294eac8): PARTIAL_WAKE_LOCK LocationManagerService 0x1 1994 1000 WorkSource{10019 com.google.android.gms}
08-23 20:56:25.142 1994 2026 D PMS : acquireWL(7a11761): PARTIAL_WAKE_LOCK LocationManagerService 0x1 1994 1000 WorkSource{10019 com.google.android.gms}
08-23 20:56:25.143 1994 3816 D WifiService: releaseWifiLockLocked: WifiLock{NlpWifiLock type=2 uid=10019}
08-23 20:56:25.143 1994 3807 D PMS : acquireWL(abcb286): PARTIAL_WAKE_LOCK UlrDispSvcFastWL 0x1 3348 10019 null
08-23 20:56:25.145 1994 2026 D PMS : releaseWL(57304ba): PARTIAL_WAKE_LOCK LocationManagerService 0x1 WorkSource{1000 android}
08-23 20:56:25.146 1994 3813 D PMS : acquireWL(a610747): PARTIAL_WAKE_LOCK CMWakeLock 0x1 3348 10019 WorkSource{10019 com.google.android.gms}
08-23 20:56:25.148 1994 3695 D PMS : releaseWL(f45df6b): PARTIAL_WAKE_LOCK LocationManagerService 0x1 WorkSource{1000 com.qualcomm.location}
08-23 20:56:25.150 1994 3576 D PMS : releaseWL(294eac8): PARTIAL_WAKE_LOCK LocationManagerService 0x1 WorkSource{10019 com.google.android.gms}
08-23 20:56:25.150 1994 3582 D PMS : releaseWL(b108c80): PARTIAL_WAKE_LOCK NlpWakeLock 0x1 null
08-23 20:56:25.152 1994 1994 D PMS : releaseWL(e9941e5): PARTIAL_WAKE_LOCK LocationManagerService 0x1 WorkSource{1000 android}
08-23 20:56:25.153 1994 3499 D PMS : releaseWL(7a11761): PARTIAL_WAKE_LOCK LocationManagerService 0x1 WorkSource{10019 com.google.android.gms}
08-23 20:56:25.173 1994 3581 D PMS : releaseWL(a610747): PARTIAL_WAKE_LOCK CMWakeLock 0x1 WorkSource{10019 com.google.android.gms}
08-23 20:56:25.181 1994 3576 D PMS : acquireWL(371eb74): PARTIAL_WAKE_LOCK NlpWakeLock 0x1 3348 10019 WorkSource{10019 com.google.android.gms}
08-23 20:56:25.185 1994 3573 D PMS : releaseWL(abcb286): PARTIAL_WAKE_LOCK UlrDispSvcFastWL 0x1 null
08-23 20:56:25.199 1994 3580 D PMS : releaseWL(371eb74): PARTIAL_WAKE_LOCK NlpWakeLock 0x1 WorkSource{10019 com.google.android.gms}
08-23 20:56:25.200 1994 2523 D PMS : acquireWL(cf6c89d): PARTIAL_WAKE_LOCK GCoreFlp 0x1 3348 10019 WorkSource{10019 com.google.android.gms}
08-23 20:56:25.205 1994 3813 D PMS : acquireWL(ca17112): PARTIAL_WAKE_LOCK NlpWakeLock 0x1 3348 10019 WorkSource{10019 com.google.android.gms}
08-23 20:56:25.208 1994 3573 D PMS : acquireWL(71cd0e3): PARTIAL_WAKE_LOCK GCoreFlp 0x1 3348 10019 WorkSource{10019 com.google.android.gms}
08-23 20:56:25.209 1994 2008 D PMS : releaseWL(ca17112): PARTIAL_WAKE_LOCK NlpWakeLock 0x1 WorkSource{10019 com.google.android.gms}
08-23 20:56:25.214 1994 3582 D PMS : acquireWL(17c4ae0): PARTIAL_WAKE_LOCK GCoreFlp 0x1 3348 10019 WorkSource{10019 com.google.android.gms}
08-23 20:56:25.217 1994 2960 D PMS : acquireWL(9fc5199): PARTIAL_WAKE_LOCK GCoreFlp 0x1 3348 10019 WorkSource{10019 com.google.android.gms}
08-23 20:56:25.220 1994 3578 D PMS : acquireWL(6a18c5e): PARTIAL_WAKE_LOCK GCoreFlp 0x1 3348 10019 WorkSource{10019 com.google.android.gms}
08-23 20:56:25.222 1994 3572 D PMS : releaseWL(71cd0e3): PARTIAL_WAKE_LOCK GCoreFlp 0x1 WorkSource{10019 com.google.android.gms}
08-23 20:56:25.225 1994 3816 D PMS : releaseWL(cf6c89d): PARTIAL_WAKE_LOCK GCoreFlp 0x1 WorkSource{10019 com.google.android.gms}
08-23 20:56:25.230 1994 2523 D PMS : releaseWL(17c4ae0): PARTIAL_WAKE_LOCK GCoreFlp 0x1 WorkSource{10019 com.google.android.gms}
08-23 20:56:25.232 1994 3577 D PMS : acquireWL(a41983f): PARTIAL_WAKE_LOCK NlpWakeLock 0x1 3348 10019 null
08-23 20:56:25.238 1994 3807 D PMS : releaseWL(9fc5199): PARTIAL_WAKE_LOCK GCoreFlp 0x1 WorkSource{10019 com.google.android.gms}
08-23 20:56:25.242 1994 3581 D PMS : releaseWL(6a18c5e): PARTIAL_WAKE_LOCK GCoreFlp 0x1 WorkSource{10019 com.google.android.gms}
08-23 20:56:25.252 1994 3815 D PMS : releaseWL(a41983f): PARTIAL_WAKE_LOCK NlpWakeLock 0x1 null
08-23 20:56:25.264 1994 3806 D PMS : releaseWL(74ada57): PARTIAL_WAKE_LOCK NlpWakeLock 0x1 WorkSource{10019 com.google.android.gms}
08-23 20:56:25.272 1994 1994 D PMS : releaseWL(e4ca7d6): PARTIAL_WAKE_LOCK *alarm* 0x1 null
08-23 20:56:25.294 1994 3579 D PMS : acquireWL(a0b350c): PARTIAL_WAKE_LOCK UlrDispSvcFastWL 0x1 3348 10019 null
08-23 20:56:25.312 1994 3575 D PMS : releaseWL(a0b350c): PARTIAL_WAKE_LOCK UlrDispSvcFastWL 0x1 null
08-23 20:56:27.351 1994 2032 D BluetoothManagerService: Message: UNKNOWN(401)
08-23 20:56:27.852 1994 2008 D PMS : acquireWL(9f6106a): PARTIAL_WAKE_LOCK NlpWakeLock 0x1 3348 10019 null
08-23 20:56:27.863 1994 2602 D PMS : releaseWL(9f6106a): PARTIAL_WAKE_LOCK NlpWakeLock 0x1 null
08-23 20:56:30.356 1994 2032 D BluetoothManagerService: Message: UNKNOWN(401)
08-23 20:56:33.361 1994 2032 D BluetoothManagerService: Message: UNKNOWN(401)
08-23 20:56:36.365 1994 2032 D BluetoothManagerService: Message: UNKNOWN(401)
08-23 20:56:39.369 1994 2032 D BluetoothManagerService: Message: UNKNOWN(401)
08-23 20:56:42.371 1994 2032 D BluetoothManagerService: Message: UNKNOWN(401)
08-23 20:56:45.375 1994 2032 D BluetoothManagerService: Message: UNKNOWN(401)
08-23 20:56:48.381 1994 2032 D BluetoothManagerService: Message: UNKNOWN(401)
08-23 20:56:51.385 1994 2032 D BluetoothManagerService: Message: UNKNOWN(401)
08-23 20:56:54.389 1994 2032 D BluetoothManagerService: Message: UNKNOWN(401)
08-23 20:56:55.058 1994 2120 D AlarmManager: sending alarm PendingIntent{1282c10: PendingIntentRecord{6e6e925 com.google.android.gms broadcastIntent}}, i=com.google.android.location.ALARM_WAKEUP_LOCATOR, t=2, cnt=1, w=4435497, Int=0
08-23 20:56:55.059 1994 2120 D PMS : acquireWL(fe7d309): PARTIAL_WAKE_LOCK *alarm* 0x1 1994 1000 null
08-23 20:56:55.069 1994 3581 D PMS : acquireWL(9f7c90e): PARTIAL_WAKE_LOCK NlpWakeLock 0x1 3348 10019 WorkSource{10019 com.google.android.gms}
08-23 20:56:55.077 1994 2523 D PMS : acquireWL(c970f2f): PARTIAL_WAKE_LOCK NlpWakeLock 0x1 3348 10019 null
08-23 20:56:55.081 1994 2568 D WifiService: acquireWifiLockLocked: WifiLock{NlpWifiLock type=2 uid=10019}
08-23 20:56:55.086 1994 2472 D PMS : releaseWL(9f7c90e): PARTIAL_WAKE_LOCK NlpWakeLock 0x1 WorkSource{10019 com.google.android.gms}
08-23 20:56:55.089 1994 1994 D PMS : releaseWL(fe7d309): PARTIAL_WAKE_LOCK *alarm* 0x1 null --------- beginning of main
08-23 20:56:57.082 28899 29031 E chromium: [ERROR:mailbox_manager_sync.cc(317)] MailboxSync: Incompatible attachment
08-23 20:56:57.082 28899 29031 E chromium: [ERROR:mailbox_manager_sync.cc(317)] MailboxSync: Incompatible attachment
08-23 20:56:57.115 28899 29031 E chromium: [ERROR:mailbox_manager_sync.cc(317)] MailboxSync: Incompatible attachment
08-23 20:56:57.132 28899 29031 E chromium: [ERROR:mailbox_manager_sync.cc(317)] MailboxSync: Incompatible attachment
08-23 20:56:57.149 28899 29031 E chromium: [ERROR:mailbox_manager_sync.cc(317)] MailboxSync: Incompatible attachment
08-23 20:56:57.168 28899 29031 E chromium: [ERROR:mailbox_manager_sync.cc(317)] MailboxSync: Incompatible attachment
08-23 20:56:57.168 28899 29031 E chromium: [ERROR:mailbox_manager_sync.cc(317)] MailboxSync: Incompatible attachment
08-23 20:56:57.199 28899 29031 E chromium: [ERROR:mailbox_manager_sync.cc(317)] MailboxSync: Incompatible attachment
08-23 20:56:57.215 28899 29031 E chromium: [ERROR:mailbox_manager_sync.cc(317)] MailboxSync: Incompatible attachment
08-23 20:56:57.233 28899 29031 E chromium: [ERROR:mailbox_manager_sync.cc(317)] MailboxSync: Incompatible attachment
08-23 20:56:57.249 28899 29031 E chromium: [ERROR:mailbox_manager_sync.cc(317)] MailboxSync: Incompatible attachment
08-23 20:56:57.249 28899 29031 E chromium: [ERROR:mailbox_manager_sync.cc(317)] MailboxSync: Incompatible attachment
08-23 20:56:57.283 28899 29031 E chromium: [ERROR:mailbox_manager_sync.cc(317)] MailboxSync: Incompatible attachment
08-23 20:56:57.298 28899 29031 E chromium: [ERROR:mailbox_manager_sync.cc(317)] MailboxSync: Incompatible attachment
08-23 20:56:57.317 28899 29031 E chromium: [ERROR:mailbox_manager_sync.cc(317)] MailboxSync: Incompatible attachment
08-23 20:56:57.332 28899 29031 E chromium: [ERROR:mailbox_manager_sync.cc(317)] MailboxSync: Incompatible attachment
08-23 20:56:57.332 28899 29031 E chromium: [ERROR:mailbox_manager_sync.cc(317)] MailboxSync: Incompatible attachment
08-23 20:56:57.366 28899 29031 E chromium: [ERROR:mailbox_manager_sync.cc(317)] MailboxSync: Incompatible attachment
08-23 20:56:57.384 28899 29031 E chromium: [ERROR:mailbox_manager_sync.cc(317)] MailboxSync: Incompatible attachment
08-23 20:56:57.393 1994 2032 D BluetoothManagerService: Message: UNKNOWN(401)
08-23 20:56:57.399 28899 29031 E chromium: [ERROR:mailbox_manager_sync.cc(317)] MailboxSync: Incompatible attachment
08-23 20:56:57.416 28899 29031 E chromium: [ERROR:mailbox_manager_sync.cc(317)] MailboxSync: Incompatible attachment
08-23 20:56:57.416 28899 29031 E chromium: [ERROR:mailbox_manager_sync.cc(317)] MailboxSync: Incompatible attachment
08-23 20:56:57.450 28899 29031 E chromium: [ERROR:mailbox_manager_sync.cc(317)] MailboxSync: Incompatible attachment
08-23 20:56:57.466 28899 29031 E chromium: [ERROR:mailbox_manager_sync.cc(317)] MailboxSync: Incompatible attachment
08-23 20:56:57.483 28899 29031 E chromium: [ERROR:mailbox_manager_sync.cc(317)] MailboxSync: Incompatible attachment
08-23 20:56:57.499 28899 29031 E chromium: [ERROR:mailbox_manager_sync.cc(317)] MailboxSync: Incompatible attachment
08-23 20:56:57.499 28899 29031 E chromium: [ERROR:mailbox_manager_sync.cc(317)] MailboxSync: Incompatible attachment
08-23 20:56:57.535 28899 29031 E chromium: [ERROR:mailbox_manager_sync.cc(317)] MailboxSync: Incompatible attachment
08-23 20:56:57.548 28899 29031 E chromium: [ERROR:mailbox_manager_sync.cc(317)] MailboxSync: Incompatible attachment
08-23 20:56:57.565 28899 29031 E chromium: [ERROR:mailbox_manager_sync.cc(317)] MailboxSync: Incompatible attachment
08-23 20:56:57.583 28899 29031 E chromium: [ERROR:mailbox_manager_sync.cc(317)] MailboxSync: Incompatible attachment
08-23 20:56:57.583 28899 29031 E chromium: [ERROR:mailbox_manager_sync.cc(317)] MailboxSync: Incompatible attachment
08-23 20:56:57.615 28899 29031 E chromium: [ERROR:mailbox_manager_sync.cc(317)] MailboxSync: Incompatible attachment
08-23 20:56:57.632 28899 29031 E chromium: [ERROR:mailbox_manager_sync.cc(317)] MailboxSync: Incompatible attachment
08-23 20:56:57.648 28899 29031 E chromium: [ERROR:mailbox_manager_sync.cc(317)] MailboxSync: Incompatible attachment
08-23 20:56:57.668 28899 29031 E chromium: [ERROR:mailbox_manager_sync.cc(317)] MailboxSync: Incompatible attachment
08-23 20:56:57.668 28899 29031 E chromium: [ERROR:mailbox_manager_sync.cc(317)] MailboxSync: Incompatible attachment
08-23 20:56:57.680 1994 2960 D PMS : acquireWL(6b196c5): PARTIAL_WAKE_LOCK BatteryServiceUpdateStats_3 0x1 1994 1000 null
08-23 20:56:57.681 1994 2960 I BatteryService: n_update end
08-23 20:56:57.681 1994 2030 E BatteryStatsService: power: Missing API
08-23 20:56:57.682 1994 2184 D WifiStateMachine: handleMessage: E msg.what=131133
08-23 20:56:57.682 1994 2184 D WifiStateMachine: processMsg: ConnectedState
08-23 20:56:57.682 1994 2184 D WifiStateMachine: processMsg: L2ConnectedState
08-23 20:56:57.682 1994 2184 D WifiStateMachine: processMsg: ConnectModeState
08-23 20:56:57.682 1994 2184 D WifiStateMachine: processMsg: DriverStartedState
08-23 20:56:57.682 1994 2184 D WifiStateMachine: processMsg: SupplicantStartedState
08-23 20:56:57.682 1994 2184 D WifiStateMachine: processMsg: DefaultState
08-23 20:56:57.682 1994 2960 D PMS : releaseWL(6b196c5): PARTIAL_WAKE_LOCK BatteryServiceUpdateStats_3 0x1 null
08-23 20:56:57.682 1994 2184 E wifi : wifi_get_supported_feature_set returned error = 0xffffffa1
08-23 20:56:57.682 1994 2184 D WifiStateMachine: handleMessage: X
08-23 20:56:57.687 1994 2030 E BatSS : no controller energy info supplied
08-23 20:56:57.687 1994 2030 E BatSS : no controller energy info supplied
08-23 20:56:57.701 1994 2030 E BatSS : no controller energy info supplied
08-23 20:56:57.715 28899 29031 E chromium: [ERROR:mailbox_manager_sync.cc(317)] MailboxSync: Incompatible attachment
08-23 20:56:57.730 28899 29031 E chromium: [ERROR:mailbox_manager_sync.cc(317)] MailboxSync: Incompatible attachment
08-23 20:56:57.734 28899 29031 E chromium: [ERROR:mailbox_manager_sync.cc(317)] MailboxSync: Incompatible attachment
08-23 20:56:57.734 28899 29031 E chromium: [ERROR:mailbox_manager_sync.cc(317)] MailboxSync: Incompatible attachment
08-23 20:56:57.749 28899 29031 E chromium: [ERROR:mailbox_manager_sync.cc(317)] MailboxSync: Incompatible attachment
08-23 20:56:57.753 1994 2039 W SystemReader: Cannot find sku_id, use default value instead
08-23 20:56:57.753 1994 2039 D HtcPowerSaver: updateBatteryInfo
08-23 20:56:57.754 1994 1994 I BatteryLightController: updateBattery(plugged=true plugin=true low=false full=false health=2 status=2 timeout=false usbOverheat=false)
08-23 20:56:57.754 1994 1994 D UsbnetService: BroadcastReceiver::onReceive+
08-23 20:56:57.754 1994 1994 D UsbnetService: onReceive BATTERY_CHANGED
08-23 20:56:57.754 1994 1994 D UsbnetService: --> pluggedType = 2, mPluggedType = 0, mScreenOff = false
08-23 20:56:57.754 1994 1994 D UsbnetService: BroadcastReceiver::onReceive-
08-23 20:56:57.754 1994 1994 I DeviceIdleController: updateChargingLocked: charging=true
08-23 20:56:57.754 1994 1994 W DeviceIdleController: becomeActiveLocked, reason = charging
08-23 20:56:57.754 1994 1994 D PMS : runPSCheck
08-23 20:56:57.754 1994 1994 D HtcPowerSaver: Checking...
08-23 20:56:57.754 1994 1994 I HtcPowerSaver: >> updateStatus
08-23 20:56:57.755 1994 2183 D WifiController: handleMessage: E msg.what=155652
08-23 20:56:57.755 1994 2183 D WifiController: processMsg: DeviceActiveState
08-23 20:56:57.755 1994 2183 D WifiController: processMsg: StaEnabledState
08-23 20:56:57.755 1994 2183 D WifiController: processMsg: DefaultState
08-23 20:56:57.755 1994 2183 D WifiController: handleMessage: X
08-23 20:56:57.756 1994 1994 I HtcPowerSaver: << updateStatus
08-23 20:56:57.758 3631 3631 D DotMatrix: [EventService] reorderCurrEventType, mCurrentEventType = 30, version:2.1
08-23 20:56:57.758 3631 3631 D DotMatrix: [EventService] checkEventUpdateCondition, bCheckCondition:true, mCoverOn:false,mbIsUserInForeground:true,mbIsDeviceSupportDotView:true
08-23 20:56:57.758 3444 3535 W QCNEJ : |CORE| CNE received unexpected action: android.intent.action.BATTERY_CHANGED
08-23 20:56:57.759 1994 3809 D PMS : acquireWL(6eb681a): PARTIAL_WAKE_LOCK AAT_com.avast.android.mobilesecurity.o.aou 0x1 6496 10236 null
08-23 20:56:57.762 1994 3808 D PMS : releaseWL(6eb681a): PARTIAL_WAKE_LOCK AAT_com.avast.android.mobilesecurity.o.aou 0x1 null
08-23 20:56:57.772 2410 2410 I QuickSettingPowerSaver: updateEnabledState:(false,false,false)
08-23 20:56:57.772 2410 2410 I QuickSettingPowerSaverEX: batteryLevelChanged:true
08-23 20:56:57.772 2410 2410 I QuickSettingPowerSaverEX: updateEnabledState:(false,false,false)
08-23 20:56:57.773 2410 2410 I BatteryController: (lvl,plug,charged,charging)=(26,T,f,T) [status,health,timeout,unsupprt]=[2,2,f,f]
08-23 20:56:57.775 19339 19339 I PowerUI_SlowChargerReceiver: onReceive : com.htc.intent.action.BATTERY_LEVEL_CHANGED
08-23 20:56:57.777 19339 19339 I SmartNS_ChargeOnly_Enabler: battery status:2
08-23 20:56:57.785 28899 29031 E chromium: [ERROR:mailbox_manager_sync.cc(317)] MailboxSync: Incompatible attachment
08-23 20:56:57.793 19339 19339 I PowerUI_SlowChargerReceiver: Level: 26 Plug usb battery level: 27 Battery health: 2 USB type: 2
08-23 20:56:57.816 28899 29031 E chromium: [ERROR:mailbox_manager_sync.cc(317)] MailboxSync: Incompatible attachment
