08-23 20:57:47.373 3088 3088 W pnpmgr : type=1400 audit(0.0:3823): avc: denied { write } for name="dirty_ratio" dev="proc" ino=893967 scontext=u:r:pnpmgr:s0 tcontext=u:object_r:proc_dirty_ratio:s0 tclass=file permissive=0
08-23 20:57:47.403 3088 3088 W pnpmgr : type=1400 audit(0.0:3824): avc: denied { write } for name="dirty_ratio" dev="proc" ino=893967 scontext=u:r:pnpmgr:s0 tcontext=u:object_r:proc_dirty_ratio:s0 tclass=file permissive=0
08-23 20:57:47.403 3088 3088 W pnpmgr : type=1400 audit(0.0:3825): avc: denied { write } for name="dirty_ratio" dev="proc" ino=893967 scontext=u:r:pnpmgr:s0 tcontext=u:object_r:proc_dirty_ratio:s0 tclass=file permissive=0
08-23 20:57:47.443 3088 3088 W pnpmgr : type=1400 audit(0.0:3826): avc: denied { write } for name="dirty_ratio" dev="proc" ino=893967 scontext=u:r:pnpmgr:s0 tcontext=u:object_r:proc_dirty_ratio:s0 tclass=file permissive=0
08-23 20:57:47.549 1994 2003 I art : Background partial concurrent mark sweep GC freed 11165(486KB) AllocSpace objects, 0(0B) LOS objects, 32% free, 33MB/49MB, paused 2.312ms total 190.123ms
08-23 20:57:47.653 3088 3088 W pnpmgr : type=1400 audit(0.0:3827): avc: denied { write } for name="dirty_ratio" dev="proc" ino=893967 scontext=u:r:pnpmgr:s0 tcontext=u:object_r:proc_dirty_ratio:s0 tclass=file permissive=0
08-23 20:57:47.753 3088 3088 W pnpmgr : type=1400 audit(0.0:3828): avc: denied { write } for name="dirty_ratio" dev="proc" ino=893967 scontext=u:r:pnpmgr:s0 tcontext=u:object_r:proc_dirty_ratio:s0 tclass=file permissive=0
08-23 20:57:47.853 3088 3088 W pnpmgr : type=1400 audit(0.0:3829): avc: denied { write } for name="dirty_ratio" dev="proc" ino=893967 scontext=u:r:pnpmgr:s0 tcontext=u:object_r:proc_dirty_ratio:s0 tclass=file permissive=0
08-23 20:57:47.881 2410 2410 D WIFI_ICON: WifiActivity: 0
08-23 20:57:47.882 2410 2410 D StatusBar.NetworkController: dumpIcon[(gone) stat_sys_5signal_3|null stat_sys_wifi_signal_connected_4 (gone) F]
08-23 20:57:47.889 2410 2410 D SignalBarView: onMeasure() desity =3.0 mDefaultDesity=480.0 scale =1.0
08-23 20:57:47.889 2410 2410 D SignalBarView: onMeasure() mLeft != null width =50 height =50
08-23 20:57:47.889 2410 2410 D SignalBarView: onMeasure() desity =3.0 mDefaultDesity=480.0 scale =1.0
08-23 20:57:47.889 2410 2410 D SignalBarView: onMeasure() mLeft != null width =50 height =50
08-23 20:57:47.889 2410 2410 D SignalBarView: onMeasure() desity =3.0 mDefaultDesity=480.0 scale =1.0
08-23 20:57:47.889 2410 2410 D SignalBarView: onMeasure() mLeft != null width =50 height =50
08-23 20:57:47.893 3088 3088 W pnpmgr : type=1400 audit(0.0:3830): avc: denied { write } for name="dirty_ratio" dev="proc" ino=893967 scontext=u:r:pnpmgr:s0 tcontext=u:object_r:proc_dirty_ratio:s0 tclass=file permissive=0
08-23 20:57:47.953 3088 3088 W pnpmgr : type=1400 audit(0.0:3831): avc: denied { write } for name="dirty_ratio" dev="proc" ino=893967 scontext=u:r:pnpmgr:s0 tcontext=u:object_r:proc_dirty_ratio:s0 tclass=file permissive=0
08-23 20:57:48.053 3088 3088 W pnpmgr : type=1400 audit(0.0:3832): avc: denied { write } for name="dirty_ratio" dev="proc" ino=893967 scontext=u:r:pnpmgr:s0 tcontext=u:object_r:proc_dirty_ratio:s0 tclass=file permissive=0
08-23 20:57:48.087 2410 2410 D TelephonyCallback: SignalStrength: 2
08-23 20:57:48.091 2410 2410 D SIGNAL_ICON: level=2/5
08-23 20:57:48.094 2410 2410 D StatusBar.NetworkController: dumpIcon[(gone) stat_sys_5signal_2|null stat_sys_wifi_signal_connected_4 (gone) F]
08-23 20:57:48.111 2410 2410 D SignalBarView: onMeasure() desity =3.0 mDefaultDesity=480.0 scale =1.0
08-23 20:57:48.111 2410 2410 D SignalBarView: onMeasure() mLeft != null width =50 height =50
08-23 20:57:48.111 2410 2410 D SignalBarView: onMeasure() desity =3.0 mDefaultDesity=480.0 scale =1.0
08-23 20:57:48.111 2410 2410 D SignalBarView: onMeasure() mLeft != null width =50 height =50
08-23 20:57:48.111 2410 2410 D SignalBarView: onMeasure() desity =3.0 mDefaultDesity=480.0 scale =1.0
08-23 20:57:48.111 2410 2410 D SignalBarView: onMeasure() mLeft != null width =50 height =50
08-23 20:57:48.163 3088 3088 W pnpmgr : type=1400 audit(0.0:3833): avc: denied { write } for name="dirty_ratio" dev="proc" ino=893967 scontext=u:r:pnpmgr:s0 tcontext=u:object_r:proc_dirty_ratio:s0 tclass=file permissive=0
08-23 20:57:48.199 29908 29950 W JobInfo : Specified interval for 1 is +5m0s0ms. Clamped to +15m0s0ms
08-23 20:57:48.245 29908 29950 I MY_TEST : Local Pull Task Canceled
08-23 20:57:48.259 1994 2170 W NetworkIdentity: Active mobile network without subscriber!
08-23 20:57:48.263 3088 3088 W pnpmgr : type=1400 audit(0.0:3834): avc: denied { write } for name="dirty_ratio" dev="proc" ino=893967 scontext=u:r:pnpmgr:s0 tcontext=u:object_r:proc_dirty_ratio:s0 tclass=file permissive=0
08-23 20:57:48.300 29908 30161 D libc : [NET] android_getaddrinfofornetcontext+,hn 16(0x6f70656e2e6973),sn(),hints(known),family 0,flags 1024, proc=com.mobilesrepublic.appy
08-23 20:57:48.305 1994 3578 W AccountManagerService: insertAccountIntoDatabase: Account {name=News Republic, type=com.ss.android.application1239}, skipping since the account already exists
08-23 20:57:48.306 29908 29950 W ACCOUNT_TAG: createSyncAccount Fail
08-23 20:57:48.326 1994 3814 W NetworkIdentity: Active mobile network without subscriber!
08-23 20:57:48.335 29908 29976 D libc : [NET] android_getaddrinfofornetcontext+,hn 14(0x646d2e69736e73),sn(),hints(known),family 0,flags 1024, proc=com.mobilesrepublic.appy
08-23 20:57:48.336 29908 29976 D libc : [NET] android_getaddrinfo_proxy get netid:0
08-23 20:57:48.338 686 30167 D libc : [NET] android_getaddrinfofornetcontext+,hn 14(0x646d2e69736e73),sn(),hints(known),family 0,flags 1024, proc=/system/bin/netd
08-23 20:57:48.340 686 30167 D libc : [NET] android_getaddrinfo_proxy-, fd error: Success(0)
08-23 20:57:48.340 686 30167 D libc : [NET] _dns_getaddrinfo+, netid:101, mark:917605
08-23 20:57:48.342 29908 30161 D libc : [NET] android_getaddrinfo_proxy get netid:0
08-23 20:57:48.343 686 30168 D libc : [NET] android_getaddrinfofornetcontext+,hn 16(0x6f70656e2e6973),sn(),hints(known),family 0,flags 1024, proc=/system/bin/netd
08-23 20:57:48.343 686 30168 D libc : [NET] android_getaddrinfo_proxy-, fd error: Success(0)
08-23 20:57:48.343 686 30168 D libc : [NET] _dns_getaddrinfo+, netid:101, mark:917605
08-23 20:57:48.364 686 30167 D libc : [NET] _dns_getaddrinfo-, (NS_SUCCESS)
08-23 20:57:48.369 686 30168 D libc : [NET] _dns_getaddrinfo-, (NS_SUCCESS)
08-23 20:57:48.371 29908 30161 D libc : [NET] android_getaddrinfo_proxy-, success
08-23 20:57:48.378 29908 29976 D libc : [NET] android_getaddrinfo_proxy-, success
08-23 20:57:48.411 1994 2003 I art : Background partial concurrent mark sweep GC freed 18156(905KB) AllocSpace objects, 14(712KB) LOS objects, 32% free, 33MB/49MB, paused 4.380ms total 369.310ms
08-23 20:57:48.438 1994 3816 W NetworkIdentity: Active mobile network without subscriber!
08-23 20:57:48.451 1994 2032 D BluetoothManagerService: Message: UNKNOWN(401)
08-23 20:57:48.526 29908 29975 W System.err: java.io.FileNotFoundException: /data/user/0/com.mobilesrepublic.appy/files/js/article1 (Is a directory)
08-23 20:57:48.526 29908 29975 W System.err: at java.io.FileOutputStream.open(Native Method)
08-23 20:57:48.526 29908 29975 W System.err: at java.io.FileOutputStream.(FileOutputStream.java:221)
08-23 20:57:48.526 29908 29975 W System.err: at java.io.FileOutputStream.(FileOutputStream.java:169)
08-23 20:57:48.526 29908 29975 W System.err: at com.ss.android.c.c.a(Util.java:202)
08-23 20:57:48.526 29908 29975 W System.err: at com.ss.android.c.c.a(Util.java:195)
08-23 20:57:48.526 29908 29975 W System.err: at com.ss.android.c.a.a(ArticleDetailJsHelper.java:412)
08-23 20:57:48.526 29908 29975 W System.err: at com.ss.android.c.a.a(ArticleDetailJsHelper.java:38)
08-23 20:57:48.526 29908 29975 W System.err: at com.ss.android.c.a$1.run(ArticleDetailJsHelper.java:102)
08-23 20:57:48.526 29908 29975 W System.err: at java.util.concurrent.Executors$RunnableAdapter.call(Executors.java:428)
08-23 20:57:48.526 29908 29975 W System.err: at java.util.concurrent.FutureTask.run(FutureTask.java:237)
08-23 20:57:48.526 29908 29975 W System.err: at java.util.concurrent.ThreadPoolExecutor.runWorker(ThreadPoolExecutor.java:1133)
08-23 20:57:48.526 29908 29975 W System.err: at java.util.concurrent.ThreadPoolExecutor$Worker.run(ThreadPoolExecutor.java:607)
08-23 20:57:48.526 29908 29975 W System.err: at java.lang.Thread.run(Thread.java:761)
08-23 20:57:48.526 29908 29975 W System.err: at com.ss.android.network.threadpool.c$1.run(SSThreadFactory.java:39)
08-23 20:57:48.863 3088 3088 W pnpmgr : type=1400 audit(0.0:3835): avc: denied { write } for name="dirty_ratio" dev="proc" ino=893967 scontext=u:r:pnpmgr:s0 tcontext=u:object_r:proc_dirty_ratio:s0 tclass=file permissive=0
08-23 20:57:48.882 2410 2410 D WIFI_ICON: WifiActivity: 3
08-23 20:57:48.884 2410 2410 D StatusBar.NetworkController: dumpIcon[(gone) stat_sys_5signal_2|null stat_sys_wifi_signal_inandout_4 (gone) F]
08-23 20:57:48.892 2410 2410 D SignalBarView: onMeasure() desity =3.0 mDefaultDesity=480.0 scale =1.0
08-23 20:57:48.893 2410 2410 D SignalBarView: onMeasure() mLeft != null width =50 height =50
08-23 20:57:48.893 2410 2410 D SignalBarView: onMeasure() desity =3.0 mDefaultDesity=480.0 scale =1.0
08-23 20:57:48.893 2410 2410 D SignalBarView: onMeasure() mLeft != null width =50 height =50
08-23 20:57:48.893 2410 2410 D SignalBarView: onMeasure() desity =3.0 mDefaultDesity=480.0 scale =1.0
08-23 20:57:48.893 2410 2410 D SignalBarView: onMeasure() mLeft != null width =50 height =50
08-23 20:57:49.256 1994 2003 I art : Background partial concurrent mark sweep GC freed 7953(296KB) AllocSpace objects, 0(0B) LOS objects, 32% free, 33MB/49MB, paused 3.509ms total 274.376ms
08-23 20:57:50.125 1994 2003 I art : Background partial concurrent mark sweep GC freed 7029(255KB) AllocSpace objects, 0(0B) LOS objects, 32% free, 33MB/49MB, paused 3.530ms total 270.636ms
08-23 20:57:50.169 1994 2184 D WifiStateMachine: handleMessage: E msg.what=131155
08-23 20:57:50.169 1994 2184 D WifiStateMachine: processMsg: ConnectedState
08-23 20:57:50.169 1994 2184 D WifiStateMachine: processMsg: L2ConnectedState
08-23 20:57:50.180 2324 2324 D wpa_supplicant: wlan0: Control interface command 'SIGNAL_POLL'
08-23 20:57:50.189 1994 2184 D WifiStateMachine: CMD_RSSI_POLL: TxBytes = 42878, RxBytes = 105112
08-23 20:57:50.190 1994 2184 D WifiStateMachine: handleMessage: X
08-23 20:57:50.995 1994 2003 I art : Background partial concurrent mark sweep GC freed 7899(284KB) AllocSpace objects, 0(0B) LOS objects, 32% free, 33MB/49MB, paused 3.865ms total 274.526ms
08-23 20:57:51.211 2543 2620 D ContactMessageStore: MSG_CHECK_DELETION >>
08-23 20:57:51.211 2543 2620 D ContactMessageStore: mDeleteTask = null, bDeleting = false
08-23 20:57:51.216 2543 30192 D ContactMessageStore: start background delete task...
08-23 20:57:51.235 2543 30192 D ContactMessageStore: size: 0 , 0
08-23 20:57:51.235 2543 30192 D ContactMessageStore: Background delete complete
08-23 20:57:51.236 2543 2620 D AccFlag : sense_version=8.0
08-23 20:57:51.236 2543 2620 D AccFlag : sense 8.0, sku_id=118
08-23 20:57:51.236 2543 2620 D ContactMessageStore: MSG_CHECK_DELETION <<
08-23 20:57:51.455 1994 2032 D BluetoothManagerService: Message: UNKNOWN(401)
08-23 20:57:51.888 2410 2410 D WIFI_ICON: WifiActivity: 0
08-23 20:57:51.889 1994 2003 I art : Background partial concurrent mark sweep GC freed 7509(301KB) AllocSpace objects, 2(40KB) LOS objects, 32% free, 33MB/49MB, paused 3.569ms total 270.782ms
08-23 20:57:51.889 2410 2410 D StatusBar.NetworkController: dumpIcon[(gone) stat_sys_5signal_2|null stat_sys_wifi_signal_connected_4 (gone) F]
08-23 20:57:51.901 2410 2410 D SignalBarView: onMeasure() desity =3.0 mDefaultDesity=480.0 scale =1.0
08-23 20:57:51.901 2410 2410 D SignalBarView: onMeasure() mLeft != null width =50 height =50
08-23 20:57:51.902 2410 2410 D SignalBarView: onMeasure() desity =3.0 mDefaultDesity=480.0 scale =1.0
08-23 20:57:51.902 2410 2410 D SignalBarView: onMeasure() mLeft != null width =50 height =50
08-23 20:57:51.902 2410 2410 D SignalBarView: onMeasure() desity =3.0 mDefaultDesity=480.0 scale =1.0
08-23 20:57:51.902 2410 2410 D SignalBarView: onMeasure() mLeft != null width =50 height =50
08-23 20:57:52.542 1994 2111 W SensorService: D/Accel(x, y, z, t) = ( 0.0, 0.0, 9.9, 4492923ms), sys_time = 4492982ms
08-23 20:57:52.743 1994 2003 I art : Background partial concurrent mark sweep GC freed 7226(262KB) AllocSpace objects, 0(0B) LOS objects, 32% free, 33MB/49MB, paused 3.727ms total 286.130ms
08-23 20:57:53.193 1994 2184 D WifiStateMachine: handleMessage: E msg.what=131155
08-23 20:57:53.193 1994 2184 D WifiStateMachine: processMsg: ConnectedState
08-23 20:57:53.193 1994 2184 D WifiStateMachine: processMsg: L2ConnectedState
08-23 20:57:53.205 2324 2324 D wpa_supplicant: wlan0: Control interface command 'SIGNAL_POLL'
08-23 20:57:53.213 1994 2184 D WifiStateMachine: CMD_RSSI_POLL: TxBytes = 42878, RxBytes = 105112
08-23 20:57:53.214 2410 2410 D TelephonyCallback: SignalStrength: 2
08-23 20:57:53.215 1994 2184 D WifiStateMachine: handleMessage: X
08-23 20:57:53.218 2410 2410 D SIGNAL_ICON: level=2/5
08-23 20:57:53.218 2410 2410 D StatusBar.NetworkController: dumpIcon[(gone) stat_sys_5signal_2|null stat_sys_wifi_signal_connected_4 (gone) F]
08-23 20:57:53.613 1994 2003 I art : Background partial concurrent mark sweep GC freed 8160(295KB) AllocSpace objects, 0(0B) LOS objects, 32% free, 33MB/49MB, paused 3.660ms total 270.615ms
08-23 20:57:54.459 1994 2032 D BluetoothManagerService: Message: UNKNOWN(401)
08-23 20:57:54.513 1994 2003 I art : Background partial concurrent mark sweep GC freed 7244(291KB) AllocSpace objects, 2(40KB) LOS objects, 32% free, 33MB/49MB, paused 3.805ms total 286.478ms
08-23 20:57:55.131 2410 2410 D TelephonyCallback: SignalStrength: 2
08-23 20:57:55.135 2410 2410 D SIGNAL_ICON: level=2/5
08-23 20:57:55.135 2410 2410 D StatusBar.NetworkController: dumpIcon[(gone) stat_sys_5signal_2|null stat_sys_wifi_signal_connected_4 (gone) F]
08-23 20:57:55.384 1994 2003 I art : Background partial concurrent mark sweep GC freed 7215(263KB) AllocSpace objects, 0(0B) LOS objects, 32% free, 33MB/49MB, paused 3.876ms total 282.966ms
08-23 20:57:56.217 1994 2184 D WifiStateMachine: handleMessage: E msg.what=131155
08-23 20:57:56.217 1994 2184 D WifiStateMachine: processMsg: ConnectedState
08-23 20:57:56.217 1994 2184 D WifiStateMachine: processMsg: L2ConnectedState
08-23 20:57:56.232 2324 2324 D wpa_supplicant: wlan0: Control interface command 'SIGNAL_POLL'
08-23 20:57:56.238 1994 2184 D WifiStateMachine: CMD_RSSI_POLL: TxBytes = 42878, RxBytes = 105112
08-23 20:57:56.241 1994 2184 D WifiStateMachine: handleMessage: X
08-23 20:57:56.257 1994 2003 I art : Background partial concurrent mark sweep GC freed 8050(288KB) AllocSpace objects, 0(0B) LOS objects, 32% free, 33MB/49MB, paused 4.077ms total 276.205ms
08-23 20:57:57.183 1994 2003 I art : Background partial concurrent mark sweep GC freed 6926(251KB) AllocSpace objects, 0(0B) LOS objects, 32% free, 33MB/49MB, paused 3.717ms total 273.282ms
08-23 20:57:57.463 1994 2032 D BluetoothManagerService: Message: UNKNOWN(401)
08-23 20:57:57.896 2410 2410 D WIFI_ICON: WifiActivity: 3
08-23 20:57:57.897 2410 2410 D StatusBar.NetworkController: dumpIcon[(gone) stat_sys_5signal_2|null stat_sys_wifi_signal_inandout_4 (gone) F]
08-23 20:57:57.901 2410 2410 D SignalBarView: onMeasure() desity =3.0 mDefaultDesity=480.0 scale =1.0
08-23 20:57:57.901 2410 2410 D SignalBarView: onMeasure() mLeft != null width =50 height =50
08-23 20:57:57.902 2410 2410 D SignalBarView: onMeasure() desity =3.0 mDefaultDesity=480.0 scale =1.0
08-23 20:57:57.902 2410 2410 D SignalBarView: onMeasure() mLeft != null width =50 height =50
08-23 20:57:57.902 2410 2410 D SignalBarView: onMeasure() desity =3.0 mDefaultDesity=480.0 scale =1.0
08-23 20:57:57.902 2410 2410 D SignalBarView: onMeasure() mLeft != null width =50 height =50
08-23 20:57:58.089 1994 2003 I art : Background partial concurrent mark sweep GC freed 7546(303KB) AllocSpace objects, 2(40KB) LOS objects, 32% free, 33MB/49MB, paused 3.706ms total 289.730ms
08-23 20:57:58.332 2410 2410 D TelephonyCallback: SignalStrength: 2
08-23 20:57:58.336 2410 2410 D SIGNAL_ICON: level=2/5
08-23 20:57:58.336 2410 2410 D StatusBar.NetworkController: dumpIcon[(gone) stat_sys_5signal_2|null stat_sys_wifi_signal_inandout_4 (gone) F]
08-23 20:57:58.897 2410 2410 D WIFI_ICON: WifiActivity: 0
08-23 20:57:58.898 2410 2410 D StatusBar.NetworkController: dumpIcon[(gone) stat_sys_5signal_2|null stat_sys_wifi_signal_connected_4 (gone) F]
08-23 20:57:58.901 2410 2410 D SignalBarView: onMeasure() desity =3.0 mDefaultDesity=480.0 scale =1.0
08-23 20:57:58.901 2410 2410 D SignalBarView: onMeasure() mLeft != null width =50 height =50
08-23 20:57:58.902 2410 2410 D SignalBarView: onMeasure() desity =3.0 mDefaultDesity=480.0 scale =1.0
08-23 20:57:58.902 2410 2410 D SignalBarView: onMeasure() mLeft != null width =50 height =50
08-23 20:57:58.902 2410 2410 D SignalBarView: onMeasure() desity =3.0 mDefaultDesity=480.0 scale =1.0
08-23 20:57:58.902 2410 2410 D SignalBarView: onMeasure() mLeft != null width =50 height =50
08-23 20:57:58.954 1994 2003 I art : Background partial concurrent mark sweep GC freed 10132(400KB) AllocSpace objects, 0(0B) LOS objects, 32% free, 33MB/49MB, paused 3.713ms total 274.926ms
08-23 20:57:59.055 1994 2293 D HtcWLD_v6.3.0: Turn end: total_sum=30 screen_off_sum=3
08-23 20:57:59.056 1994 2293 D HtcWLD_v6.3.0: screen_off_now=false screen_off_always=false total_sum=60 screen_off_sum=29 threshold=0.8
08-23 20:57:59.056 1994 2293 D HtcWLD_v6.3.0: com.google.android.gms com.google.android.gms 125 4145272
08-23 20:57:59.056 1994 2293 D HtcWLD_v6.3.0: com.google.android.gms.persistent com.google.android.gms 100 4148762
08-23 20:57:59.056 1994 2293 D HtcWLD_v6.3.0: com.facebook.orca com.facebook.orca 300 335132
08-23 20:57:59.056 1994 2293 D HtcWLD_v6.3.0: com.google.process.gapps com.google.android.gsf 400 125332
08-23 20:57:59.056 1994 2293 D HtcWLD_v6.3.0: com.avast.android.mobilesecurity com.avast.android.mobilesecurity 125 4111442
08-23 20:57:59.056 1994 2293 D HtcWLD_v6.3.0: com.lgi.ziggotv com.lgi.ziggotv 300 4129042
08-23 20:57:59.056 1994 2293 D HtcWLD_v6.3.0: icechen1.com.blackbox icechen1.com.blackbox 300 3991202
08-23 20:57:59.056 1994 2293 D HtcWLD_v6.3.0: com.ing.mobilepayments com.ing.mobilepayments 200 4146592
08-23 20:57:59.056 1994 2293 D HtcWLD_v6.3.0: com.facebook.katana com.facebook.katana 400 138312
08-23 20:57:59.057 1994 2293 D HtcWLD_v6.3.0: com.nero.android.htc.sync.installer com.nero.android.htc.sync.installer 400 124532
08-23 20:57:59.057 1994 2293 D HtcWLD_v6.3.0: com.ironsource.appcloud.oobe.htc com.ironsource.appcloud.oobe.htc 400 132122
08-23 20:57:59.057 1994 2293 D HtcWLD_v6.3.0: com.google.android.googlequicksearchbox:search com.google.android.googlequicksearchbox 300 4146122
08-23 20:57:59.057 1994 2293 D HtcWLD_v6.3.0: com.google.android.apps.photos com.google.android.apps.photos 400 126602
08-23 20:57:59.057 1994 2293 D HtcWLD_v6.3.0: com.google.android.wearable.app:background com.google.android.wearable.app 100 4146772
08-23 20:57:59.057 1994 2293 D HtcWLD_v6.3.0: com.runtastic.android com.runtastic.android 300 500152
08-23 20:57:59.057 1994 2293 D HtcWLD_v6.3.0: com.facebook.katana:notification com.facebook.katana 300 696272
08-23 20:57:59.057 1994 2293 D HtcWLD_v6.3.0: com.instagram.android:mqtt com.instagram.android 300 4013112
08-23 20:57:59.057 1994 2293 D HtcWLD_v6.3.0: me.webalert me.webalert 300 3990282
08-23 20:57:59.057 1994 2293 D HtcWLD_v6.3.0: se.catharsis.android.calendar se.catharsis.android.calendar 300 1393632
08-23 20:57:59.057 1994 2293 D HtcWLD_v6.3.0: org.telegram.messenger org.telegram.messenger 300 2018972
08-23 20:57:59.057 1994 2293 D HtcWLD_v6.3.0: org.thoughtcrime.securesms org.thoughtcrime.securesms 300 3488952
08-23 20:57:59.057 1994 2293 D HtcWLD_v6.3.0: com.aiqidi.nemo:remote com.aiqidi.nemo 300 149582
08-23 20:57:59.057 1994 2293 D HtcWLD_v6.3.0: com.lgi.ziggotv:penthera_provider_process com.lgi.ziggotv 300 4126432
08-23 20:57:59.057 1994 2293 D HtcWLD_v6.3.0: com.lgi.ziggotv:penthera_process com.lgi.ziggotv 300 4094492
08-23 20:57:59.057 1994 2293 D HtcWLD_v6.3.0: com.nuance.swype.dtc com.nuance.swype.dtc 130 4159862
08-23 20:57:59.057 1994 2293 D HtcWLD_v6.3.0: com.google.android.wearable.app:flow com.google.android.wearable.app 300 151382
08-23 20:57:59.057 1994 2293 D HtcWLD_v6.3.0: org.simalliance.openmobileapi.service:remote org.simalliance.openmobileapi.service 200 4146252
08-23 20:57:59.057 1994 2293 D HtcWLD_v6.3.0: com.libin.notification com.libin.notification 100 4146752
08-23 20:57:59.057 1994 2293 D HtcWLD_v6.3.0: com.google.android.googlequicksearchbox:interactor com.google.android.googlequicksearchbox 100 4147962
08-23 20:57:59.057 1994 2293 D HtcWLD_v6.3.0: .dataservices com.quicinc.cne.CNEService 100 4147842
08-23 20:57:59.057 1994 2293 D HtcWLD_v6.3.0: com.google.android.ext.services com.google.android.ext.services 100 4152502
08-23 20:57:59.057 1994 2293 D HtcWLD_v6.3.0: com.dolby com.dolby 100 4159742
08-23 20:57:59.057 1994 2293 D HtcPitroadConnector: [HtcWLD] Clear list
08-23 20:57:59.061 1994 2293 D HtcWLD_v6.3.0:
08-23 20:57:59.061 1994 2293 D HtcWLD_v6.3.0: # Check abnormal process for KnownIssueList case.
08-23 20:57:59.062 1994 2293 D HtcWLD_v6.3.0: Screen on, do nothing
08-23 20:57:59.062 1994 2293 D HtcWLD_v6.3.0:
08-23 20:57:59.062 1994 2293 D HtcWLD_v6.3.0: # Check abnormal process for GPS case.
08-23 20:57:59.062 1994 2293 D HtcWLD_v6.3.0: No one requests location, do nothing.
08-23 20:57:59.062 1994 2293 D HtcWLD_v6.3.0:
08-23 20:57:59.062 1994 2293 D HtcWLD_v6.3.0: # Check abnormal process for WifiScan case.
08-23 20:57:59.062 1994 2293 D HtcWLD_v6.3.0: all normal
08-23 20:57:59.062 1994 2293 D HtcWLD_v6.3.0:
08-23 20:57:59.063 1994 2293 D HtcWLD_v6.3.0: # Check abnormal process for Input case.
08-23 20:57:59.063 1994 2293 D HtcWLD_v6.3.0: do nothing because there is no input event
08-23 20:57:59.063 1994 2293 D HtcWLD_v6.3.0:
08-23 20:57:59.063 1994 2293 D HtcWLD_v6.3.0: # Check abnormal process for Audio case.
08-23 20:57:59.063 1994 2293 D HtcWLD_v6.3.0: No audio track holding, do nothing.
08-23 20:57:59.063 1994 2293 D HtcWLD_v6.3.0:
08-23 20:57:59.063 1994 2293 D HtcWLD_v6.3.0: # Check abnormal process for wakelock case.
08-23 20:57:59.063 1994 2293 D HtcWLD_v6.3.0: There is no wakelock held over 600000 ms
08-23 20:57:59.063 1994 2293 D HtcWLD_v6.3.0:
08-23 20:57:59.063 1994 2293 D HtcWLD_v6.3.0: # Check abnormal process for crazy CPU usage case.
08-23 20:57:59.064 1994 2293 D HtcWLD_v6.3.0: Screen on, do nothing
08-23 20:57:59.064 1994 2293 D HtcPitroadConnector: [HtcWLD] Nothing to send.
08-23 20:57:59.064 1994 2293 D HtcWLD_v6.3.0:
08-23 20:57:59.064 1994 2293 D HtcWLD_v6.3.0: << Wake Lock Detector >>
08-23 20:57:59.065 1994 2293 D HtcWLD_v6.3.0:
08-23 20:57:59.065 1994 2293 D HtcWLD_v6.3.0: Turn#1
08-23 20:57:59.065 1994 2310 D HtcWLD_v6.3.0: doAudioDetectProcess: sync_from_am=""
08-23 20:57:59.241 1994 2184 D WifiStateMachine: handleMessage: E msg.what=131155
08-23 20:57:59.241 1994 2184 D WifiStateMachine: processMsg: ConnectedState
08-23 20:57:59.241 1994 2184 D WifiStateMachine: processMsg: L2ConnectedState
08-23 20:57:59.250 2324 2324 D wpa_supplicant: wlan0: Control interface command 'SIGNAL_POLL'
08-23 20:57:59.258 1994 2184 D WifiStateMachine: CMD_RSSI_POLL: TxBytes = 42882, RxBytes = 105118
08-23 20:57:59.260 1994 2184 D WifiStateMachine: handleMessage: X
08-23 20:57:59.821 1994 2003 I art : Background partial concurrent mark sweep GC freed 15679(792KB) AllocSpace objects, 0(0B) LOS objects, 32% free, 33MB/49MB, paused 3.863ms total 270.913ms
08-23 20:57:59.900 2410 2410 D WIFI_ICON: WifiActivity: 3
08-23 20:57:59.901 2410 2410 D StatusBar.NetworkController: dumpIcon[(gone) stat_sys_5signal_2|null stat_sys_wifi_signal_inandout_4 (gone) F]
08-23 20:57:59.918 2410 2410 D SignalBarView: onMeasure() desity =3.0 mDefaultDesity=480.0 scale =1.0
08-23 20:57:59.918 2410 2410 D SignalBarView: onMeasure() mLeft != null width =50 height =50
08-23 20:57:59.919 2410 2410 D SignalBarView: onMeasure() desity =3.0 mDefaultDesity=480.0 scale =1.0
08-23 20:57:59.919 2410 2410 D SignalBarView: onMeasure() mLeft != null width =50 height =50
08-23 20:57:59.919 2410 2410 D SignalBarView: onMeasure() desity =3.0 mDefaultDesity=480.0 scale =1.0
08-23 20:57:59.919 2410 2410 D SignalBarView: onMeasure() mLeft != null width =50 height =50
08-23 20:58:00.001 1994 2120 D AlarmManager: sending alarm PendingIntent{a32f8d0: PendingIntentRecord{6380c9 android broadcastIntent}}, i=android.intent.action.TIME_TICK, t=3, cnt=1, w=4500439, Int=0
08-23 20:58:00.002 1994 2120 D PMS : acquireWL(16dbdc2): PARTIAL_WAKE_LOCK *alarm* 0x40000001 1994 1000 WorkSource{1000}
08-23 20:58:00.111 1994 1994 D PMS : releaseWL(16dbdc2): PARTIAL_WAKE_LOCK *alarm* 0x40000001 WorkSource{1000}
08-23 20:58:00.467 1994 2032 D BluetoothManagerService: Message: UNKNOWN(401)
08-23 20:58:00.682 1994 2003 I art : Background partial concurrent mark sweep GC freed 8810(343KB) AllocSpace objects, 2(40KB) LOS objects, 32% free, 33MB/49MB, paused 3.666ms total 269.511ms
08-23 20:58:00.894 28773 29035 D NoSync : Called fdatasync
08-23 20:58:00.901 2410 2410 D WIFI_ICON: WifiActivity: 0
08-23 20:58:00.902 2410 2410 D StatusBar.NetworkController: dumpIcon[(gone) stat_sys_5signal_2|null stat_sys_wifi_signal_connected_4 (gone) F]
08-23 20:58:00.918 2410 2410 D SignalBarView: onMeasure() desity =3.0 mDefaultDesity=480.0 scale =1.0
08-23 20:58:00.918 2410 2410 D SignalBarView: onMeasure() mLeft != null width =50 height =50
08-23 20:58:00.918 2410 2410 D SignalBarView: onMeasure() desity =3.0 mDefaultDesity=480.0 scale =1.0
08-23 20:58:00.918 2410 2410 D SignalBarView: onMeasure() mLeft != null width =50 height =50
08-23 20:58:00.919 2410 2410 D SignalBarView: onMeasure() desity =3.0 mDefaultDesity=480.0 scale =1.0
08-23 20:58:00.919 2410 2410 D SignalBarView: onMeasure() mLeft != null width =50 height =50
08-23 20:58:01.065 28773 29045 D NoSync : Called fdatasync
08-23 20:58:01.564 1994 2003 I art : Background partial concurrent mark sweep GC freed 7146(259KB) AllocSpace objects, 0(0B) LOS objects, 32% free, 33MB/49MB, paused 3.878ms total 281.610ms
08-23 20:58:02.261 1994 2184 D WifiStateMachine: handleMessage: E msg.what=131155
08-23 20:58:02.261 1994 2184 D WifiStateMachine: processMsg: ConnectedState
08-23 20:58:02.261 1994 2184 D WifiStateMachine: processMsg: L2ConnectedState
08-23 20:58:02.272 2324 2324 D wpa_supplicant: wlan0: Control interface command 'SIGNAL_POLL'
08-23 20:58:02.279 1994 2184 D WifiStateMachine: CMD_RSSI_POLL: TxBytes = 42885, RxBytes = 105125
08-23 20:58:02.281 1994 2184 D WifiStateMachine: handleMessage: X
08-23 20:58:02.435 1994 2003 I art : Background partial concurrent mark sweep GC freed 7898(280KB) AllocSpace objects, 0(0B) LOS objects, 32% free, 33MB/49MB, paused 3.627ms total 270.282ms
08-23 20:58:02.553 1994 2111 W SensorService: D/Accel(x, y, z, t) = ( 0.0, 0.1, 10.0, 4502930ms), sys_time = 4502992ms
08-23 20:58:02.905 2410 2410 D WIFI_ICON: WifiActivity: 3
08-23 20:58:02.906 2410 2410 D StatusBar.NetworkController: dumpIcon[(gone) stat_sys_5signal_2|null stat_sys_wifi_signal_inandout_4 (gone) F]
08-23 20:58:02.918 2410 2410 D SignalBarView: onMeasure() desity =3.0 mDefaultDesity=480.0 scale =1.0
08-23 20:58:02.918 2410 2410 D SignalBarView: onMeasure() mLeft != null width =50 height =50
08-23 20:58:02.918 2410 2410 D SignalBarView: onMeasure() desity =3.0 mDefaultDesity=480.0 scale =1.0
08-23 20:58:02.918 2410 2410 D SignalBarView: onMeasure() mLeft != null width =50 height =50
08-23 20:58:02.919 2410 2410 D SignalBarView: onMeasure() desity =3.0 mDefaultDesity=480.0 scale =1.0
08-23 20:58:02.919 2410 2410 D SignalBarView: onMeasure() mLeft != null width =50 height =50
08-23 20:58:03.243 23613 23627 I Finsky : [1656] com.google.android.finsky.bn.ab.run(5): Stats for Executor: BlockingExecutor com.google.android.finsky.bn.ac@c5b2cde[Running, pool size = 0, active threads = 0, queued tasks = 0, completed tasks = 0]
08-23 20:58:03.244 23613 23627 I Finsky : [1656] com.google.android.finsky.bn.ab.run(5): Stats for Executor: LightweightExecutor com.google.android.finsky.bn.ac@c31eebf[Running, pool size = 1, active threads = 0, queued tasks = 0, completed tasks = 1]
08-23 20:58:03.472 1994 2032 D BluetoothManagerService: Message: UNKNOWN(401)