08-23 20:57:06.126 1994 2003 I art : Background partial concurrent mark sweep GC freed 6877(249KB) AllocSpace objects, 0(0B) LOS objects, 32% free, 33MB/49MB, paused 3.947ms total 290.174ms
08-23 20:57:06.134 28899 29031 E chromium: [ERROR:mailbox_manager_sync.cc(317)] MailboxSync: Incompatible attachment
08-23 20:57:06.148 28899 29031 E chromium: [ERROR:mailbox_manager_sync.cc(317)] MailboxSync: Incompatible attachment
08-23 20:57:06.165 28899 29031 E chromium: [ERROR:mailbox_manager_sync.cc(317)] MailboxSync: Incompatible attachment
08-23 20:57:06.165 28899 29031 E chromium: [ERROR:mailbox_manager_sync.cc(317)] MailboxSync: Incompatible attachment
08-23 20:57:06.182 28899 29031 E chromium: [ERROR:mailbox_manager_sync.cc(317)] MailboxSync: Incompatible attachment
08-23 20:57:06.183 28899 29031 E chromium: [ERROR:mailbox_manager_sync.cc(317)] MailboxSync: Incompatible attachment
08-23 20:57:06.200 28899 29031 E chromium: [ERROR:mailbox_manager_sync.cc(317)] MailboxSync: Incompatible attachment
08-23 20:57:06.215 28899 29031 E chromium: [ERROR:mailbox_manager_sync.cc(317)] MailboxSync: Incompatible attachment
08-23 20:57:06.233 28899 29031 E chromium: [ERROR:mailbox_manager_sync.cc(317)] MailboxSync: Incompatible attachment
08-23 20:57:06.249 28899 29031 E chromium: [ERROR:mailbox_manager_sync.cc(317)] MailboxSync: Incompatible attachment
08-23 20:57:06.249 28899 29031 E chromium: [ERROR:mailbox_manager_sync.cc(317)] MailboxSync: Incompatible attachment
08-23 20:57:06.267 28899 29031 E chromium: [ERROR:mailbox_manager_sync.cc(317)] MailboxSync: Incompatible attachment
08-23 20:57:06.267 28899 29031 E chromium: [ERROR:mailbox_manager_sync.cc(317)] MailboxSync: Incompatible attachment
08-23 20:57:06.285 28899 29031 E chromium: [ERROR:mailbox_manager_sync.cc(317)] MailboxSync: Incompatible attachment
08-23 20:57:06.299 28899 29031 E chromium: [ERROR:mailbox_manager_sync.cc(317)] MailboxSync: Incompatible attachment
08-23 20:57:06.315 28899 29031 E chromium: [ERROR:mailbox_manager_sync.cc(317)] MailboxSync: Incompatible attachment
08-23 20:57:06.332 28899 29031 E chromium: [ERROR:mailbox_manager_sync.cc(317)] MailboxSync: Incompatible attachment
08-23 20:57:06.332 28899 29031 E chromium: [ERROR:mailbox_manager_sync.cc(317)] MailboxSync: Incompatible attachment
08-23 20:57:06.349 28899 29031 E chromium: [ERROR:mailbox_manager_sync.cc(317)] MailboxSync: Incompatible attachment
08-23 20:57:06.349 28899 29031 E chromium: [ERROR:mailbox_manager_sync.cc(317)] MailboxSync: Incompatible attachment
08-23 20:57:06.366 28899 29031 E chromium: [ERROR:mailbox_manager_sync.cc(317)] MailboxSync: Incompatible attachment
08-23 20:57:06.383 28899 29031 E chromium: [ERROR:mailbox_manager_sync.cc(317)] MailboxSync: Incompatible attachment
08-23 20:57:06.400 28899 29031 E chromium: [ERROR:mailbox_manager_sync.cc(317)] MailboxSync: Incompatible attachment
08-23 20:57:06.405 1994 2032 D BluetoothManagerService: Message: UNKNOWN(401)
08-23 20:57:06.416 28899 29031 E chromium: [ERROR:mailbox_manager_sync.cc(317)] MailboxSync: Incompatible attachment
08-23 20:57:06.416 28899 29031 E chromium: [ERROR:mailbox_manager_sync.cc(317)] MailboxSync: Incompatible attachment
08-23 20:57:06.433 28899 29031 E chromium: [ERROR:mailbox_manager_sync.cc(317)] MailboxSync: Incompatible attachment
08-23 20:57:06.433 28899 29031 E chromium: [ERROR:mailbox_manager_sync.cc(317)] MailboxSync: Incompatible attachment
08-23 20:57:06.449 28899 29031 E chromium: [ERROR:mailbox_manager_sync.cc(317)] MailboxSync: Incompatible attachment
08-23 20:57:06.466 28899 29031 E chromium: [ERROR:mailbox_manager_sync.cc(317)] MailboxSync: Incompatible attachment
08-23 20:57:06.482 28899 29031 E chromium: [ERROR:mailbox_manager_sync.cc(317)] MailboxSync: Incompatible attachment
08-23 20:57:06.500 28899 29031 E chromium: [ERROR:mailbox_manager_sync.cc(317)] MailboxSync: Incompatible attachment
08-23 20:57:06.500 28899 29031 E chromium: [ERROR:mailbox_manager_sync.cc(317)] MailboxSync: Incompatible attachment
08-23 20:57:06.516 28899 29031 E chromium: [ERROR:mailbox_manager_sync.cc(317)] MailboxSync: Incompatible attachment
08-23 20:57:06.516 28899 29031 E chromium: [ERROR:mailbox_manager_sync.cc(317)] MailboxSync: Incompatible attachment
08-23 20:57:06.532 28899 29031 E chromium: [ERROR:mailbox_manager_sync.cc(317)] MailboxSync: Incompatible attachment
08-23 20:57:06.550 28899 29031 E chromium: [ERROR:mailbox_manager_sync.cc(317)] MailboxSync: Incompatible attachment
08-23 20:57:06.567 28899 29031 E chromium: [ERROR:mailbox_manager_sync.cc(317)] MailboxSync: Incompatible attachment
08-23 20:57:06.583 28899 29031 E chromium: [ERROR:mailbox_manager_sync.cc(317)] MailboxSync: Incompatible attachment
08-23 20:57:06.583 28899 29031 E chromium: [ERROR:mailbox_manager_sync.cc(317)] MailboxSync: Incompatible attachment
08-23 20:57:06.600 28899 29031 E chromium: [ERROR:mailbox_manager_sync.cc(317)] MailboxSync: Incompatible attachment
08-23 20:57:06.600 28899 29031 E chromium: [ERROR:mailbox_manager_sync.cc(317)] MailboxSync: Incompatible attachment
08-23 20:57:06.618 28899 29031 E chromium: [ERROR:mailbox_manager_sync.cc(317)] MailboxSync: Incompatible attachment
08-23 20:57:06.634 28899 29031 E chromium: [ERROR:mailbox_manager_sync.cc(317)] MailboxSync: Incompatible attachment
08-23 20:57:06.650 28899 29031 E chromium: [ERROR:mailbox_manager_sync.cc(317)] MailboxSync: Incompatible attachment
08-23 20:57:06.666 28899 29031 E chromium: [ERROR:mailbox_manager_sync.cc(317)] MailboxSync: Incompatible attachment
08-23 20:57:06.667 28899 29031 E chromium: [ERROR:mailbox_manager_sync.cc(317)] MailboxSync: Incompatible attachment
08-23 20:57:06.684 28899 29031 E chromium: [ERROR:mailbox_manager_sync.cc(317)] MailboxSync: Incompatible attachment
08-23 20:57:06.684 28899 29031 E chromium: [ERROR:mailbox_manager_sync.cc(317)] MailboxSync: Incompatible attachment
08-23 20:57:06.700 28899 29031 E chromium: [ERROR:mailbox_manager_sync.cc(317)] MailboxSync: Incompatible attachment
08-23 20:57:06.720 28899 29031 E chromium: [ERROR:mailbox_manager_sync.cc(317)] MailboxSync: Incompatible attachment
08-23 20:57:06.734 28899 29031 E chromium: [ERROR:mailbox_manager_sync.cc(317)] MailboxSync: Incompatible attachment
08-23 20:57:06.744 28899 29031 E chromium: [ERROR:mailbox_manager_sync.cc(317)] MailboxSync: Incompatible attachment
08-23 20:57:06.744 28899 29031 E chromium: [ERROR:mailbox_manager_sync.cc(317)] MailboxSync: Incompatible attachment
08-23 20:57:06.768 28899 29031 E chromium: [ERROR:mailbox_manager_sync.cc(317)] MailboxSync: Incompatible attachment
08-23 20:57:06.768 28899 29031 E chromium: [ERROR:mailbox_manager_sync.cc(317)] MailboxSync: Incompatible attachment
08-23 20:57:06.784 28899 29031 E chromium: [ERROR:mailbox_manager_sync.cc(317)] MailboxSync: Incompatible attachment
08-23 20:57:06.803 28899 29031 E chromium: [ERROR:mailbox_manager_sync.cc(317)] MailboxSync: Incompatible attachment
08-23 20:57:06.818 28899 29031 E chromium: [ERROR:mailbox_manager_sync.cc(317)] MailboxSync: Incompatible attachment
08-23 20:57:06.832 28899 29031 E chromium: [ERROR:mailbox_manager_sync.cc(317)] MailboxSync: Incompatible attachment
08-23 20:57:06.832 28899 29031 E chromium: [ERROR:mailbox_manager_sync.cc(317)] MailboxSync: Incompatible attachment
08-23 20:57:06.849 28899 29031 E chromium: [ERROR:mailbox_manager_sync.cc(317)] MailboxSync: Incompatible attachment
08-23 20:57:06.849 28899 29031 E chromium: [ERROR:mailbox_manager_sync.cc(317)] MailboxSync: Incompatible attachment
08-23 20:57:06.867 28899 29031 E chromium: [ERROR:mailbox_manager_sync.cc(317)] MailboxSync: Incompatible attachment
08-23 20:57:06.877 28899 29031 E chromium: [ERROR:mailbox_manager_sync.cc(317)] MailboxSync: Incompatible attachment
08-23 20:57:06.891 28899 29031 E chromium: [ERROR:mailbox_manager_sync.cc(317)] MailboxSync: Incompatible attachment
08-23 20:57:06.915 28899 29031 E chromium: [ERROR:mailbox_manager_sync.cc(317)] MailboxSync: Incompatible attachment
08-23 20:57:06.915 28899 29031 E chromium: [ERROR:mailbox_manager_sync.cc(317)] MailboxSync: Incompatible attachment
08-23 20:57:06.934 28899 29031 E chromium: [ERROR:mailbox_manager_sync.cc(317)] MailboxSync: Incompatible attachment
08-23 20:57:06.934 28899 29031 E chromium: [ERROR:mailbox_manager_sync.cc(317)] MailboxSync: Incompatible attachment
08-23 20:57:06.944 28899 29031 E chromium: [ERROR:mailbox_manager_sync.cc(317)] MailboxSync: Incompatible attachment
08-23 20:57:06.967 28899 29031 E chromium: [ERROR:mailbox_manager_sync.cc(317)] MailboxSync: Incompatible attachment
08-23 20:57:06.985 28899 29031 E chromium: [ERROR:mailbox_manager_sync.cc(317)] MailboxSync: Incompatible attachment
08-23 20:57:07.000 28899 29031 E chromium: [ERROR:mailbox_manager_sync.cc(317)] MailboxSync: Incompatible attachment
08-23 20:57:07.000 28899 29031 E chromium: [ERROR:mailbox_manager_sync.cc(317)] MailboxSync: Incompatible attachment
08-23 20:57:07.016 28899 29031 E chromium: [ERROR:mailbox_manager_sync.cc(317)] MailboxSync: Incompatible attachment
08-23 20:57:07.016 28899 29031 E chromium: [ERROR:mailbox_manager_sync.cc(317)] MailboxSync: Incompatible attachment
08-23 20:57:07.034 28899 29031 E chromium: [ERROR:mailbox_manager_sync.cc(317)] MailboxSync: Incompatible attachment
08-23 20:57:07.049 28899 29031 E chromium: [ERROR:mailbox_manager_sync.cc(317)] MailboxSync: Incompatible attachment
08-23 20:57:07.050 1994 2003 I art : Background partial concurrent mark sweep GC freed 6877(249KB) AllocSpace objects, 0(0B) LOS objects, 32% free, 33MB/49MB, paused 3.396ms total 301.814ms
08-23 20:57:07.068 28899 29031 E chromium: [ERROR:mailbox_manager_sync.cc(317)] MailboxSync: Incompatible attachment
08-23 20:57:07.084 28899 29031 E chromium: [ERROR:mailbox_manager_sync.cc(317)] MailboxSync: Incompatible attachment
08-23 20:57:07.084 28899 29031 E chromium: [ERROR:mailbox_manager_sync.cc(317)] MailboxSync: Incompatible attachment
08-23 20:57:07.101 28899 29031 E chromium: [ERROR:mailbox_manager_sync.cc(317)] MailboxSync: Incompatible attachment
08-23 20:57:07.101 28899 29031 E chromium: [ERROR:mailbox_manager_sync.cc(317)] MailboxSync: Incompatible attachment
08-23 20:57:07.117 28899 29031 E chromium: [ERROR:mailbox_manager_sync.cc(317)] MailboxSync: Incompatible attachment
08-23 20:57:07.134 28899 29031 E chromium: [ERROR:mailbox_manager_sync.cc(317)] MailboxSync: Incompatible attachment
08-23 20:57:07.136 2410 2410 D TelephonyCallback: SignalStrength: 3
08-23 20:57:07.140 2410 2410 D SIGNAL_ICON: level=3/5
08-23 20:57:07.141 2410 2410 D StatusBar.NetworkController: dumpIcon[(gone) stat_sys_5signal_3|null stat_sys_wifi_signal_inandout_4 (gone) F]
08-23 20:57:07.144 2410 2410 D SignalBarView: onMeasure() desity =3.0 mDefaultDesity=480.0 scale =1.0
08-23 20:57:07.144 2410 2410 D SignalBarView: onMeasure() mLeft != null width =50 height =50
08-23 20:57:07.144 2410 2410 D SignalBarView: onMeasure() desity =3.0 mDefaultDesity=480.0 scale =1.0
08-23 20:57:07.144 2410 2410 D SignalBarView: onMeasure() mLeft != null width =50 height =50
08-23 20:57:07.145 2410 2410 D SignalBarView: onMeasure() desity =3.0 mDefaultDesity=480.0 scale =1.0
08-23 20:57:07.145 2410 2410 D SignalBarView: onMeasure() mLeft != null width =50 height =50
08-23 20:57:07.151 28899 29031 E chromium: [ERROR:mailbox_manager_sync.cc(317)] MailboxSync: Incompatible attachment
08-23 20:57:07.166 28899 29031 E chromium: [ERROR:mailbox_manager_sync.cc(317)] MailboxSync: Incompatible attachment
08-23 20:57:07.166 28899 29031 E chromium: [ERROR:mailbox_manager_sync.cc(317)] MailboxSync: Incompatible attachment
08-23 20:57:07.184 28899 29031 E chromium: [ERROR:mailbox_manager_sync.cc(317)] MailboxSync: Incompatible attachment
08-23 20:57:07.184 28899 29031 E chromium: [ERROR:mailbox_manager_sync.cc(317)] MailboxSync: Incompatible attachment
08-23 20:57:07.199 28899 29031 E chromium: [ERROR:mailbox_manager_sync.cc(317)] MailboxSync: Incompatible attachment
08-23 20:57:07.217 28899 29031 E chromium: [ERROR:mailbox_manager_sync.cc(317)] MailboxSync: Incompatible attachment
08-23 20:57:07.235 28899 29031 E chromium: [ERROR:mailbox_manager_sync.cc(317)] MailboxSync: Incompatible attachment
08-23 20:57:07.250 28899 29031 E chromium: [ERROR:mailbox_manager_sync.cc(317)] MailboxSync: Incompatible attachment
08-23 20:57:07.251 28899 29031 E chromium: [ERROR:mailbox_manager_sync.cc(317)] MailboxSync: Incompatible attachment
08-23 20:57:07.266 28899 29031 E chromium: [ERROR:mailbox_manager_sync.cc(317)] MailboxSync: Incompatible attachment
08-23 20:57:07.266 28899 29031 E chromium: [ERROR:mailbox_manager_sync.cc(317)] MailboxSync: Incompatible attachment
08-23 20:57:07.284 28899 29031 E chromium: [ERROR:mailbox_manager_sync.cc(317)] MailboxSync: Incompatible attachment
08-23 20:57:07.301 28899 29031 E chromium: [ERROR:mailbox_manager_sync.cc(317)] MailboxSync: Incompatible attachment
08-23 20:57:07.317 28899 29031 E chromium: [ERROR:mailbox_manager_sync.cc(317)] MailboxSync: Incompatible attachment
08-23 20:57:07.333 28899 29031 E chromium: [ERROR:mailbox_manager_sync.cc(317)] MailboxSync: Incompatible attachment
08-23 20:57:07.333 28899 29031 E chromium: [ERROR:mailbox_manager_sync.cc(317)] MailboxSync: Incompatible attachment
08-23 20:57:07.350 28899 29031 E chromium: [ERROR:mailbox_manager_sync.cc(317)] MailboxSync: Incompatible attachment
08-23 20:57:07.350 28899 29031 E chromium: [ERROR:mailbox_manager_sync.cc(317)] MailboxSync: Incompatible attachment
08-23 20:57:07.367 28899 29031 E chromium: [ERROR:mailbox_manager_sync.cc(317)] MailboxSync: Incompatible attachment
08-23 20:57:07.385 28899 29031 E chromium: [ERROR:mailbox_manager_sync.cc(317)] MailboxSync: Incompatible attachment
08-23 20:57:07.399 28899 29031 E chromium: [ERROR:mailbox_manager_sync.cc(317)] MailboxSync: Incompatible attachment
08-23 20:57:07.417 28899 29031 E chromium: [ERROR:mailbox_manager_sync.cc(317)] MailboxSync: Incompatible attachment
08-23 20:57:07.417 28899 29031 E chromium: [ERROR:mailbox_manager_sync.cc(317)] MailboxSync: Incompatible attachment
08-23 20:57:07.433 28899 29031 E chromium: [ERROR:mailbox_manager_sync.cc(317)] MailboxSync: Incompatible attachment
08-23 20:57:07.433 28899 29031 E chromium: [ERROR:mailbox_manager_sync.cc(317)] MailboxSync: Incompatible attachment
08-23 20:57:07.449 28899 29031 E chromium: [ERROR:mailbox_manager_sync.cc(317)] MailboxSync: Incompatible attachment
08-23 20:57:07.466 28899 29031 E chromium: [ERROR:mailbox_manager_sync.cc(317)] MailboxSync: Incompatible attachment
08-23 20:57:07.483 28899 29031 E chromium: [ERROR:mailbox_manager_sync.cc(317)] MailboxSync: Incompatible attachment
08-23 20:57:07.501 28899 29031 E chromium: [ERROR:mailbox_manager_sync.cc(317)] MailboxSync: Incompatible attachment
08-23 20:57:07.502 28899 29031 E chromium: [ERROR:mailbox_manager_sync.cc(317)] MailboxSync: Incompatible attachment
08-23 20:57:07.517 28899 29031 E chromium: [ERROR:mailbox_manager_sync.cc(317)] MailboxSync: Incompatible attachment
08-23 20:57:07.517 28899 29031 E chromium: [ERROR:mailbox_manager_sync.cc(317)] MailboxSync: Incompatible attachment
08-23 20:57:07.535 28899 29031 E chromium: [ERROR:mailbox_manager_sync.cc(317)] MailboxSync: Incompatible attachment
08-23 20:57:07.549 28899 29031 E chromium: [ERROR:mailbox_manager_sync.cc(317)] MailboxSync: Incompatible attachment
08-23 20:57:07.566 28899 29031 E chromium: [ERROR:mailbox_manager_sync.cc(317)] MailboxSync: Incompatible attachment
08-23 20:57:07.584 28899 29031 E chromium: [ERROR:mailbox_manager_sync.cc(317)] MailboxSync: Incompatible attachment
08-23 20:57:07.584 28899 29031 E chromium: [ERROR:mailbox_manager_sync.cc(317)] MailboxSync: Incompatible attachment
08-23 20:57:07.601 28899 29031 E chromium: [ERROR:mailbox_manager_sync.cc(317)] MailboxSync: Incompatible attachment
08-23 20:57:07.601 28899 29031 E chromium: [ERROR:mailbox_manager_sync.cc(317)] MailboxSync: Incompatible attachment
08-23 20:57:07.616 28899 29031 E chromium: [ERROR:mailbox_manager_sync.cc(317)] MailboxSync: Incompatible attachment
08-23 20:57:07.634 28899 29031 E chromium: [ERROR:mailbox_manager_sync.cc(317)] MailboxSync: Incompatible attachment
08-23 20:57:07.663 28899 29031 E chromium: [ERROR:mailbox_manager_sync.cc(317)] MailboxSync: Incompatible attachment
08-23 20:57:07.666 28899 29031 E chromium: [ERROR:mailbox_manager_sync.cc(317)] MailboxSync: Incompatible attachment
08-23 20:57:07.666 28899 29031 E chromium: [ERROR:mailbox_manager_sync.cc(317)] MailboxSync: Incompatible attachment
08-23 20:57:07.684 28899 29031 E chromium: [ERROR:mailbox_manager_sync.cc(317)] MailboxSync: Incompatible attachment
08-23 20:57:07.684 28899 29031 E chromium: [ERROR:mailbox_manager_sync.cc(317)] MailboxSync: Incompatible attachment
08-23 20:57:07.694 28899 29031 E chromium: [ERROR:mailbox_manager_sync.cc(317)] MailboxSync: Incompatible attachment
08-23 20:57:07.734 28899 29031 E chromium: [ERROR:mailbox_manager_sync.cc(317)] MailboxSync: Incompatible attachment
08-23 20:57:07.742 28899 29031 E chromium: [ERROR:mailbox_manager_sync.cc(317)] MailboxSync: Incompatible attachment
08-23 20:57:07.753 28899 29031 E chromium: [ERROR:mailbox_manager_sync.cc(317)] MailboxSync: Incompatible attachment
08-23 20:57:07.753 28899 29031 E chromium: [ERROR:mailbox_manager_sync.cc(317)] MailboxSync: Incompatible attachment
08-23 20:57:07.787 28899 29031 E chromium: [ERROR:mailbox_manager_sync.cc(317)] MailboxSync: Incompatible attachment
08-23 20:57:07.788 28899 29031 E chromium: [ERROR:mailbox_manager_sync.cc(317)] MailboxSync: Incompatible attachment
08-23 20:57:07.805 2410 2410 D WIFI_ICON: WifiActivity: 0
08-23 20:57:07.806 2410 2410 D StatusBar.NetworkController: dumpIcon[(gone) stat_sys_5signal_3|null stat_sys_wifi_signal_connected_4 (gone) F]
08-23 20:57:07.808 28899 29031 E chromium: [ERROR:mailbox_manager_sync.cc(317)] MailboxSync: Incompatible attachment
08-23 20:57:07.811 2410 2410 D SignalBarView: onMeasure() desity =3.0 mDefaultDesity=480.0 scale =1.0
08-23 20:57:07.811 2410 2410 D SignalBarView: onMeasure() mLeft != null width =50 height =50
08-23 20:57:07.811 2410 2410 D SignalBarView: onMeasure() desity =3.0 mDefaultDesity=480.0 scale =1.0
08-23 20:57:07.811 2410 2410 D SignalBarView: onMeasure() mLeft != null width =50 height =50
08-23 20:57:07.811 2410 2410 D SignalBarView: onMeasure() desity =3.0 mDefaultDesity=480.0 scale =1.0
08-23 20:57:07.811 2410 2410 D SignalBarView: onMeasure() mLeft != null width =50 height =50
08-23 20:57:07.818 28899 29031 E chromium: [ERROR:mailbox_manager_sync.cc(317)] MailboxSync: Incompatible attachment
08-23 20:57:07.832 28899 29031 E chromium: [ERROR:mailbox_manager_sync.cc(317)] MailboxSync: Incompatible attachment
08-23 20:57:07.832 28899 29031 E chromium: [ERROR:mailbox_manager_sync.cc(317)] MailboxSync: Incompatible attachment
08-23 20:57:07.847 1994 2184 D WifiStateMachine: handleMessage: E msg.what=131155
08-23 20:57:07.847 1994 2184 D WifiStateMachine: processMsg: ConnectedState
08-23 20:57:07.847 1994 2184 D WifiStateMachine: processMsg: L2ConnectedState
08-23 20:57:07.850 28899 29031 E chromium: [ERROR:mailbox_manager_sync.cc(317)] MailboxSync: Incompatible attachment
08-23 20:57:07.850 28899 29031 E chromium: [ERROR:mailbox_manager_sync.cc(317)] MailboxSync: Incompatible attachment
08-23 20:57:07.855 28899 29031 E chromium: [ERROR:mailbox_manager_sync.cc(317)] MailboxSync: Incompatible attachment
08-23 20:57:07.864 2324 2324 D wpa_supplicant: wlan0: Control interface command 'SIGNAL_POLL'
08-23 20:57:07.867 28899 29031 E chromium: [ERROR:mailbox_manager_sync.cc(317)] MailboxSync: Incompatible attachment
08-23 20:57:07.880 28899 29031 E chromium: [ERROR:mailbox_manager_sync.cc(317)] MailboxSync: Incompatible attachment
08-23 20:57:07.884 1994 2184 D WifiStateMachine: CMD_RSSI_POLL: TxBytes = 42786, RxBytes = 105006
08-23 20:57:07.885 1994 2184 D WifiStateMachine: handleMessage: X
08-23 20:57:07.901 28899 29031 E chromium: [ERROR:mailbox_manager_sync.cc(317)] MailboxSync: Incompatible attachment
08-23 20:57:07.901 28899 29031 E chromium: [ERROR:mailbox_manager_sync.cc(317)] MailboxSync: Incompatible attachment
08-23 20:57:07.916 28899 29031 E chromium: [ERROR:mailbox_manager_sync.cc(317)] MailboxSync: Incompatible attachment
08-23 20:57:07.917 28899 29031 E chromium: [ERROR:mailbox_manager_sync.cc(317)] MailboxSync: Incompatible attachment
08-23 20:57:07.932 28899 29031 E chromium: [ERROR:mailbox_manager_sync.cc(317)] MailboxSync: Incompatible attachment
08-23 20:57:07.950 28899 29031 E chromium: [ERROR:mailbox_manager_sync.cc(317)] MailboxSync: Incompatible attachment
08-23 20:57:07.967 28899 29031 E chromium: [ERROR:mailbox_manager_sync.cc(317)] MailboxSync: Incompatible attachment
08-23 20:57:07.986 28899 29031 E chromium: [ERROR:mailbox_manager_sync.cc(317)] MailboxSync: Incompatible attachment
08-23 20:57:07.986 28899 29031 E chromium: [ERROR:mailbox_manager_sync.cc(317)] MailboxSync: Incompatible attachment
08-23 20:57:08.003 28899 29031 E chromium: [ERROR:mailbox_manager_sync.cc(317)] MailboxSync: Incompatible attachment
08-23 20:57:08.003 28899 29031 E chromium: [ERROR:mailbox_manager_sync.cc(317)] MailboxSync: Incompatible attachment
08-23 20:57:08.016 28899 29031 E chromium: [ERROR:mailbox_manager_sync.cc(317)] MailboxSync: Incompatible attachment
08-23 20:57:08.033 28899 29031 E chromium: [ERROR:mailbox_manager_sync.cc(317)] MailboxSync: Incompatible attachment
08-23 20:57:08.040 1994 2003 I art : Background partial concurrent mark sweep GC freed 7779(308KB) AllocSpace objects, 2(40KB) LOS objects, 32% free, 33MB/49MB, paused 3.583ms total 331.747ms
08-23 20:57:08.050 28899 29031 E chromium: [ERROR:mailbox_manager_sync.cc(317)] MailboxSync: Incompatible attachment
08-23 20:57:08.066 28899 29031 E chromium: [ERROR:mailbox_manager_sync.cc(317)] MailboxSync: Incompatible attachment
08-23 20:57:08.066 28899 29031 E chromium: [ERROR:mailbox_manager_sync.cc(317)] MailboxSync: Incompatible attachment
08-23 20:57:08.083 28899 29031 E chromium: [ERROR:mailbox_manager_sync.cc(317)] MailboxSync: Incompatible attachment
08-23 20:57:08.083 28899 29031 E chromium: [ERROR:mailbox_manager_sync.cc(317)] MailboxSync: Incompatible attachment
08-23 20:57:08.101 28899 29031 E chromium: [ERROR:mailbox_manager_sync.cc(317)] MailboxSync: Incompatible attachment
08-23 20:57:08.116 28899 29031 E chromium: [ERROR:mailbox_manager_sync.cc(317)] MailboxSync: Incompatible attachment
08-23 20:57:08.134 28899 29031 E chromium: [ERROR:mailbox_manager_sync.cc(317)] MailboxSync: Incompatible attachment
08-23 20:57:08.154 28899 29031 E chromium: [ERROR:mailbox_manager_sync.cc(317)] MailboxSync: Incompatible attachment
08-23 20:57:08.154 28899 29031 E chromium: [ERROR:mailbox_manager_sync.cc(317)] MailboxSync: Incompatible attachment
08-23 20:57:08.167 28899 29031 E chromium: [ERROR:mailbox_manager_sync.cc(317)] MailboxSync: Incompatible attachment
08-23 20:57:08.167 28899 29031 E chromium: [ERROR:mailbox_manager_sync.cc(317)] MailboxSync: Incompatible attachment
08-23 20:57:08.184 28899 29031 E chromium: [ERROR:mailbox_manager_sync.cc(317)] MailboxSync: Incompatible attachment
08-23 20:57:08.201 28899 29031 E chromium: [ERROR:mailbox_manager_sync.cc(317)] MailboxSync: Incompatible attachment
08-23 20:57:08.216 28899 29031 E chromium: [ERROR:mailbox_manager_sync.cc(317)] MailboxSync: Incompatible attachment
08-23 20:57:08.233 28899 29031 E chromium: [ERROR:mailbox_manager_sync.cc(317)] MailboxSync: Incompatible attachment
08-23 20:57:08.233 28899 29031 E chromium: [ERROR:mailbox_manager_sync.cc(317)] MailboxSync: Incompatible attachment
08-23 20:57:08.249 28899 29031 E chromium: [ERROR:mailbox_manager_sync.cc(317)] MailboxSync: Incompatible attachment
08-23 20:57:08.250 28899 29031 E chromium: [ERROR:mailbox_manager_sync.cc(317)] MailboxSync: Incompatible attachment
08-23 20:57:08.267 28899 29031 E chromium: [ERROR:mailbox_manager_sync.cc(317)] MailboxSync: Incompatible attachment
08-23 20:57:08.284 28899 29031 E chromium: [ERROR:mailbox_manager_sync.cc(317)] MailboxSync: Incompatible attachment
08-23 20:57:08.300 28899 29031 E chromium: [ERROR:mailbox_manager_sync.cc(317)] MailboxSync: Incompatible attachment
08-23 20:57:08.316 28899 29031 E chromium: [ERROR:mailbox_manager_sync.cc(317)] MailboxSync: Incompatible attachment
08-23 20:57:08.316 28899 29031 E chromium: [ERROR:mailbox_manager_sync.cc(317)] MailboxSync: Incompatible attachment
08-23 20:57:08.333 28899 29031 E chromium: [ERROR:mailbox_manager_sync.cc(317)] MailboxSync: Incompatible attachment
08-23 20:57:08.333 28899 29031 E chromium: [ERROR:mailbox_manager_sync.cc(317)] MailboxSync: Incompatible attachment
08-23 20:57:08.350 28899 29031 E chromium: [ERROR:mailbox_manager_sync.cc(317)] MailboxSync: Incompatible attachment
08-23 20:57:08.367 28899 29031 E chromium: [ERROR:mailbox_manager_sync.cc(317)] MailboxSync: Incompatible attachment
08-23 20:57:08.383 28899 29031 E chromium: [ERROR:mailbox_manager_sync.cc(317)] MailboxSync: Incompatible attachment
08-23 20:57:08.400 28899 29031 E chromium: [ERROR:mailbox_manager_sync.cc(317)] MailboxSync: Incompatible attachment
08-23 20:57:08.400 28899 29031 E chromium: [ERROR:mailbox_manager_sync.cc(317)] MailboxSync: Incompatible attachment
08-23 20:57:08.416 28899 29031 E chromium: [ERROR:mailbox_manager_sync.cc(317)] MailboxSync: Incompatible attachment
08-23 20:57:08.416 28899 29031 E chromium: [ERROR:mailbox_manager_sync.cc(317)] MailboxSync: Incompatible attachment
08-23 20:57:08.428 28899 29031 E chromium: [ERROR:mailbox_manager_sync.cc(317)] MailboxSync: Incompatible attachment
08-23 20:57:08.449 28899 29031 E chromium: [ERROR:mailbox_manager_sync.cc(317)] MailboxSync: Incompatible attachment
08-23 20:57:08.467 28899 29031 E chromium: [ERROR:mailbox_manager_sync.cc(317)] MailboxSync: Incompatible attachment
08-23 20:57:08.483 28899 29031 E chromium: [ERROR:mailbox_manager_sync.cc(317)] MailboxSync: Incompatible attachment
08-23 20:57:08.483 28899 29031 E chromium: [ERROR:mailbox_manager_sync.cc(317)] MailboxSync: Incompatible attachment
08-23 20:57:08.473 3088 3088 W pnpmgr : type=1400 audit(0.0:3809): avc: denied { write } for name="dirty_ratio" dev="proc" ino=885536 scontext=u:r:pnpmgr:s0 tcontext=u:object_r:proc_dirty_ratio:s0 tclass=file permissive=0
08-23 20:57:08.497 28899 29031 E chromium: [ERROR:mailbox_manager_sync.cc(317)] MailboxSync: Incompatible attachment
08-23 20:57:08.497 28899 29031 E chromium: [ERROR:mailbox_manager_sync.cc(317)] MailboxSync: Incompatible attachment
08-23 20:57:08.516 28899 29031 E chromium: [ERROR:mailbox_manager_sync.cc(317)] MailboxSync: Incompatible attachment
08-23 20:57:08.532 28899 29031 E chromium: [ERROR:mailbox_manager_sync.cc(317)] MailboxSync: Incompatible attachment
08-23 20:57:08.551 28899 29031 E chromium: [ERROR:mailbox_manager_sync.cc(317)] MailboxSync: Incompatible attachment
08-23 20:57:08.566 28899 29031 E chromium: [ERROR:mailbox_manager_sync.cc(317)] MailboxSync: Incompatible attachment
08-23 20:57:08.566 28899 29031 E chromium: [ERROR:mailbox_manager_sync.cc(317)] MailboxSync: Incompatible attachment
08-23 20:57:08.582 28899 29031 E chromium: [ERROR:mailbox_manager_sync.cc(317)] MailboxSync: Incompatible attachment
08-23 20:57:08.582 28899 29031 E chromium: [ERROR:mailbox_manager_sync.cc(317)] MailboxSync: Incompatible attachment
08-23 20:57:08.601 28899 29031 E chromium: [ERROR:mailbox_manager_sync.cc(317)] MailboxSync: Incompatible attachment
08-23 20:57:08.615 28899 29031 E chromium: [ERROR:mailbox_manager_sync.cc(317)] MailboxSync: Incompatible attachment
08-23 20:57:08.632 28899 29031 E chromium: [ERROR:mailbox_manager_sync.cc(317)] MailboxSync: Incompatible attachment
08-23 20:57:08.649 28899 29031 E chromium: [ERROR:mailbox_manager_sync.cc(317)] MailboxSync: Incompatible attachment
08-23 20:57:08.649 28899 29031 E chromium: [ERROR:mailbox_manager_sync.cc(317)] MailboxSync: Incompatible attachment
08-23 20:57:08.665 28899 29031 E chromium: [ERROR:mailbox_manager_sync.cc(317)] MailboxSync: Incompatible attachment
08-23 20:57:08.665 28899 29031 E chromium: [ERROR:mailbox_manager_sync.cc(317)] MailboxSync: Incompatible attachment
08-23 20:57:08.683 28899 29031 E chromium: [ERROR:mailbox_manager_sync.cc(317)] MailboxSync: Incompatible attachment
08-23 20:57:08.699 28899 29031 E chromium: [ERROR:mailbox_manager_sync.cc(317)] MailboxSync: Incompatible attachment
08-23 20:57:08.717 28899 29031 E chromium: [ERROR:mailbox_manager_sync.cc(317)] MailboxSync: Incompatible attachment
08-23 20:57:08.730 28899 29031 E chromium: [ERROR:mailbox_manager_sync.cc(317)] MailboxSync: Incompatible attachment
08-23 20:57:08.731 28899 29031 E chromium: [ERROR:mailbox_manager_sync.cc(317)] MailboxSync: Incompatible attachment
08-23 20:57:08.741 28899 29031 E chromium: [ERROR:mailbox_manager_sync.cc(317)] MailboxSync: Incompatible attachment
08-23 20:57:08.741 28899 29031 E chromium: [ERROR:mailbox_manager_sync.cc(317)] MailboxSync: Incompatible attachment
08-23 20:57:08.765 28899 29031 E chromium: [ERROR:mailbox_manager_sync.cc(317)] MailboxSync: Incompatible attachment
08-23 20:57:08.785 28899 29031 E chromium: [ERROR:mailbox_manager_sync.cc(317)] MailboxSync: Incompatible attachment
08-23 20:57:08.799 28899 29031 E chromium: [ERROR:mailbox_manager_sync.cc(317)] MailboxSync: Incompatible attachment
08-23 20:57:08.807 2410 2410 D WIFI_ICON: WifiActivity: 1
08-23 20:57:08.807 2410 2410 D StatusBar.NetworkController: dumpIcon[(gone) stat_sys_5signal_3|null stat_sys_wifi_signal_in_4 (gone) F]
08-23 20:57:08.810 2410 2410 D SignalBarView: onMeasure() desity =3.0 mDefaultDesity=480.0 scale =1.0
08-23 20:57:08.810 2410 2410 D SignalBarView: onMeasure() mLeft != null width =50 height =50
08-23 20:57:08.810 2410 2410 D SignalBarView: onMeasure() desity =3.0 mDefaultDesity=480.0 scale =1.0
08-23 20:57:08.810 2410 2410 D SignalBarView: onMeasure() mLeft != null width =50 height =50
08-23 20:57:08.810 2410 2410 D SignalBarView: onMeasure() desity =3.0 mDefaultDesity=480.0 scale =1.0
08-23 20:57:08.810 2410 2410 D SignalBarView: onMeasure() mLeft != null width =50 height =50
08-23 20:57:08.822 28899 29031 E chromium: [ERROR:mailbox_manager_sync.cc(317)] MailboxSync: Incompatible attachment
08-23 20:57:08.823 28899 29031 E chromium: [ERROR:mailbox_manager_sync.cc(317)] MailboxSync: Incompatible attachment
08-23 20:57:08.833 28899 29031 E chromium: [ERROR:mailbox_manager_sync.cc(317)] MailboxSync: Incompatible attachment
08-23 20:57:08.833 28899 29031 E chromium: [ERROR:mailbox_manager_sync.cc(317)] MailboxSync: Incompatible attachment
08-23 20:57:08.850 28899 29031 E chromium: [ERROR:mailbox_manager_sync.cc(317)] MailboxSync: Incompatible attachment
08-23 20:57:08.861 28899 29031 E chromium: [ERROR:mailbox_manager_sync.cc(317)] MailboxSync: Incompatible attachment
08-23 20:57:08.882 28899 29031 E chromium: [ERROR:mailbox_manager_sync.cc(317)] MailboxSync: Incompatible attachment
08-23 20:57:08.886 1994 2003 I art : Background partial concurrent mark sweep GC freed 6625(241KB) AllocSpace objects, 0(0B) LOS objects, 32% free, 33MB/49MB, paused 3.260ms total 264.511ms
08-23 20:57:08.898 28899 29031 E chromium: [ERROR:mailbox_manager_sync.cc(317)] MailboxSync: Incompatible attachment
08-23 20:57:08.898 28899 29031 E chromium: [ERROR:mailbox_manager_sync.cc(317)] MailboxSync: Incompatible attachment
08-23 20:57:08.917 28899 29031 E chromium: [ERROR:mailbox_manager_sync.cc(317)] MailboxSync: Incompatible attachment
08-23 20:57:08.917 28899 29031 E chromium: [ERROR:mailbox_manager_sync.cc(317)] MailboxSync: Incompatible attachment
08-23 20:57:08.933 28899 29031 E chromium: [ERROR:mailbox_manager_sync.cc(317)] MailboxSync: Incompatible attachment
08-23 20:57:08.949 28899 29031 E chromium: [ERROR:mailbox_manager_sync.cc(317)] MailboxSync: Incompatible attachment
08-23 20:57:08.966 28899 29031 E chromium: [ERROR:mailbox_manager_sync.cc(317)] MailboxSync: Incompatible attachment
08-23 20:57:08.984 28899 29031 E chromium: [ERROR:mailbox_manager_sync.cc(317)] MailboxSync: Incompatible attachment
08-23 20:57:08.984 28899 29031 E chromium: [ERROR:mailbox_manager_sync.cc(317)] MailboxSync: Incompatible attachment
08-23 20:57:09.001 28899 29031 E chromium: [ERROR:mailbox_manager_sync.cc(317)] MailboxSync: Incompatible attachment
08-23 20:57:09.001 28899 29031 E chromium: [ERROR:mailbox_manager_sync.cc(317)] MailboxSync: Incompatible attachment
08-23 20:57:09.016 28899 29031 E chromium: [ERROR:mailbox_manager_sync.cc(317)] MailboxSync: Incompatible attachment
08-23 20:57:09.032 28899 29031 E chromium: [ERROR:mailbox_manager_sync.cc(317)] MailboxSync: Incompatible attachment
08-23 20:57:09.050 28899 29031 E chromium: [ERROR:mailbox_manager_sync.cc(317)] MailboxSync: Incompatible attachment
08-23 20:57:09.066 28899 29031 E chromium: [ERROR:mailbox_manager_sync.cc(317)] MailboxSync: Incompatible attachment
08-23 20:57:09.067 28899 29031 E chromium: [ERROR:mailbox_manager_sync.cc(317)] MailboxSync: Incompatible attachment
08-23 20:57:09.083 28899 29031 E chromium: [ERROR:mailbox_manager_sync.cc(317)] MailboxSync: Incompatible attachment
08-23 20:57:09.083 28899 29031 E chromium: [ERROR:mailbox_manager_sync.cc(317)] MailboxSync: Incompatible attachment
08-23 20:57:09.098 28899 29031 E chromium: [ERROR:mailbox_manager_sync.cc(317)] MailboxSync: Incompatible attachment
08-23 20:57:09.116 28899 29031 E chromium: [ERROR:mailbox_manager_sync.cc(317)] MailboxSync: Incompatible attachment
08-23 20:57:09.133 28899 29031 E chromium: [ERROR:mailbox_manager_sync.cc(317)] MailboxSync: Incompatible attachment
08-23 20:57:09.149 28899 29031 E chromium: [ERROR:mailbox_manager_sync.cc(317)] MailboxSync: Incompatible attachment
08-23 20:57:09.149 28899 29031 E chromium: [ERROR:mailbox_manager_sync.cc(317)] MailboxSync: Incompatible attachment
08-23 20:57:09.166 28899 29031 E chromium: [ERROR:mailbox_manager_sync.cc(317)] MailboxSync: Incompatible attachment
08-23 20:57:09.166 28899 29031 E chromium: [ERROR:mailbox_manager_sync.cc(317)] MailboxSync: Incompatible attachment
08-23 20:57:09.183 28899 29031 E chromium: [ERROR:mailbox_manager_sync.cc(317)] MailboxSync: Incompatible attachment
08-23 20:57:09.199 28899 29031 E chromium: [ERROR:mailbox_manager_sync.cc(317)] MailboxSync: Incompatible attachment
08-23 20:57:09.216 28899 29031 E chromium: [ERROR:mailbox_manager_sync.cc(317)] MailboxSync: Incompatible attachment
08-23 20:57:09.233 28899 29031 E chromium: [ERROR:mailbox_manager_sync.cc(317)] MailboxSync: Incompatible attachment
08-23 20:57:09.250 28899 29031 E chromium: [ERROR:mailbox_manager_sync.cc(317)] MailboxSync: Incompatible attachment
08-23 20:57:09.315 28899 29031 E chromium: [ERROR:mailbox_manager_sync.cc(317)] MailboxSync: Incompatible attachment
08-23 20:57:09.333 28899 29031 E chromium: [ERROR:mailbox_manager_sync.cc(317)] MailboxSync: Incompatible attachment
08-23 20:57:09.398 28899 29031 E chromium: [ERROR:mailbox_manager_sync.cc(317)] MailboxSync: Incompatible attachment
08-23 20:57:09.409 1994 2032 D BluetoothManagerService: Message: UNKNOWN(401)
08-23 20:57:09.415 28899 29031 E chromium: [ERROR:mailbox_manager_sync.cc(317)] MailboxSync: Incompatible attachment
08-23 20:57:09.482 28899 29031 E chromium: [ERROR:mailbox_manager_sync.cc(317)] MailboxSync: Incompatible attachment
08-23 20:57:09.498 28899 29031 E chromium: [ERROR:mailbox_manager_sync.cc(317)] MailboxSync: Incompatible attachment
08-23 20:57:09.566 28899 29031 E chromium: [ERROR:mailbox_manager_sync.cc(317)] MailboxSync: Incompatible attachment
08-23 20:57:09.582 28899 29031 E chromium: [ERROR:mailbox_manager_sync.cc(317)] MailboxSync: Incompatible attachment
08-23 20:57:09.648 28899 29031 E chromium: [ERROR:mailbox_manager_sync.cc(317)] MailboxSync: Incompatible attachment
08-23 20:57:09.667 28899 29031 E chromium: [ERROR:mailbox_manager_sync.cc(317)] MailboxSync: Incompatible attachment
08-23 20:57:09.693 2410 2410 D TelephonyCallback: SignalStrength: 3
08-23 20:57:09.703 2410 2410 D SIGNAL_ICON: level=3/5
08-23 20:57:09.703 2410 2410 D StatusBar.NetworkController: dumpIcon[(gone) stat_sys_5signal_3|null stat_sys_wifi_signal_in_4 (gone) F]
08-23 20:57:09.735 28899 29031 E chromium: [ERROR:mailbox_manager_sync.cc(317)] MailboxSync: Incompatible attachment
08-23 20:57:09.740 28899 29031 E chromium: [ERROR:mailbox_manager_sync.cc(317)] MailboxSync: Incompatible attachment
08-23 20:57:09.750 1994 2003 I art : Background partial concurrent mark sweep GC freed 6752(246KB) AllocSpace objects, 0(0B) LOS objects, 32% free, 33MB/49MB, paused 2.756ms total 274.840ms
08-23 20:57:09.798 28899 29031 E chromium: [ERROR:mailbox_manager_sync.cc(317)] MailboxSync: Incompatible attachment
08-23 20:57:09.808 2410 2410 D WIFI_ICON: WifiActivity: 0
08-23 20:57:09.809 2410 2410 D StatusBar.NetworkController: dumpIcon[(gone) stat_sys_5signal_3|null stat_sys_wifi_signal_connected_4 (gone) F]
08-23 20:57:09.809 2410 2410 D SignalBarView: onMeasure() desity =3.0 mDefaultDesity=480.0 scale =1.0
08-23 20:57:09.810 2410 2410 D SignalBarView: onMeasure() mLeft != null width =50 height =50
08-23 20:57:09.810 2410 2410 D SignalBarView: onMeasure() desity =3.0 mDefaultDesity=480.0 scale =1.0
08-23 20:57:09.810 2410 2410 D SignalBarView: onMeasure() mLeft != null width =50 height =50
08-23 20:57:09.810 2410 2410 D SignalBarView: onMeasure() desity =3.0 mDefaultDesity=480.0 scale =1.0
08-23 20:57:09.810 2410 2410 D SignalBarView: onMeasure() mLeft != null width =50 height =50
08-23 20:57:09.815 28899 29031 E chromium: [ERROR:mailbox_manager_sync.cc(317)] MailboxSync: Incompatible attachment
08-23 20:57:09.883 28899 29031 E chromium: [ERROR:mailbox_manager_sync.cc(317)] MailboxSync: Incompatible attachment
08-23 20:57:09.898 28899 29031 E chromium: [ERROR:mailbox_manager_sync.cc(317)] MailboxSync: Incompatible attachment
08-23 20:57:09.968 28899 29031 E chromium: [ERROR:mailbox_manager_sync.cc(317)] MailboxSync: Incompatible attachment
08-23 20:57:09.984 28899 29031 E chromium: [ERROR:mailbox_manager_sync.cc(317)] MailboxSync: Incompatible attachment
08-23 20:57:10.061 28899 29031 E chromium: [ERROR:mailbox_manager_sync.cc(317)] MailboxSync: Incompatible attachment
08-23 20:57:10.080 28899 29031 E chromium: [ERROR:mailbox_manager_sync.cc(317)] MailboxSync: Incompatible attachment
08-23 20:57:10.148 28899 29031 E chromium: [ERROR:mailbox_manager_sync.cc(317)] MailboxSync: Incompatible attachment
08-23 20:57:10.164 28899 29031 E chromium: [ERROR:mailbox_manager_sync.cc(317)] MailboxSync: Incompatible attachment
08-23 20:57:10.230 28899 29031 E chromium: [ERROR:mailbox_manager_sync.cc(317)] MailboxSync: Incompatible attachment
08-23 20:57:10.247 28899 29031 E chromium: [ERROR:mailbox_manager_sync.cc(317)] MailboxSync: Incompatible attachment
08-23 20:57:10.315 28899 29031 E chromium: [ERROR:mailbox_manager_sync.cc(317)] MailboxSync: Incompatible attachment
08-23 20:57:10.332 28899 29031 E chromium: [ERROR:mailbox_manager_sync.cc(317)] MailboxSync: Incompatible attachment
08-23 20:57:10.398 28899 29031 E chromium: [ERROR:mailbox_manager_sync.cc(317)] MailboxSync: Incompatible attachment
08-23 20:57:10.416 28899 29031 E chromium: [ERROR:mailbox_manager_sync.cc(317)] MailboxSync: Incompatible attachment
08-23 20:57:10.483 28899 29031 E chromium: [ERROR:mailbox_manager_sync.cc(317)] MailboxSync: Incompatible attachment
08-23 20:57:10.501 28899 29031 E chromium: [ERROR:mailbox_manager_sync.cc(317)] MailboxSync: Incompatible attachment
08-23 20:57:10.566 28899 29031 E chromium: [ERROR:mailbox_manager_sync.cc(317)] MailboxSync: Incompatible attachment
08-23 20:57:10.582 28899 29031 E chromium: [ERROR:mailbox_manager_sync.cc(317)] MailboxSync: Incompatible attachment
08-23 20:57:10.612 1994 2003 I art : Background partial concurrent mark sweep GC freed 6685(242KB) AllocSpace objects, 0(0B) LOS objects, 32% free, 33MB/49MB, paused 5.343ms total 309.879ms
08-23 20:57:10.645 28899 29031 E chromium: [ERROR:mailbox_manager_sync.cc(317)] MailboxSync: Incompatible attachment
08-23 20:57:10.665 28899 29031 E chromium: [ERROR:mailbox_manager_sync.cc(317)] MailboxSync: Incompatible attachment
08-23 20:57:10.746 28899 29031 E chromium: [ERROR:mailbox_manager_sync.cc(317)] MailboxSync: Incompatible attachment
08-23 20:57:10.768 28899 29031 E chromium: [ERROR:mailbox_manager_sync.cc(317)] MailboxSync: Incompatible attachment
08-23 20:57:10.833 28899 29031 E chromium: [ERROR:mailbox_manager_sync.cc(317)] MailboxSync: Incompatible attachment
08-23 20:57:10.850 28899 29031 E chromium: [ERROR:mailbox_manager_sync.cc(317)] MailboxSync: Incompatible attachment
08-23 20:57:10.887 1994 2184 D WifiStateMachine: handleMessage: E msg.what=131155
08-23 20:57:10.887 1994 2184 D WifiStateMachine: processMsg: ConnectedState
08-23 20:57:10.887 1994 2184 D WifiStateMachine: processMsg: L2ConnectedState
08-23 20:57:10.905 2324 2324 D wpa_supplicant: wlan0: Control interface command 'SIGNAL_POLL'
08-23 20:57:10.915 28899 29031 E chromium: [ERROR:mailbox_manager_sync.cc(317)] MailboxSync: Incompatible attachment
08-23 20:57:10.918 1994 2184 D WifiStateMachine: CMD_RSSI_POLL: TxBytes = 42786, RxBytes = 105007
08-23 20:57:10.920 1994 2184 D WifiStateMachine: handleMessage: X
08-23 20:57:10.932 28899 29031 E chromium: [ERROR:mailbox_manager_sync.cc(317)] MailboxSync: Incompatible attachment
08-23 20:57:10.998 28899 29031 E chromium: [ERROR:mailbox_manager_sync.cc(317)] MailboxSync: Incompatible attachment
08-23 20:57:11.015 28899 29031 E chromium: [ERROR:mailbox_manager_sync.cc(317)] MailboxSync: Incompatible attachment
08-23 20:57:11.083 28899 29031 E chromium: [ERROR:mailbox_manager_sync.cc(317)] MailboxSync: Incompatible attachment
08-23 20:57:11.099 28899 29031 E chromium: [ERROR:mailbox_manager_sync.cc(317)] MailboxSync: Incompatible attachment
08-23 20:57:11.167 28899 29031 E chromium: [ERROR:mailbox_manager_sync.cc(317)] MailboxSync: Incompatible attachment
08-23 20:57:11.183 28899 29031 E chromium: [ERROR:mailbox_manager_sync.cc(317)] MailboxSync: Incompatible attachment
08-23 20:57:11.256 28899 29031 E chromium: [ERROR:mailbox_manager_sync.cc(317)] MailboxSync: Incompatible attachment
08-23 20:57:11.259 28899 29031 E chromium: [ERROR:mailbox_manager_sync.cc(317)] MailboxSync: Incompatible attachment
08-23 20:57:11.334 28899 29031 E chromium: [ERROR:mailbox_manager_sync.cc(317)] MailboxSync: Incompatible attachment
08-23 20:57:11.350 28899 29031 E chromium: [ERROR:mailbox_manager_sync.cc(317)] MailboxSync: Incompatible attachment
08-23 20:57:11.418 28899 29031 E chromium: [ERROR:mailbox_manager_sync.cc(317)] MailboxSync: Incompatible attachment
08-23 20:57:11.432 28899 29031 E chromium: [ERROR:mailbox_manager_sync.cc(317)] MailboxSync: Incompatible attachment
08-23 20:57:11.486 1994 2003 I art : Background partial concurrent mark sweep GC freed 7880(311KB) AllocSpace objects, 2(40KB) LOS objects, 32% free, 33MB/49MB, paused 4.046ms total 297.428ms
08-23 20:57:11.498 28899 29031 E chromium: [ERROR:mailbox_manager_sync.cc(317)] MailboxSync: Incompatible attachment
08-23 20:57:11.516 28899 29031 E chromium: [ERROR:mailbox_manager_sync.cc(317)] MailboxSync: Incompatible attachment
08-23 20:57:11.584 28899 29031 E chromium: [ERROR:mailbox_manager_sync.cc(317)] MailboxSync: Incompatible attachment
08-23 20:57:11.598 28899 29031 E chromium: [ERROR:mailbox_manager_sync.cc(317)] MailboxSync: Incompatible attachment
08-23 20:57:11.668 28899 29031 E chromium: [ERROR:mailbox_manager_sync.cc(317)] MailboxSync: Incompatible attachment
08-23 20:57:11.685 28899 29031 E chromium: [ERROR:mailbox_manager_sync.cc(317)] MailboxSync: Incompatible attachment
08-23 20:57:11.749 28899 29031 E chromium: [ERROR:mailbox_manager_sync.cc(317)] MailboxSync: Incompatible attachment
08-23 20:57:11.767 28899 29031 E chromium: [ERROR:mailbox_manager_sync.cc(317)] MailboxSync: Incompatible attachment
08-23 20:57:11.812 2410 2410 D WIFI_ICON: WifiActivity: 1
08-23 20:57:11.813 2410 2410 D StatusBar.NetworkController: dumpIcon[(gone) stat_sys_5signal_3|null stat_sys_wifi_signal_in_4 (gone) F]
08-23 20:57:11.827 2410 2410 D SignalBarView: onMeasure() desity =3.0 mDefaultDesity=480.0 scale =1.0
08-23 20:57:11.827 2410 2410 D SignalBarView: onMeasure() mLeft != null width =50 height =50
08-23 20:57:11.828 2410 2410 D SignalBarView: onMeasure() desity =3.0 mDefaultDesity=480.0 scale =1.0
08-23 20:57:11.829 2410 2410 D SignalBarView: onMeasure() mLeft != null width =50 height =50
08-23 20:57:11.829 2410 2410 D SignalBarView: onMeasure() desity =3.0 mDefaultDesity=480.0 scale =1.0
08-23 20:57:11.829 2410 2410 D SignalBarView: onMeasure() mLeft != null width =50 height =50
08-23 20:57:11.833 28899 29031 E chromium: [ERROR:mailbox_manager_sync.cc(317)] MailboxSync: Incompatible attachment
08-23 20:57:11.849 28899 29031 E chromium: [ERROR:mailbox_manager_sync.cc(317)] MailboxSync: Incompatible attachment
08-23 20:57:11.915 28899 29031 E chromium: [ERROR:mailbox_manager_sync.cc(317)] MailboxSync: Incompatible attachment
08-23 20:57:11.934 28899 29031 E chromium: [ERROR:mailbox_manager_sync.cc(317)] MailboxSync: Incompatible attachment
08-23 20:57:11.999 28899 29031 E chromium: [ERROR:mailbox_manager_sync.cc(317)] MailboxSync: Incompatible attachment
08-23 20:57:12.016 28899 29031 E chromium: [ERROR:mailbox_manager_sync.cc(317)] MailboxSync: Incompatible attachment
08-23 20:57:12.082 28899 29031 E chromium: [ERROR:mailbox_manager_sync.cc(317)] MailboxSync: Incompatible attachment
08-23 20:57:12.099 28899 29031 E chromium: [ERROR:mailbox_manager_sync.cc(317)] MailboxSync: Incompatible attachment
08-23 20:57:12.166 28899 29031 E chromium: [ERROR:mailbox_manager_sync.cc(317)] MailboxSync: Incompatible attachment
08-23 20:57:12.181 28899 29031 E chromium: [ERROR:mailbox_manager_sync.cc(317)] MailboxSync: Incompatible attachment
08-23 20:57:12.253 28899 29031 E chromium: [ERROR:mailbox_manager_sync.cc(317)] MailboxSync: Incompatible attachment
08-23 20:57:12.256 2410 2410 D TelephonyCallback: SignalStrength: 2
08-23 20:57:12.258 2410 2410 D SIGNAL_ICON: level=2/5
08-23 20:57:12.258 2410 2410 D StatusBar.NetworkController: dumpIcon[(gone) stat_sys_5signal_2|null stat_sys_wifi_signal_in_4 (gone) F]
08-23 20:57:12.260 2410 2410 D SignalBarView: onMeasure() desity =3.0 mDefaultDesity=480.0 scale =1.0
08-23 20:57:12.260 2410 2410 D SignalBarView: onMeasure() mLeft != null width =50 height =50
08-23 20:57:12.260 2410 2410 D SignalBarView: onMeasure() desity =3.0 mDefaultDesity=480.0 scale =1.0
08-23 20:57:12.260 2410 2410 D SignalBarView: onMeasure() mLeft != null width =50 height =50
08-23 20:57:12.260 2410 2410 D SignalBarView: onMeasure() desity =3.0 mDefaultDesity=480.0 scale =1.0
08-23 20:57:12.260 2410 2410 D SignalBarView: onMeasure() mLeft != null width =50 height =50
08-23 20:57:12.271 28899 29031 E chromium: [ERROR:mailbox_manager_sync.cc(317)] MailboxSync: Incompatible attachment
08-23 20:57:12.333 28899 29031 E chromium: [ERROR:mailbox_manager_sync.cc(317)] MailboxSync: Incompatible attachment
08-23 20:57:12.350 28899 29031 E chromium: [ERROR:mailbox_manager_sync.cc(317)] MailboxSync: Incompatible attachment
08-23 20:57:12.397 1994 2003 I art : Background partial concurrent mark sweep GC freed 7024(256KB) AllocSpace objects, 0(0B) LOS objects, 32% free, 33MB/49MB, paused 8.108ms total 288.904ms
08-23 20:57:12.411 1994 2032 D BluetoothManagerService: Message: UNKNOWN(401)
08-23 20:57:12.416 28899 29031 E chromium: [ERROR:mailbox_manager_sync.cc(317)] MailboxSync: Incompatible attachment
08-23 20:57:12.431 28899 29031 E chromium: [ERROR:mailbox_manager_sync.cc(317)] MailboxSync: Incompatible attachment
08-23 20:57:12.492 1994 2111 W SensorService: D/Accel(x, y, z, t) = ( 0.0, 0.0, 9.9, 4452870ms), sys_time = 4452932ms
08-23 20:57:12.500 28899 29031 E chromium: [ERROR:mailbox_manager_sync.cc(317)] MailboxSync: Incompatible attachment
08-23 20:57:12.516 28899 29031 E chromium: [ERROR:mailbox_manager_sync.cc(317)] MailboxSync: Incompatible attachment
08-23 20:57:12.584 28899 29031 E chromium: [ERROR:mailbox_manager_sync.cc(317)] MailboxSync: Incompatible attachment
08-23 20:57:12.600 28899 29031 E chromium: [ERROR:mailbox_manager_sync.cc(317)] MailboxSync: Incompatible attachment
08-23 20:57:12.665 28899 29031 E chromium: [ERROR:mailbox_manager_sync.cc(317)] MailboxSync: Incompatible attachment
08-23 20:57:12.684 28899 29031 E chromium: [ERROR:mailbox_manager_sync.cc(317)] MailboxSync: Incompatible attachment
08-23 20:57:12.749 28899 29031 E chromium: [ERROR:mailbox_manager_sync.cc(317)] MailboxSync: Incompatible attachment
08-23 20:57:12.767 28899 29031 E chromium: [ERROR:mailbox_manager_sync.cc(317)] MailboxSync: Incompatible attachment
08-23 20:57:12.814 2410 2410 D WIFI_ICON: WifiActivity: 0
08-23 20:57:12.815 2410 2410 D StatusBar.NetworkController: dumpIcon[(gone) stat_sys_5signal_2|null stat_sys_wifi_signal_connected_4 (gone) F]
08-23 20:57:12.827 2410 2410 D SignalBarView: onMeasure() desity =3.0 mDefaultDesity=480.0 scale =1.0
08-23 20:57:12.827 2410 2410 D SignalBarView: onMeasure() mLeft != null width =50 height =50
08-23 20:57:12.828 2410 2410 D SignalBarView: onMeasure() desity =3.0 mDefaultDesity=480.0 scale =1.0
08-23 20:57:12.829 2410 2410 D SignalBarView: onMeasure() mLeft != null width =50 height =50
08-23 20:57:12.829 2410 2410 D SignalBarView: onMeasure() desity =3.0 mDefaultDesity=480.0 scale =1.0
08-23 20:57:12.829 2410 2410 D SignalBarView: onMeasure() mLeft != null width =50 height =50
08-23 20:57:12.833 28899 29031 E chromium: [ERROR:mailbox_manager_sync.cc(317)] MailboxSync: Incompatible attachment
08-23 20:57:12.850 28899 29031 E chromium: [ERROR:mailbox_manager_sync.cc(317)] MailboxSync: Incompatible attachment
08-23 20:57:12.916 28899 29031 E chromium: [ERROR:mailbox_manager_sync.cc(317)] MailboxSync: Incompatible attachment
08-23 20:57:12.932 28899 29031 E chromium: [ERROR:mailbox_manager_sync.cc(317)] MailboxSync: Incompatible attachment
