08-23 20:57:26.508 28899 29031 E chromium: [ERROR:mailbox_manager_sync.cc(317)] MailboxSync: Incompatible attachment
08-23 20:57:26.567 28899 29031 E chromium: [ERROR:mailbox_manager_sync.cc(317)] MailboxSync: Incompatible attachment
08-23 20:57:26.599 28899 29031 E chromium: [ERROR:mailbox_manager_sync.cc(317)] MailboxSync: Incompatible attachment
08-23 20:57:26.648 28899 29031 E chromium: [ERROR:mailbox_manager_sync.cc(317)] MailboxSync: Incompatible attachment
08-23 20:57:26.658 1994 2003 I art : Background partial concurrent mark sweep GC freed 7916(312KB) AllocSpace objects, 2(40KB) LOS objects, 32% free, 33MB/49MB, paused 3.423ms total 311.290ms
08-23 20:57:26.683 28899 29031 E chromium: [ERROR:mailbox_manager_sync.cc(317)] MailboxSync: Incompatible attachment
08-23 20:57:26.732 28899 29031 E chromium: [ERROR:mailbox_manager_sync.cc(317)] MailboxSync: Incompatible attachment
08-23 20:57:26.765 28899 29031 E chromium: [ERROR:mailbox_manager_sync.cc(317)] MailboxSync: Incompatible attachment
08-23 20:57:26.816 28899 29031 E chromium: [ERROR:mailbox_manager_sync.cc(317)] MailboxSync: Incompatible attachment
08-23 20:57:26.841 2410 2410 D WIFI_ICON: WifiActivity: 3
08-23 20:57:26.842 2410 2410 D StatusBar.NetworkController: dumpIcon[(gone) stat_sys_5signal_2|null stat_sys_wifi_signal_inandout_4 (gone) F]
08-23 20:57:26.844 2410 2410 D SignalBarView: onMeasure() desity =3.0 mDefaultDesity=480.0 scale =1.0
08-23 20:57:26.844 2410 2410 D SignalBarView: onMeasure() mLeft != null width =50 height =50
08-23 20:57:26.845 2410 2410 D SignalBarView: onMeasure() desity =3.0 mDefaultDesity=480.0 scale =1.0
08-23 20:57:26.845 2410 2410 D SignalBarView: onMeasure() mLeft != null width =50 height =50
08-23 20:57:26.845 2410 2410 D SignalBarView: onMeasure() desity =3.0 mDefaultDesity=480.0 scale =1.0
08-23 20:57:26.845 2410 2410 D SignalBarView: onMeasure() mLeft != null width =50 height =50
08-23 20:57:26.853 28899 29031 E chromium: [ERROR:mailbox_manager_sync.cc(317)] MailboxSync: Incompatible attachment
08-23 20:57:26.902 28899 29031 E chromium: [ERROR:mailbox_manager_sync.cc(317)] MailboxSync: Incompatible attachment
08-23 20:57:26.932 28899 29031 E chromium: [ERROR:mailbox_manager_sync.cc(317)] MailboxSync: Incompatible attachment
08-23 20:57:26.983 28899 29031 E chromium: [ERROR:mailbox_manager_sync.cc(317)] MailboxSync: Incompatible attachment
08-23 20:57:27.015 28899 29031 E chromium: [ERROR:mailbox_manager_sync.cc(317)] MailboxSync: Incompatible attachment
08-23 20:57:27.066 28899 29031 E chromium: [ERROR:mailbox_manager_sync.cc(317)] MailboxSync: Incompatible attachment
08-23 20:57:27.099 28899 29031 E chromium: [ERROR:mailbox_manager_sync.cc(317)] MailboxSync: Incompatible attachment
08-23 20:57:27.149 28899 29031 E chromium: [ERROR:mailbox_manager_sync.cc(317)] MailboxSync: Incompatible attachment
08-23 20:57:27.182 28899 29031 E chromium: [ERROR:mailbox_manager_sync.cc(317)] MailboxSync: Incompatible attachment
08-23 20:57:27.235 28899 29031 E chromium: [ERROR:mailbox_manager_sync.cc(317)] MailboxSync: Incompatible attachment
08-23 20:57:27.267 28899 29031 E chromium: [ERROR:mailbox_manager_sync.cc(317)] MailboxSync: Incompatible attachment
08-23 20:57:27.316 28899 29031 E chromium: [ERROR:mailbox_manager_sync.cc(317)] MailboxSync: Incompatible attachment
08-23 20:57:27.358 28899 29031 E chromium: [ERROR:mailbox_manager_sync.cc(317)] MailboxSync: Incompatible attachment
08-23 20:57:27.399 28899 29031 E chromium: [ERROR:mailbox_manager_sync.cc(317)] MailboxSync: Incompatible attachment
08-23 20:57:27.428 1994 2032 D BluetoothManagerService: Message: UNKNOWN(401)
08-23 20:57:27.434 28899 29031 E chromium: [ERROR:mailbox_manager_sync.cc(317)] MailboxSync: Incompatible attachment
08-23 20:57:27.484 28899 29031 E chromium: [ERROR:mailbox_manager_sync.cc(317)] MailboxSync: Incompatible attachment
08-23 20:57:27.515 28899 29031 E chromium: [ERROR:mailbox_manager_sync.cc(317)] MailboxSync: Incompatible attachment
08-23 20:57:27.562 1994 2003 I art : Background partial concurrent mark sweep GC freed 6903(250KB) AllocSpace objects, 0(0B) LOS objects, 32% free, 33MB/49MB, paused 3.951ms total 286.829ms
08-23 20:57:27.573 28899 29031 E chromium: [ERROR:mailbox_manager_sync.cc(317)] MailboxSync: Incompatible attachment
08-23 20:57:27.599 28899 29031 E chromium: [ERROR:mailbox_manager_sync.cc(317)] MailboxSync: Incompatible attachment
08-23 20:57:27.649 28899 29031 E chromium: [ERROR:mailbox_manager_sync.cc(317)] MailboxSync: Incompatible attachment
08-23 20:57:27.685 28899 29031 E chromium: [ERROR:mailbox_manager_sync.cc(317)] MailboxSync: Incompatible attachment
08-23 20:57:27.740 28899 29031 E chromium: [ERROR:mailbox_manager_sync.cc(317)] MailboxSync: Incompatible attachment
08-23 20:57:27.745 28899 29031 E chromium: [ERROR:mailbox_manager_sync.cc(317)] MailboxSync: Incompatible attachment
08-23 20:57:27.815 28899 29031 E chromium: [ERROR:mailbox_manager_sync.cc(317)] MailboxSync: Incompatible attachment
08-23 20:57:27.833 28899 29031 E chromium: [ERROR:mailbox_manager_sync.cc(317)] MailboxSync: Incompatible attachment
08-23 20:57:27.903 28899 29031 E chromium: [ERROR:mailbox_manager_sync.cc(317)] MailboxSync: Incompatible attachment
08-23 20:57:27.916 28899 29031 E chromium: [ERROR:mailbox_manager_sync.cc(317)] MailboxSync: Incompatible attachment
08-23 20:57:27.983 28899 29031 E chromium: [ERROR:mailbox_manager_sync.cc(317)] MailboxSync: Incompatible attachment
08-23 20:57:28.000 28899 29031 E chromium: [ERROR:mailbox_manager_sync.cc(317)] MailboxSync: Incompatible attachment
08-23 20:57:28.066 28899 29031 E chromium: [ERROR:mailbox_manager_sync.cc(317)] MailboxSync: Incompatible attachment
08-23 20:57:28.083 28899 29031 E chromium: [ERROR:mailbox_manager_sync.cc(317)] MailboxSync: Incompatible attachment
08-23 20:57:28.167 28899 29031 E chromium: [ERROR:mailbox_manager_sync.cc(317)] MailboxSync: Incompatible attachment
08-23 20:57:28.171 28899 29031 E chromium: [ERROR:mailbox_manager_sync.cc(317)] MailboxSync: Incompatible attachment
08-23 20:57:28.227 28899 29031 E chromium: [ERROR:mailbox_manager_sync.cc(317)] MailboxSync: Incompatible attachment
08-23 20:57:28.250 28899 29031 E chromium: [ERROR:mailbox_manager_sync.cc(317)] MailboxSync: Incompatible attachment
08-23 20:57:28.318 28899 29031 E chromium: [ERROR:mailbox_manager_sync.cc(317)] MailboxSync: Incompatible attachment
08-23 20:57:28.332 28899 29031 E chromium: [ERROR:mailbox_manager_sync.cc(317)] MailboxSync: Incompatible attachment
08-23 20:57:28.399 28899 29031 E chromium: [ERROR:mailbox_manager_sync.cc(317)] MailboxSync: Incompatible attachment
08-23 20:57:28.417 28899 29031 E chromium: [ERROR:mailbox_manager_sync.cc(317)] MailboxSync: Incompatible attachment
08-23 20:57:28.447 1994 2003 I art : Background partial concurrent mark sweep GC freed 7005(254KB) AllocSpace objects, 0(0B) LOS objects, 32% free, 33MB/49MB, paused 4.412ms total 317.246ms
08-23 20:57:28.483 28899 29031 E chromium: [ERROR:mailbox_manager_sync.cc(317)] MailboxSync: Incompatible attachment
08-23 20:57:28.493 26902 26915 I art : Background partial concurrent mark sweep GC freed 10990(458KB) AllocSpace objects, 0(0B) LOS objects, 39% free, 6MB/10MB, paused 6.315ms total 31.494ms
08-23 20:57:28.502 28899 29031 E chromium: [ERROR:mailbox_manager_sync.cc(317)] MailboxSync: Incompatible attachment
08-23 20:57:28.565 28899 29031 E chromium: [ERROR:mailbox_manager_sync.cc(317)] MailboxSync: Incompatible attachment
08-23 20:57:28.582 28899 29031 E chromium: [ERROR:mailbox_manager_sync.cc(317)] MailboxSync: Incompatible attachment
08-23 20:57:28.640 28899 29031 E chromium: [ERROR:mailbox_manager_sync.cc(317)] MailboxSync: Incompatible attachment
08-23 20:57:28.667 28899 29031 E chromium: [ERROR:mailbox_manager_sync.cc(317)] MailboxSync: Incompatible attachment
08-23 20:57:28.730 28899 29031 E chromium: [ERROR:mailbox_manager_sync.cc(317)] MailboxSync: Incompatible attachment
08-23 20:57:28.750 28899 29031 E chromium: [ERROR:mailbox_manager_sync.cc(317)] MailboxSync: Incompatible attachment
08-23 20:57:28.817 28899 29031 E chromium: [ERROR:mailbox_manager_sync.cc(317)] MailboxSync: Incompatible attachment
08-23 20:57:28.833 28899 29031 E chromium: [ERROR:mailbox_manager_sync.cc(317)] MailboxSync: Incompatible attachment
08-23 20:57:28.901 28899 29031 E chromium: [ERROR:mailbox_manager_sync.cc(317)] MailboxSync: Incompatible attachment
08-23 20:57:28.916 28899 29031 E chromium: [ERROR:mailbox_manager_sync.cc(317)] MailboxSync: Incompatible attachment
08-23 20:57:28.983 28899 29031 E chromium: [ERROR:mailbox_manager_sync.cc(317)] MailboxSync: Incompatible attachment
08-23 20:57:28.999 28899 29031 E chromium: [ERROR:mailbox_manager_sync.cc(317)] MailboxSync: Incompatible attachment
08-23 20:57:29.032 1994 2184 D WifiStateMachine: handleMessage: E msg.what=131155
08-23 20:57:29.032 1994 2184 D WifiStateMachine: processMsg: ConnectedState
08-23 20:57:29.032 1994 2184 D WifiStateMachine: processMsg: L2ConnectedState
08-23 20:57:29.043 2324 2324 D wpa_supplicant: wlan0: Control interface command 'SIGNAL_POLL'
08-23 20:57:29.049 1994 2184 D WifiStateMachine: CMD_RSSI_POLL: TxBytes = 42792, RxBytes = 105016
08-23 20:57:29.051 1994 2184 D WifiStateMachine: handleMessage: X
08-23 20:57:29.065 28899 29031 E chromium: [ERROR:mailbox_manager_sync.cc(317)] MailboxSync: Incompatible attachment
08-23 20:57:29.083 28899 29031 E chromium: [ERROR:mailbox_manager_sync.cc(317)] MailboxSync: Incompatible attachment
08-23 20:57:29.148 28899 29031 E chromium: [ERROR:mailbox_manager_sync.cc(317)] MailboxSync: Incompatible attachment
08-23 20:57:29.165 28899 29031 E chromium: [ERROR:mailbox_manager_sync.cc(317)] MailboxSync: Incompatible attachment
08-23 20:57:29.232 28899 29031 E chromium: [ERROR:mailbox_manager_sync.cc(317)] MailboxSync: Incompatible attachment
08-23 20:57:29.249 28899 29031 E chromium: [ERROR:mailbox_manager_sync.cc(317)] MailboxSync: Incompatible attachment
08-23 20:57:29.318 28899 29031 E chromium: [ERROR:mailbox_manager_sync.cc(317)] MailboxSync: Incompatible attachment
08-23 20:57:29.323 1994 2003 I art : Background partial concurrent mark sweep GC freed 8015(315KB) AllocSpace objects, 2(40KB) LOS objects, 32% free, 33MB/49MB, paused 3.333ms total 251.686ms
08-23 20:57:29.334 28899 29031 E chromium: [ERROR:mailbox_manager_sync.cc(317)] MailboxSync: Incompatible attachment
08-23 20:57:29.398 28899 29031 E chromium: [ERROR:mailbox_manager_sync.cc(317)] MailboxSync: Incompatible attachment
08-23 20:57:29.415 28899 29031 E chromium: [ERROR:mailbox_manager_sync.cc(317)] MailboxSync: Incompatible attachment
08-23 20:57:29.483 28899 29031 E chromium: [ERROR:mailbox_manager_sync.cc(317)] MailboxSync: Incompatible attachment
08-23 20:57:29.499 28899 29031 E chromium: [ERROR:mailbox_manager_sync.cc(317)] MailboxSync: Incompatible attachment
08-23 20:57:29.565 28899 29031 E chromium: [ERROR:mailbox_manager_sync.cc(317)] MailboxSync: Incompatible attachment
08-23 20:57:29.582 28899 29031 E chromium: [ERROR:mailbox_manager_sync.cc(317)] MailboxSync: Incompatible attachment
08-23 20:57:29.649 28899 29031 E chromium: [ERROR:mailbox_manager_sync.cc(317)] MailboxSync: Incompatible attachment
08-23 20:57:29.668 28899 29031 E chromium: [ERROR:mailbox_manager_sync.cc(317)] MailboxSync: Incompatible attachment
08-23 20:57:29.748 28899 29031 E chromium: [ERROR:mailbox_manager_sync.cc(317)] MailboxSync: Incompatible attachment
08-23 20:57:29.752 28899 29031 E chromium: [ERROR:mailbox_manager_sync.cc(317)] MailboxSync: Incompatible attachment
08-23 20:57:29.816 28899 29031 E chromium: [ERROR:mailbox_manager_sync.cc(317)] MailboxSync: Incompatible attachment
08-23 20:57:29.832 28899 29031 E chromium: [ERROR:mailbox_manager_sync.cc(317)] MailboxSync: Incompatible attachment
08-23 20:57:29.847 2410 2410 D WIFI_ICON: WifiActivity: 0
08-23 20:57:29.848 2410 2410 D StatusBar.NetworkController: dumpIcon[(gone) stat_sys_5signal_2|null stat_sys_wifi_signal_connected_4 (gone) F]
08-23 20:57:29.863 2410 2410 D SignalBarView: onMeasure() desity =3.0 mDefaultDesity=480.0 scale =1.0
08-23 20:57:29.864 2410 2410 D SignalBarView: onMeasure() mLeft != null width =50 height =50
08-23 20:57:29.864 2410 2410 D SignalBarView: onMeasure() desity =3.0 mDefaultDesity=480.0 scale =1.0
08-23 20:57:29.864 2410 2410 D SignalBarView: onMeasure() mLeft != null width =50 height =50
08-23 20:57:29.864 2410 2410 D SignalBarView: onMeasure() desity =3.0 mDefaultDesity=480.0 scale =1.0
08-23 20:57:29.864 2410 2410 D SignalBarView: onMeasure() mLeft != null width =50 height =50
08-23 20:57:29.899 28899 29031 E chromium: [ERROR:mailbox_manager_sync.cc(317)] MailboxSync: Incompatible attachment
08-23 20:57:29.916 28899 29031 E chromium: [ERROR:mailbox_manager_sync.cc(317)] MailboxSync: Incompatible attachment
08-23 20:57:29.982 28899 29031 E chromium: [ERROR:mailbox_manager_sync.cc(317)] MailboxSync: Incompatible attachment
08-23 20:57:29.999 28899 29031 E chromium: [ERROR:mailbox_manager_sync.cc(317)] MailboxSync: Incompatible attachment
08-23 20:57:30.065 28899 29031 E chromium: [ERROR:mailbox_manager_sync.cc(317)] MailboxSync: Incompatible attachment
08-23 20:57:30.083 1994 2120 D AlarmManager: sending alarm PendingIntent{567d7a0: PendingIntentRecord{200baea com.google.android.gms broadcastIntent}}, i=null, t=3, cnt=1, w=4460635, Int=0
08-23 20:57:30.084 28899 29031 E chromium: [ERROR:mailbox_manager_sync.cc(317)] MailboxSync: Incompatible attachment
08-23 20:57:30.084 1994 2120 D PMS : acquireWL(6a9bf59): PARTIAL_WAKE_LOCK *alarm* 0x1 1994 1000 WorkSource{10019 com.google.android.gms}
08-23 20:57:30.085 1994 2120 D AlarmManager: sending alarm PendingIntent{669c71e: PendingIntentRecord{6e6e925 com.google.android.gms broadcastIntent}}, i=com.google.android.location.ALARM_WAKEUP_LOCATOR, t=2, cnt=1, w=4470522, Int=0
08-23 20:57:30.102 1994 3499 D PMS : acquireWL(402cdcc): PARTIAL_WAKE_LOCK NlpWakeLock 0x1 3348 10019 WorkSource{10019 com.google.android.gms}
08-23 20:57:30.108 1994 3813 D PMS : acquireWL(7adf815): PARTIAL_WAKE_LOCK NlpWakeLock 0x1 3348 10019 null
08-23 20:57:30.118 1994 2170 D WifiService: acquireWifiLockLocked: WifiLock{NlpWifiLock type=2 uid=10019}
08-23 20:57:30.118 1994 2183 D WifiController: handleMessage: E msg.what=155654
08-23 20:57:30.118 1994 2183 D WifiController: processMsg: DeviceActiveState
08-23 20:57:30.118 1994 2183 D WifiController: processMsg: StaEnabledState
08-23 20:57:30.118 1994 2183 D WifiController: processMsg: DefaultState
08-23 20:57:30.118 1994 2183 D WifiController: handleMessage: X
08-23 20:57:30.125 1994 2248 E WifiScanningService: Got invalid work source request: WorkSource{} from ClientInfo[uid=10019]
08-23 20:57:30.127 2324 2324 D wpa_supplicant: wlan0: Control interface command 'SCAN TYPE=ONLY'
08-23 20:57:30.127 2324 2324 D wpa_supplicant: wlan0: Setting scan request: 0.000000 sec
08-23 20:57:30.127 2324 2324 D wpa_supplicant: wlan0: Starting AP scan for wildcard SSID
08-23 20:57:30.127 2324 2324 D wpa_supplicant: WPS: Building WPS IE for Probe Request
08-23 20:57:30.127 2324 2324 D wpa_supplicant: WPS: * Version (hardcoded 0x10)
08-23 20:57:30.127 2324 2324 D wpa_supplicant: WPS: * Request Type
08-23 20:57:30.127 2324 2324 D wpa_supplicant: WPS: * Config Methods (4288)
08-23 20:57:30.127 2324 2324 D wpa_supplicant: WPS: * UUID-E
08-23 20:57:30.127 2324 2324 D wpa_supplicant: WPS: * Primary Device Type
08-23 20:57:30.127 2324 2324 D wpa_supplicant: WPS: * RF Bands (3)
08-23 20:57:30.127 2324 2324 D wpa_supplicant: WPS: * Association State
08-23 20:57:30.127 2324 2324 D wpa_supplicant: WPS: * Configuration Error (0)
08-23 20:57:30.127 2324 2324 D wpa_supplicant: WPS: * Device Password ID (0)
08-23 20:57:30.127 2324 2324 D wpa_supplicant: WPS: * Manufacturer
08-23 20:57:30.127 2324 2324 D wpa_supplicant: WPS: * Model Name
08-23 20:57:30.127 2324 2324 D wpa_supplicant: WPS: * Model Number
08-23 20:57:30.127 2324 2324 D wpa_supplicant: WPS: * Device Name
08-23 20:57:30.127 2324 2324 D wpa_supplicant: WPS: * Version2 (0x20)
08-23 20:57:30.127 2324 2324 D wpa_supplicant: P2P: * P2P IE header
08-23 20:57:30.127 2324 2324 D wpa_supplicant: P2P: * Capability dev=25 group=00
08-23 20:57:30.127 2324 2324 D wpa_supplicant: P2P: * Listen Channel: Regulatory Class 81 Channel 6
08-23 20:57:30.127 2324 2324 D wpa_supplicant: wlan0: Add radio work 'scan'@0x7facb95540
08-23 20:57:30.127 2324 2324 D wpa_supplicant: wlan0: First radio work item in the queue - schedule start immediately
08-23 20:57:30.127 2324 2324 D wpa_supplicant: wlan0: Starting radio work 'scan'@0x7facb95540 after 0.000084 second wait
08-23 20:57:30.128 2324 2324 D wpa_supplicant: wlan0: nl80211: scan request
08-23 20:57:30.135 2324 2324 D wpa_supplicant: Scan requested (ret=0) - scan timeout 30 seconds
08-23 20:57:30.135 2324 2324 D wpa_supplicant: nl80211: Ignored event (cmd=33) for foreign interface (ifindex 5 wdev 0x0)
08-23 20:57:30.135 2324 2324 D wpa_supplicant: nl80211: Drv Event 33 (NL80211_CMD_TRIGGER_SCAN) received for wlan0
08-23 20:57:30.135 2324 2324 D wpa_supplicant: wlan0: nl80211: Scan trigger
08-23 20:57:30.135 2324 2324 D wpa_supplicant: wlan0: Event SCAN_STARTED (47) received
08-23 20:57:30.135 2324 2324 D wpa_supplicant: wlan0: Own scan request started a scan in 0.000187 seconds
08-23 20:57:30.141 1994 3580 D PMS : releaseWL(402cdcc): PARTIAL_WAKE_LOCK NlpWakeLock 0x1 WorkSource{10019 com.google.android.gms}
08-23 20:57:30.146 1994 1994 D PMS : releaseWL(6a9bf59): PARTIAL_WAKE_LOCK *alarm* 0x1 null
08-23 20:57:30.153 28899 29031 E chromium: [ERROR:mailbox_manager_sync.cc(317)] MailboxSync: Incompatible attachment
08-23 20:57:30.181 28899 29031 E chromium: [ERROR:mailbox_manager_sync.cc(317)] MailboxSync: Incompatible attachment
08-23 20:57:30.222 1994 2003 I art : Background partial concurrent mark sweep GC freed 9956(385KB) AllocSpace objects, 0(0B) LOS objects, 32% free, 33MB/49MB, paused 5.101ms total 293.979ms
08-23 20:57:30.234 28899 29031 E chromium: [ERROR:mailbox_manager_sync.cc(317)] MailboxSync: Incompatible attachment
08-23 20:57:30.237 1994 3809 D PMS : acquireWL(8a433ce): PARTIAL_WAKE_LOCK CMWakeLock 0x1 3348 10019 WorkSource{10019 com.google.android.gms}
08-23 20:57:30.241 1994 3499 D PMS : releaseWL(8a433ce): PARTIAL_WAKE_LOCK CMWakeLock 0x1 WorkSource{10019 com.google.android.gms}
08-23 20:57:30.249 28899 29031 E chromium: [ERROR:mailbox_manager_sync.cc(317)] MailboxSync: Incompatible attachment
08-23 20:57:30.316 28899 29031 E chromium: [ERROR:mailbox_manager_sync.cc(317)] MailboxSync: Incompatible attachment
08-23 20:57:30.332 28899 29031 E chromium: [ERROR:mailbox_manager_sync.cc(317)] MailboxSync: Incompatible attachment
08-23 20:57:30.401 28899 29031 E chromium: [ERROR:mailbox_manager_sync.cc(317)] MailboxSync: Incompatible attachment
08-23 20:57:30.417 28899 29031 E chromium: [ERROR:mailbox_manager_sync.cc(317)] MailboxSync: Incompatible attachment
08-23 20:57:30.431 1994 2032 D BluetoothManagerService: Message: UNKNOWN(401)
08-23 20:57:30.484 28899 29031 E chromium: [ERROR:mailbox_manager_sync.cc(317)] MailboxSync: Incompatible attachment
08-23 20:57:30.499 28899 29031 E chromium: [ERROR:mailbox_manager_sync.cc(317)] MailboxSync: Incompatible attachment
08-23 20:57:30.565 28899 29031 E chromium: [ERROR:mailbox_manager_sync.cc(317)] MailboxSync: Incompatible attachment
08-23 20:57:30.583 28899 29031 E chromium: [ERROR:mailbox_manager_sync.cc(317)] MailboxSync: Incompatible attachment
08-23 20:57:30.650 28899 29031 E chromium: [ERROR:mailbox_manager_sync.cc(317)] MailboxSync: Incompatible attachment
08-23 20:57:30.666 28899 29031 E chromium: [ERROR:mailbox_manager_sync.cc(317)] MailboxSync: Incompatible attachment
08-23 20:57:30.732 28899 29031 E chromium: [ERROR:mailbox_manager_sync.cc(317)] MailboxSync: Incompatible attachment
08-23 20:57:30.752 28899 29031 E chromium: [ERROR:mailbox_manager_sync.cc(317)] MailboxSync: Incompatible attachment
08-23 20:57:30.816 28899 29031 E chromium: [ERROR:mailbox_manager_sync.cc(317)] MailboxSync: Incompatible attachment
08-23 20:57:30.833 28899 29031 E chromium: [ERROR:mailbox_manager_sync.cc(317)] MailboxSync: Incompatible attachment
08-23 20:57:30.849 2410 2410 D WIFI_ICON: WifiActivity: 1
08-23 20:57:30.855 2410 2410 D StatusBar.NetworkController: dumpIcon[(gone) stat_sys_5signal_2|null stat_sys_wifi_signal_in_4 (gone) F]
08-23 20:57:30.861 2410 2410 D SignalBarView: onMeasure() desity =3.0 mDefaultDesity=480.0 scale =1.0
08-23 20:57:30.862 2410 2410 D SignalBarView: onMeasure() mLeft != null width =50 height =50
08-23 20:57:30.862 2410 2410 D SignalBarView: onMeasure() desity =3.0 mDefaultDesity=480.0 scale =1.0
08-23 20:57:30.862 2410 2410 D SignalBarView: onMeasure() mLeft != null width =50 height =50
08-23 20:57:30.862 2410 2410 D SignalBarView: onMeasure() desity =3.0 mDefaultDesity=480.0 scale =1.0
08-23 20:57:30.862 2410 2410 D SignalBarView: onMeasure() mLeft != null width =50 height =50
08-23 20:57:30.899 28899 29031 E chromium: [ERROR:mailbox_manager_sync.cc(317)] MailboxSync: Incompatible attachment
08-23 20:57:30.917 28899 29031 E chromium: [ERROR:mailbox_manager_sync.cc(317)] MailboxSync: Incompatible attachment
08-23 20:57:30.984 28899 29031 E chromium: [ERROR:mailbox_manager_sync.cc(317)] MailboxSync: Incompatible attachment
08-23 20:57:31.001 28899 29031 E chromium: [ERROR:mailbox_manager_sync.cc(317)] MailboxSync: Incompatible attachment
08-23 20:57:31.066 28899 29031 E chromium: [ERROR:mailbox_manager_sync.cc(317)] MailboxSync: Incompatible attachment
08-23 20:57:31.084 28899 29031 E chromium: [ERROR:mailbox_manager_sync.cc(317)] MailboxSync: Incompatible attachment
08-23 20:57:31.148 28899 29031 E chromium: [ERROR:mailbox_manager_sync.cc(317)] MailboxSync: Incompatible attachment
08-23 20:57:31.166 28899 29031 E chromium: [ERROR:mailbox_manager_sync.cc(317)] MailboxSync: Incompatible attachment
08-23 20:57:31.174 1994 2003 I art : Background partial concurrent mark sweep GC freed 7378(280KB) AllocSpace objects, 0(0B) LOS objects, 32% free, 33MB/49MB, paused 4.707ms total 323.180ms
08-23 20:57:31.233 28899 29031 E chromium: [ERROR:mailbox_manager_sync.cc(317)] MailboxSync: Incompatible attachment
08-23 20:57:31.248 28899 29031 E chromium: [ERROR:mailbox_manager_sync.cc(317)] MailboxSync: Incompatible attachment
08-23 20:57:31.316 28899 29031 E chromium: [ERROR:mailbox_manager_sync.cc(317)] MailboxSync: Incompatible attachment
08-23 20:57:31.333 28899 29031 E chromium: [ERROR:mailbox_manager_sync.cc(317)] MailboxSync: Incompatible attachment
08-23 20:57:31.400 28899 29031 E chromium: [ERROR:mailbox_manager_sync.cc(317)] MailboxSync: Incompatible attachment
08-23 20:57:31.416 28899 29031 E chromium: [ERROR:mailbox_manager_sync.cc(317)] MailboxSync: Incompatible attachment
08-23 20:57:31.484 28899 29031 E chromium: [ERROR:mailbox_manager_sync.cc(317)] MailboxSync: Incompatible attachment
08-23 20:57:31.501 28899 29031 E chromium: [ERROR:mailbox_manager_sync.cc(317)] MailboxSync: Incompatible attachment
08-23 20:57:31.566 28899 29031 E chromium: [ERROR:mailbox_manager_sync.cc(317)] MailboxSync: Incompatible attachment
08-23 20:57:31.583 28899 29031 E chromium: [ERROR:mailbox_manager_sync.cc(317)] MailboxSync: Incompatible attachment
08-23 20:57:31.650 28899 29031 E chromium: [ERROR:mailbox_manager_sync.cc(317)] MailboxSync: Incompatible attachment
08-23 20:57:31.666 28899 29031 E chromium: [ERROR:mailbox_manager_sync.cc(317)] MailboxSync: Incompatible attachment
08-23 20:57:31.731 28899 29031 E chromium: [ERROR:mailbox_manager_sync.cc(317)] MailboxSync: Incompatible attachment
08-23 20:57:31.751 28899 29031 E chromium: [ERROR:mailbox_manager_sync.cc(317)] MailboxSync: Incompatible attachment
08-23 20:57:31.817 28899 29031 E chromium: [ERROR:mailbox_manager_sync.cc(317)] MailboxSync: Incompatible attachment
08-23 20:57:31.835 28899 29031 E chromium: [ERROR:mailbox_manager_sync.cc(317)] MailboxSync: Incompatible attachment
08-23 20:57:31.921 28899 29031 E chromium: [ERROR:mailbox_manager_sync.cc(317)] MailboxSync: Incompatible attachment
08-23 20:57:31.933 28899 29031 E chromium: [ERROR:mailbox_manager_sync.cc(317)] MailboxSync: Incompatible attachment
08-23 20:57:31.983 3088 3088 W pnpmgr : type=1400 audit(0.0:3810): avc: denied { write } for name="dirty_ratio" dev="proc" ino=885536 scontext=u:r:pnpmgr:s0 tcontext=u:object_r:proc_dirty_ratio:s0 tclass=file permissive=0
08-23 20:57:32.017 28899 29031 E chromium: [ERROR:mailbox_manager_sync.cc(317)] MailboxSync: Incompatible attachment
08-23 20:57:32.051 1994 2184 D WifiStateMachine: handleMessage: E msg.what=131155
08-23 20:57:32.051 1994 2184 D WifiStateMachine: processMsg: ConnectedState
08-23 20:57:32.051 1994 2184 D WifiStateMachine: processMsg: L2ConnectedState
08-23 20:57:32.054 2324 2324 D wpa_supplicant: wlan0: Control interface command 'SIGNAL_POLL'
08-23 20:57:32.058 1994 2184 D WifiStateMachine: CMD_RSSI_POLL: TxBytes = 42792, RxBytes = 105021
08-23 20:57:32.060 1994 2184 D WifiStateMachine: handleMessage: X
08-23 20:57:32.067 28899 29031 E chromium: [ERROR:mailbox_manager_sync.cc(317)] MailboxSync: Incompatible attachment
08-23 20:57:32.099 28899 29031 E chromium: [ERROR:mailbox_manager_sync.cc(317)] MailboxSync: Incompatible attachment
08-23 20:57:32.141 1994 2003 I art : Background partial concurrent mark sweep GC freed 7759(306KB) AllocSpace objects, 2(40KB) LOS objects, 32% free, 33MB/49MB, paused 3.542ms total 307.927ms
08-23 20:57:32.149 28899 29031 E chromium: [ERROR:mailbox_manager_sync.cc(317)] MailboxSync: Incompatible attachment
08-23 20:57:32.183 28899 29031 E chromium: [ERROR:mailbox_manager_sync.cc(317)] MailboxSync: Incompatible attachment
08-23 20:57:32.232 28899 29031 E chromium: [ERROR:mailbox_manager_sync.cc(317)] MailboxSync: Incompatible attachment
08-23 20:57:32.268 28899 29031 E chromium: [ERROR:mailbox_manager_sync.cc(317)] MailboxSync: Incompatible attachment
08-23 20:57:32.318 28899 29031 E chromium: [ERROR:mailbox_manager_sync.cc(317)] MailboxSync: Incompatible attachment
08-23 20:57:32.351 28899 29031 E chromium: [ERROR:mailbox_manager_sync.cc(317)] MailboxSync: Incompatible attachment
08-23 20:57:32.399 28899 29031 E chromium: [ERROR:mailbox_manager_sync.cc(317)] MailboxSync: Incompatible attachment
08-23 20:57:32.416 28899 29031 E chromium: [ERROR:mailbox_manager_sync.cc(317)] MailboxSync: Incompatible attachment
08-23 20:57:32.433 28899 29031 E chromium: [ERROR:mailbox_manager_sync.cc(317)] MailboxSync: Incompatible attachment
08-23 20:57:32.484 28899 29031 E chromium: [ERROR:mailbox_manager_sync.cc(317)] MailboxSync: Incompatible attachment
08-23 20:57:32.503 28899 29031 E chromium: [ERROR:mailbox_manager_sync.cc(317)] MailboxSync: Incompatible attachment
08-23 20:57:32.513 1994 2111 W SensorService: D/Accel(x, y, z, t) = ( 0.1, 0.0, 9.9, 4472893ms), sys_time = 4472952ms
08-23 20:57:32.518 28899 29031 E chromium: [ERROR:mailbox_manager_sync.cc(317)] MailboxSync: Incompatible attachment
08-23 20:57:32.567 28899 29031 E chromium: [ERROR:mailbox_manager_sync.cc(317)] MailboxSync: Incompatible attachment
08-23 20:57:32.586 28899 29031 E chromium: [ERROR:mailbox_manager_sync.cc(317)] MailboxSync: Incompatible attachment
08-23 20:57:32.598 28899 29031 E chromium: [ERROR:mailbox_manager_sync.cc(317)] MailboxSync: Incompatible attachment
08-23 20:57:32.650 28899 29031 E chromium: [ERROR:mailbox_manager_sync.cc(317)] MailboxSync: Incompatible attachment
08-23 20:57:32.667 28899 29031 E chromium: [ERROR:mailbox_manager_sync.cc(317)] MailboxSync: Incompatible attachment
08-23 20:57:32.684 28899 29031 E chromium: [ERROR:mailbox_manager_sync.cc(317)] MailboxSync: Incompatible attachment
08-23 20:57:32.733 28899 29031 E chromium: [ERROR:mailbox_manager_sync.cc(317)] MailboxSync: Incompatible attachment
08-23 20:57:32.749 28899 29031 E chromium: [ERROR:mailbox_manager_sync.cc(317)] MailboxSync: Incompatible attachment
08-23 20:57:32.774 28899 29031 E chromium: [ERROR:mailbox_manager_sync.cc(317)] MailboxSync: Incompatible attachment
08-23 20:57:32.817 28899 29031 E chromium: [ERROR:mailbox_manager_sync.cc(317)] MailboxSync: Incompatible attachment
08-23 20:57:32.834 28899 29031 E chromium: [ERROR:mailbox_manager_sync.cc(317)] MailboxSync: Incompatible attachment
08-23 20:57:32.849 28899 29031 E chromium: [ERROR:mailbox_manager_sync.cc(317)] MailboxSync: Incompatible attachment
08-23 20:57:32.900 28899 29031 E chromium: [ERROR:mailbox_manager_sync.cc(317)] MailboxSync: Incompatible attachment
08-23 20:57:32.915 28899 29031 E chromium: [ERROR:mailbox_manager_sync.cc(317)] MailboxSync: Incompatible attachment
08-23 20:57:32.932 28899 29031 E chromium: [ERROR:mailbox_manager_sync.cc(317)] MailboxSync: Incompatible attachment
08-23 20:57:32.984 28899 29031 E chromium: [ERROR:mailbox_manager_sync.cc(317)] MailboxSync: Incompatible attachment
08-23 20:57:33.000 28899 29031 E chromium: [ERROR:mailbox_manager_sync.cc(317)] MailboxSync: Incompatible attachment
08-23 20:57:33.017 28899 29031 E chromium: [ERROR:mailbox_manager_sync.cc(317)] MailboxSync: Incompatible attachment
08-23 20:57:33.030 1994 2003 I art : Background partial concurrent mark sweep GC freed 6701(243KB) AllocSpace objects, 0(0B) LOS objects, 32% free, 33MB/49MB, paused 3.486ms total 286.421ms
08-23 20:57:33.066 28899 29031 E chromium: [ERROR:mailbox_manager_sync.cc(317)] MailboxSync: Incompatible attachment
08-23 20:57:33.083 28899 29031 E chromium: [ERROR:mailbox_manager_sync.cc(317)] MailboxSync: Incompatible attachment
08-23 20:57:33.100 28899 29031 E chromium: [ERROR:mailbox_manager_sync.cc(317)] MailboxSync: Incompatible attachment
08-23 20:57:33.150 28899 29031 E chromium: [ERROR:mailbox_manager_sync.cc(317)] MailboxSync: Incompatible attachment
08-23 20:57:33.166 28899 29031 E chromium: [ERROR:mailbox_manager_sync.cc(317)] MailboxSync: Incompatible attachment
08-23 20:57:33.183 28899 29031 E chromium: [ERROR:mailbox_manager_sync.cc(317)] MailboxSync: Incompatible attachment
08-23 20:57:33.183 3088 3088 W pnpmgr : type=1400 audit(0.0:3811): avc: denied { write } for name="dirty_ratio" dev="proc" ino=885536 scontext=u:r:pnpmgr:s0 tcontext=u:object_r:proc_dirty_ratio:s0 tclass=file permissive=0
08-23 20:57:33.234 28899 29031 E chromium: [ERROR:mailbox_manager_sync.cc(317)] MailboxSync: Incompatible attachment
08-23 20:57:33.249 28899 29031 E chromium: [ERROR:mailbox_manager_sync.cc(317)] MailboxSync: Incompatible attachment
08-23 20:57:33.265 28899 29031 E chromium: [ERROR:mailbox_manager_sync.cc(317)] MailboxSync: Incompatible attachment
08-23 20:57:33.316 28899 29031 E chromium: [ERROR:mailbox_manager_sync.cc(317)] MailboxSync: Incompatible attachment
08-23 20:57:33.331 28899 29031 E chromium: [ERROR:mailbox_manager_sync.cc(317)] MailboxSync: Incompatible attachment
08-23 20:57:33.348 28899 29031 E chromium: [ERROR:mailbox_manager_sync.cc(317)] MailboxSync: Incompatible attachment
08-23 20:57:33.373 2410 2410 D TelephonyCallback: SignalStrength: 3
08-23 20:57:33.374 2410 2410 D SIGNAL_ICON: level=3/5
08-23 20:57:33.375 2410 2410 D StatusBar.NetworkController: dumpIcon[(gone) stat_sys_5signal_3|null stat_sys_wifi_signal_in_4 (gone) F]
08-23 20:57:33.377 2410 2410 D SignalBarView: onMeasure() desity =3.0 mDefaultDesity=480.0 scale =1.0
08-23 20:57:33.377 2410 2410 D SignalBarView: onMeasure() mLeft != null width =50 height =50
08-23 20:57:33.377 2410 2410 D SignalBarView: onMeasure() desity =3.0 mDefaultDesity=480.0 scale =1.0
08-23 20:57:33.377 2410 2410 D SignalBarView: onMeasure() mLeft != null width =50 height =50
08-23 20:57:33.377 2410 2410 D SignalBarView: onMeasure() desity =3.0 mDefaultDesity=480.0 scale =1.0
08-23 20:57:33.377 2410 2410 D SignalBarView: onMeasure() mLeft != null width =50 height =50
08-23 20:57:33.398 28899 29031 E chromium: [ERROR:mailbox_manager_sync.cc(317)] MailboxSync: Incompatible attachment
08-23 20:57:33.416 28899 29031 E chromium: [ERROR:mailbox_manager_sync.cc(317)] MailboxSync: Incompatible attachment
08-23 20:57:33.431 28899 29031 E chromium: [ERROR:mailbox_manager_sync.cc(317)] MailboxSync: Incompatible attachment
08-23 20:57:33.435 1994 2032 D BluetoothManagerService: Message: UNKNOWN(401)
08-23 20:57:33.483 28899 29031 E chromium: [ERROR:mailbox_manager_sync.cc(317)] MailboxSync: Incompatible attachment
08-23 20:57:33.499 28899 29031 E chromium: [ERROR:mailbox_manager_sync.cc(317)] MailboxSync: Incompatible attachment
08-23 20:57:33.516 28899 29031 E chromium: [ERROR:mailbox_manager_sync.cc(317)] MailboxSync: Incompatible attachment
08-23 20:57:33.566 28899 29031 E chromium: [ERROR:mailbox_manager_sync.cc(317)] MailboxSync: Incompatible attachment
08-23 20:57:33.582 28899 29031 E chromium: [ERROR:mailbox_manager_sync.cc(317)] MailboxSync: Incompatible attachment
08-23 20:57:33.601 28899 29031 E chromium: [ERROR:mailbox_manager_sync.cc(317)] MailboxSync: Incompatible attachment
08-23 20:57:33.649 28899 29031 E chromium: [ERROR:mailbox_manager_sync.cc(317)] MailboxSync: Incompatible attachment
08-23 20:57:33.666 28899 29031 E chromium: [ERROR:mailbox_manager_sync.cc(317)] MailboxSync: Incompatible attachment
08-23 20:57:33.680 28899 29031 E chromium: [ERROR:mailbox_manager_sync.cc(317)] MailboxSync: Incompatible attachment
08-23 20:57:33.732 28899 29031 E chromium: [ERROR:mailbox_manager_sync.cc(317)] MailboxSync: Incompatible attachment
08-23 20:57:33.750 28899 29031 E chromium: [ERROR:mailbox_manager_sync.cc(317)] MailboxSync: Incompatible attachment
08-23 20:57:33.765 28899 29031 E chromium: [ERROR:mailbox_manager_sync.cc(317)] MailboxSync: Incompatible attachment
08-23 20:57:33.816 28899 29031 E chromium: [ERROR:mailbox_manager_sync.cc(317)] MailboxSync: Incompatible attachment
08-23 20:57:33.832 28899 29031 E chromium: [ERROR:mailbox_manager_sync.cc(317)] MailboxSync: Incompatible attachment
08-23 20:57:33.850 28899 29031 E chromium: [ERROR:mailbox_manager_sync.cc(317)] MailboxSync: Incompatible attachment
08-23 20:57:33.855 2410 2410 D WIFI_ICON: WifiActivity: 0
08-23 20:57:33.856 2410 2410 D StatusBar.NetworkController: dumpIcon[(gone) stat_sys_5signal_3|null stat_sys_wifi_signal_connected_4 (gone) F]
08-23 20:57:33.860 2410 2410 D SignalBarView: onMeasure() desity =3.0 mDefaultDesity=480.0 scale =1.0
08-23 20:57:33.860 2410 2410 D SignalBarView: onMeasure() mLeft != null width =50 height =50
08-23 20:57:33.861 2410 2410 D SignalBarView: onMeasure() desity =3.0 mDefaultDesity=480.0 scale =1.0
08-23 20:57:33.861 2410 2410 D SignalBarView: onMeasure() mLeft != null width =50 height =50
08-23 20:57:33.861 2410 2410 D SignalBarView: onMeasure() desity =3.0 mDefaultDesity=480.0 scale =1.0
08-23 20:57:33.861 2410 2410 D SignalBarView: onMeasure() mLeft != null width =50 height =50
08-23 20:57:33.874 1994 2003 I art : Background partial concurrent mark sweep GC freed 6750(246KB) AllocSpace objects, 0(0B) LOS objects, 32% free, 33MB/49MB, paused 4.034ms total 294.782ms
08-23 20:57:33.891 28899 29031 E chromium: [ERROR:mailbox_manager_sync.cc(317)] MailboxSync: Incompatible attachment
08-23 20:57:33.916 28899 29031 E chromium: [ERROR:mailbox_manager_sync.cc(317)] MailboxSync: Incompatible attachment
08-23 20:57:33.931 28899 29031 E chromium: [ERROR:mailbox_manager_sync.cc(317)] MailboxSync: Incompatible attachment
08-23 20:57:33.985 28899 29031 E chromium: [ERROR:mailbox_manager_sync.cc(317)] MailboxSync: Incompatible attachment
08-23 20:57:33.999 28899 29031 E chromium: [ERROR:mailbox_manager_sync.cc(317)] MailboxSync: Incompatible attachment
08-23 20:57:34.015 28899 29031 E chromium: [ERROR:mailbox_manager_sync.cc(317)] MailboxSync: Incompatible attachment
08-23 20:57:34.065 28899 29031 E chromium: [ERROR:mailbox_manager_sync.cc(317)] MailboxSync: Incompatible attachment
08-23 20:57:34.082 28899 29031 E chromium: [ERROR:mailbox_manager_sync.cc(317)] MailboxSync: Incompatible attachment
08-23 20:57:34.086 2324 2324 D wpa_supplicant: nl80211: Ignored event (cmd=34) for foreign interface (ifindex 5 wdev 0x0)
08-23 20:57:34.086 2324 2324 D wpa_supplicant: nl80211: Drv Event 34 (NL80211_CMD_NEW_SCAN_RESULTS) received for wlan0
08-23 20:57:34.086 2324 2324 D wpa_supplicant: wlan0: nl80211: New scan results available
08-23 20:57:34.086 2324 2324 D wpa_supplicant: nl80211: Scan probed for SSID ''
08-23 20:57:34.086 2324 2324 D wpa_supplicant: nl80211: Scan included frequencies: 2412 2417 2422 2427 2432 2437 2442 2447 2452 2457 2462 2467 2472 5180 5200 5220 5240 5260 5280 5300 5320 5500 5520 5540 5560 5580 5600 5620 5640 5660 5680 5700 5720 5745 5765 5785 5805 5825
08-23 20:57:34.086 2324 2324 D wpa_supplicant: wlan0: Event SCAN_RESULTS (3) received
08-23 20:57:34.086 2324 2324 D wpa_supplicant: wlan0: Scan completed in 3.950983 seconds
08-23 20:57:34.086 2324 2324 D wpa_supplicant: nl80211: Associated on 5500 MHz
08-23 20:57:34.086 2324 2324 D wpa_supplicant: nl80211: Associated with 90:5c:44:f9:a1:0b
08-23 20:57:34.087 2324 2324 D wpa_supplicant: nl80211: Received scan results (15 BSSes)
08-23 20:57:34.087 2324 2324 D wpa_supplicant: nl80211: Scan results indicate BSS status with 90:5c:44:f9:a1:0b as associated
08-23 20:57:34.087 2324 2324 I wpa_supplicant: [CPHigh] 90:5c:44:f9:a1:0b freq=5500 level=-55
08-23 20:57:34.087 2324 2324 I wpa_supplicant: [CPGuest] 92:5c:44:f9:a0:0e freq=5500 level=-57
08-23 20:57:34.087 2324 2324 I wpa_supplicant: [UPC244482052] 54:88:0e:30:79:a8 freq=2437 level=-54
08-23 20:57:34.087 2324 2324 I wpa_supplicant: [Senft-Mikrotik] e4:8d:8c:44:f1:cd freq=2427 level=-58
08-23 20:57:34.087 2324 2324 I wpa_supplicant: [UPC504420570] 54:88:0e:30:79:a0 freq=5180 level=-69
08-23 20:57:34.087 2324 2324 I wpa_supplicant: [CPGuest] 92:5c:34:f9:a1:20 freq=2462 level=-68
08-23 20:57:34.087 2324 2324 I wpa_supplicant: [Ziggo] 92:5c:14:f9:a1:20 freq=2462 level=-68
08-23 20:57:34.087 2324 2324 I wpa_supplicant: [CPHigh] 90:5c:44:f9:a1:20 freq=2462 level=-68
08-23 20:57:34.087 2324 2324 I wpa_supplicant: [Ziggo27FC685] 90:5c:44:c7:0a:1d freq=5320 level=-82
08-23 20:57:34.087 2324 2324 I wpa_supplicant: [Ziggo] 92:5c:14:c7:0a:1e freq=2462 level=-81
08-23 20:57:34.087 2324 2324 I wpa_supplicant: [UPC21FE18] f0:f2:49:91:fe:18 freq=2442 level=-81
08-23 20:57:34.087 2324 2324 I wpa_supplicant: [Ziggo27FC685] 90:5c:44:c7:0a:1e freq=2462 level=-82
08-23 20:57:34.087 2324 2324 I wpa_supplicant: [Senft & Zn.] 00:1f:3f:d5:70:34 freq=2412 level=-83
08-23 20:57:34.087 2324 2324 I wpa_supplicant: [UPC51FE10] f2:f2:49:91:fe:10 freq=5180 level=-89
08-23 20:57:34.087 2324 2324 I wpa_supplicant: [UPC248308387] dc:71:44:ad:b3:18 freq=2472 level=-88
08-23 20:57:34.087 2324 2324 D wpa_supplicant: wlan0: BSS: Start scan result update 115
08-23 20:57:34.087 2324 2324 D wpa_supplicant: wlan0: BSS: Add new id 276 BSSID 92:5c:14:f9:a1:20 SSID 'Ziggo' freq 2462
08-23 20:57:34.087 2324 2324 D wpa_supplicant: wlan0: BSS: Add new id 277 BSSID 90:5c:44:f9:a1:20 SSID 'CPHigh' freq 2462
08-23 20:57:34.087 2324 2324 D wpa_supplicant: wlan0: BSS: Add new id 278 BSSID f2:f2:49:91:fe:10 SSID 'UPC51FE10' freq 5180
08-23 20:57:34.087 2324 2324 D wpa_supplicant: wlan0: BSS: Remove id 269 BSSID 54:88:0e:5b:72:40 SSID 'UPC509658309' due to no match in scan
08-23 20:57:34.087 2324 2324 D wpa_supplicant: wlan0: BSS: Remove id 270 BSSID ae:22:15:e2:61:b9 SSID 'Ziggo' due to no match in scan
08-23 20:57:34.087 2324 2324 D wpa_supplicant: BSS: last_scan_res_used=15/32
08-23 20:57:34.087 2324 2324 D wpa_supplicant: wlan0: Scan-only results received
08-23 20:57:34.087 2324 2324 D wpa_supplicant: wlan0: Radio work 'scan'@0x7facb95540 done in 3.959912 seconds
08-23 20:57:34.087 2324 2324 D wpa_supplicant: wlan0: radio_work_free('scan'@0x7facb95540: num_active_works --> 0
08-23 20:57:34.088 2324 2324 D wpa_supplicant: wlan0: Control interface command 'SCAN_RESULTS'
08-23 20:57:34.089 1994 2184 D WifiStateMachine: handleMessage: E msg.what=147461
08-23 20:57:34.089 1994 2184 D WifiStateMachine: processMsg: ConnectedState
08-23 20:57:34.089 2324 2324 D wpa_supplicant: wlan0: Control interface command 'SCAN_RESULTS'
08-23 20:57:34.089 1994 2184 D WifiStateMachine: processMsg: L2ConnectedState
08-23 20:57:34.089 1994 2184 D WifiStateMachine: processMsg: ConnectModeState
08-23 20:57:34.089 1994 2184 D WifiStateMachine: processMsg: DriverStartedState
08-23 20:57:34.089 1994 2184 D WifiStateMachine: processMsg: SupplicantStartedState
08-23 20:57:34.098 28899 29031 E chromium: [ERROR:mailbox_manager_sync.cc(317)] MailboxSync: Incompatible attachment
08-23 20:57:34.127 1994 2184 D WifiStateMachine: handleMessage: X
08-23 20:57:34.138 1994 3572 D PMS : acquireWL(4be1085): PARTIAL_WAKE_LOCK NlpWakeLock 0x1 3348 10019 null
08-23 20:57:34.148 1994 3809 D PMS : releaseWL(4be1085): PARTIAL_WAKE_LOCK NlpWakeLock 0x1 null
08-23 20:57:34.151 28899 29031 E chromium: [ERROR:mailbox_manager_sync.cc(317)] MailboxSync: Incompatible attachment
08-23 20:57:34.153 1994 3582 D PMS : acquireWL(9d3beda): PARTIAL_WAKE_LOCK NlpWakeLock 0x1 3348 10019 WorkSource{10019 com.google.android.gms}
08-23 20:57:34.162 1994 2960 D PMS : releaseWL(9d3beda): PARTIAL_WAKE_LOCK NlpWakeLock 0x1 WorkSource{10019 com.google.android.gms}
08-23 20:57:34.164 1994 3580 D PMS : acquireWL(9eadf0b): PARTIAL_WAKE_LOCK GCoreFlp 0x1 3348 10019 WorkSource{10019 com.google.android.gms}
08-23 20:57:34.166 1994 3578 D PMS : releaseWL(9eadf0b): PARTIAL_WAKE_LOCK GCoreFlp 0x1 WorkSource{10019 com.google.android.gms}
08-23 20:57:34.167 28899 29031 E chromium: [ERROR:mailbox_manager_sync.cc(317)] MailboxSync: Incompatible attachment
08-23 20:57:34.168 1994 3815 D PMS : acquireWL(67881e8): PARTIAL_WAKE_LOCK GCoreFlp 0x1 3348 10019 WorkSource{10019 com.google.android.gms}
08-23 20:57:34.183 28899 29031 E chromium: [ERROR:mailbox_manager_sync.cc(317)] MailboxSync: Incompatible attachment
08-23 20:57:34.189 1994 2602 D PMS : acquireWL(a543001): PARTIAL_WAKE_LOCK GCoreFlp 0x1 3348 10019 WorkSource{10019 com.google.android.gms}
08-23 20:57:34.192 1994 3806 D PMS : acquireWL(e3eeea6): PARTIAL_WAKE_LOCK GCoreFlp 0x1 3348 10019 WorkSource{10019 com.google.android.gms}
08-23 20:57:34.193 1994 2472 D PMS : acquireWL(7e660e7): PARTIAL_WAKE_LOCK NlpWakeLock 0x1 3348 10019 null
08-23 20:57:34.195 1994 3581 D PMS : acquireWL(847d494): PARTIAL_WAKE_LOCK GCoreFlp 0x1 3348 10019 WorkSource{10019 com.google.android.gms}
08-23 20:57:34.203 1994 3580 D PMS : releaseWL(847d494): PARTIAL_WAKE_LOCK GCoreFlp 0x1 WorkSource{10019 com.google.android.gms}
08-23 20:57:34.206 1994 3578 D PMS : acquireWL(7d2cb3d): PARTIAL_WAKE_LOCK CMWakeLock 0x1 3348 10019 WorkSource{10019 com.google.android.gms}
08-23 20:57:34.209 1994 3809 D PMS : releaseWL(7e660e7): PARTIAL_WAKE_LOCK NlpWakeLock 0x1 null
08-23 20:57:34.221 1994 2026 D PMS : acquireWL(cdb4f32): PARTIAL_WAKE_LOCK LocationManagerService 0x1 1994 1000 WorkSource{1000 com.qualcomm.location}
08-23 20:57:34.222 1994 2026 D LocationManagerService: Sending location for screening
08-23 20:57:34.223 1994 2601 D PMS : acquireWL(e2e2483): PARTIAL_WAKE_LOCK UlrDispSvcFastWL 0x1 3348 10019 null
08-23 20:57:34.223 1994 3815 D WifiService: releaseWifiLockLocked: WifiLock{NlpWifiLock type=2 uid=10019}
08-23 20:57:34.224 1994 2183 D WifiController: handleMessage: E msg.what=155654
08-23 20:57:34.224 1994 2183 D WifiController: processMsg: DeviceActiveState
08-23 20:57:34.224 1994 2183 D WifiController: processMsg: StaEnabledState
08-23 20:57:34.224 1994 2183 D WifiController: processMsg: DefaultState
08-23 20:57:34.224 1994 2183 D WifiController: handleMessage: X
08-23 20:57:34.225 1994 3695 D PMS : releaseWL(cdb4f32): PARTIAL_WAKE_LOCK LocationManagerService 0x1 WorkSource{1000 com.qualcomm.location}
08-23 20:57:34.225 1994 3580 D PMS : releaseWL(7d2cb3d): PARTIAL_WAKE_LOCK CMWakeLock 0x1 WorkSource{10019 com.google.android.gms}
08-23 20:57:34.227 1994 3578 D PMS : releaseWL(7adf815): PARTIAL_WAKE_LOCK NlpWakeLock 0x1 null
08-23 20:57:34.232 1994 3576 D PMS : releaseWL(67881e8): PARTIAL_WAKE_LOCK GCoreFlp 0x1 WorkSource{10019 com.google.android.gms}
08-23 20:57:34.233 1994 3723 E LocSvc_libulp: E/int ulp_brain_transition_all_providers(), no QUIPC/GNSS transition logic run due to both engines are OFF
08-23 20:57:34.234 1994 2557 E QMI_FW : QCCI qmi_cci_xport_recv: txn not found. svc_id: 16
08-23 20:57:34.235 1994 3808 D PMS : releaseWL(a543001): PARTIAL_WAKE_LOCK GCoreFlp 0x1 WorkSource{10019 com.google.android.gms}
08-23 20:57:34.236 1994 2530 E LocSvc_LBSApiV02: E/virtual int lbs_core::LBSApiV02::injectCoarsePosition(const CoarsePositionInfo &):362]: Error : st = 3, ind.status = 0
08-23 20:57:34.238 1994 2026 D LocationManagerService: This location is marked as ready for broadcast
08-23 20:57:34.238 1994 2026 D LocationManagerService: incoming location from: network
08-23 20:57:34.238 1994 2026 D LocationManagerService: Report location to Reciever: PackageName= com.tekoia.sure.activities Request interval=+35s0ms
08-23 20:57:34.238 1994 3807 D PMS : releaseWL(e3eeea6): PARTIAL_WAKE_LOCK GCoreFlp 0x1 WorkSource{10019 com.google.android.gms}
08-23 20:57:34.241 1994 2026 D PMS : acquireWL(917a600): PARTIAL_WAKE_LOCK LocationManagerService 0x1 1994 1000 WorkSource{10159 com.tekoia.sure.activities}
08-23 20:57:34.242 1994 2026 D PMS : acquireWL(7a5de39): PARTIAL_WAKE_LOCK LocationManagerService 0x1 1994 1000 WorkSource{1000 android}
08-23 20:57:34.244 1994 2026 D PMS : acquireWL(46b2c7e): PARTIAL_WAKE_LOCK LocationManagerService 0x1 1994 1000 WorkSource{1000 android}
08-23 20:57:34.248 1994 2602 D PMS : acquireWL(a485df): PARTIAL_WAKE_LOCK CMWakeLock 0x1 3348 10019 WorkSource{10019 com.google.android.gms}
08-23 20:57:34.250 1994 2026 D PMS : acquireWL(51222c): PARTIAL_WAKE_LOCK LocationManagerService 0x1 1994 1000 WorkSource{1000 com.qualcomm.location}
08-23 20:57:34.255 28899 29031 E chromium: [ERROR:mailbox_manager_sync.cc(317)] MailboxSync: Incompatible attachment
08-23 20:57:34.256 1994 2026 D PMS : acquireWL(4fd24f5): PARTIAL_WAKE_LOCK LocationManagerService 0x1 1994 1000 WorkSource{10019 com.google.android.gms}
08-23 20:57:34.258 1994 2026 D PMS : acquireWL(b89928a): PARTIAL_WAKE_LOCK LocationManagerService 0x1 1994 1000 WorkSource{10019 com.google.android.gms}
08-23 20:57:34.261 1994 2026 D PMS : releaseWL(46b2c7e): PARTIAL_WAKE_LOCK LocationManagerService 0x1 WorkSource{1000 android}
08-23 20:57:34.263 1994 2170 D PMS : releaseWL(b89928a): PARTIAL_WAKE_LOCK LocationManagerService 0x1 WorkSource{10019 com.google.android.gms}
08-23 20:57:34.264 1994 3575 D PMS : releaseWL(4fd24f5): PARTIAL_WAKE_LOCK LocationManagerService 0x1 WorkSource{10019 com.google.android.gms}
08-23 20:57:34.265 1994 1994 D PMS : releaseWL(7a5de39): PARTIAL_WAKE_LOCK LocationManagerService 0x1 WorkSource{1000 android}
08-23 20:57:34.266 1994 3695 D PMS : releaseWL(51222c): PARTIAL_WAKE_LOCK LocationManagerService 0x1 WorkSource{1000 com.qualcomm.location}
08-23 20:57:34.272 1994 3580 D PMS : releaseWL(917a600): PARTIAL_WAKE_LOCK LocationManagerService 0x1 WorkSource{10159 com.tekoia.sure.activities}
08-23 20:57:34.272 28899 29031 E chromium: [ERROR:mailbox_manager_sync.cc(317)] MailboxSync: Incompatible attachment
08-23 20:57:34.307 1994 2184 D WifiStateMachine: handleMessage: E msg.what=131131
08-23 20:57:34.307 1994 2184 D WifiStateMachine: processMsg: ConnectedState
08-23 20:57:34.307 1994 2184 D WifiStateMachine: processMsg: L2ConnectedState
08-23 20:57:34.307 1994 2184 D WifiStateMachine: processMsg: ConnectModeState
08-23 20:57:34.308 1994 2184 D WifiStateMachine: handleMessage: X
08-23 20:57:34.318 28899 29031 E chromium: [ERROR:mailbox_manager_sync.cc(317)] MailboxSync: Incompatible attachment
08-23 20:57:34.334 28899 29031 E chromium: [ERROR:mailbox_manager_sync.cc(317)] MailboxSync: Incompatible attachment
08-23 20:57:34.340 3348 29188 I GCoreUlr: Successfully inserted 1 locations
08-23 20:57:34.342 1994 3576 D PMS : releaseWL(e2e2483): PARTIAL_WAKE_LOCK UlrDispSvcFastWL 0x1 null
08-23 20:57:34.348 3348 3365 I art : Background partial concurrent mark sweep GC freed 98348(4MB) AllocSpace objects, 6(300KB) LOS objects, 39% free, 19MB/32MB, paused 5.744ms total 181.475ms
08-23 20:57:34.361 28899 29031 E chromium: [ERROR:mailbox_manager_sync.cc(317)] MailboxSync: Incompatible attachment
08-23 20:57:34.400 28899 29031 E chromium: [ERROR:mailbox_manager_sync.cc(317)] MailboxSync: Incompatible attachment
08-23 20:57:34.417 28899 29031 E chromium: [ERROR:mailbox_manager_sync.cc(317)] MailboxSync: Incompatible attachment
08-23 20:57:34.434 28899 29031 E chromium: [ERROR:mailbox_manager_sync.cc(317)] MailboxSync: Incompatible attachment
08-23 20:57:34.442 1994 3813 D PMS : releaseWL(a485df): PARTIAL_WAKE_LOCK CMWakeLock 0x1 WorkSource{10019 com.google.android.gms}
08-23 20:57:34.484 28899 29031 E chromium: [ERROR:mailbox_manager_sync.cc(317)] MailboxSync: Incompatible attachment
08-23 20:57:34.499 28899 29031 E chromium: [ERROR:mailbox_manager_sync.cc(317)] MailboxSync: Incompatible attachment
08-23 20:57:34.516 28899 29031 E chromium: [ERROR:mailbox_manager_sync.cc(317)] MailboxSync: Incompatible attachment
08-23 20:57:34.569 28899 29031 E chromium: [ERROR:mailbox_manager_sync.cc(317)] MailboxSync: Incompatible attachment
08-23 20:57:34.582 28899 29031 E chromium: [ERROR:mailbox_manager_sync.cc(317)] MailboxSync: Incompatible attachment
08-23 20:57:34.598 28899 29031 E chromium: [ERROR:mailbox_manager_sync.cc(317)] MailboxSync: Incompatible attachment
08-23 20:57:34.649 28899 29031 E chromium: [ERROR:mailbox_manager_sync.cc(317)] MailboxSync: Incompatible attachment
08-23 20:57:34.665 28899 29031 E chromium: [ERROR:mailbox_manager_sync.cc(317)] MailboxSync: Incompatible attachment
08-23 20:57:34.682 28899 29031 E chromium: [ERROR:mailbox_manager_sync.cc(317)] MailboxSync: Incompatible attachment
08-23 20:57:34.722 1994 2003 I art : Background partial concurrent mark sweep GC freed 18122(840KB) AllocSpace objects, 0(0B) LOS objects, 32% free, 33MB/49MB, paused 2.559ms total 254.289ms
08-23 20:57:34.738 28899 29031 E chromium: [ERROR:mailbox_manager_sync.cc(317)] MailboxSync: Incompatible attachment
