08-23 20:57:13.000 28899 29031 E chromium: [ERROR:mailbox_manager_sync.cc(317)] MailboxSync: Incompatible attachment
08-23 20:57:13.016 28899 29031 E chromium: [ERROR:mailbox_manager_sync.cc(317)] MailboxSync: Incompatible attachment
08-23 20:57:13.082 28899 29031 E chromium: [ERROR:mailbox_manager_sync.cc(317)] MailboxSync: Incompatible attachment
08-23 20:57:13.099 28899 29031 E chromium: [ERROR:mailbox_manager_sync.cc(317)] MailboxSync: Incompatible attachment
08-23 20:57:13.165 28899 29031 E chromium: [ERROR:mailbox_manager_sync.cc(317)] MailboxSync: Incompatible attachment
08-23 20:57:13.182 28899 29031 E chromium: [ERROR:mailbox_manager_sync.cc(317)] MailboxSync: Incompatible attachment
08-23 20:57:13.249 28899 29031 E chromium: [ERROR:mailbox_manager_sync.cc(317)] MailboxSync: Incompatible attachment
08-23 20:57:13.271 28899 29031 E chromium: [ERROR:mailbox_manager_sync.cc(317)] MailboxSync: Incompatible attachment
08-23 20:57:13.322 1994 2003 I art : Background partial concurrent mark sweep GC freed 7031(255KB) AllocSpace objects, 0(0B) LOS objects, 32% free, 33MB/49MB, paused 3.648ms total 313.541ms
08-23 20:57:13.332 28899 29031 E chromium: [ERROR:mailbox_manager_sync.cc(317)] MailboxSync: Incompatible attachment
08-23 20:57:13.349 28899 29031 E chromium: [ERROR:mailbox_manager_sync.cc(317)] MailboxSync: Incompatible attachment
08-23 20:57:13.416 28899 29031 E chromium: [ERROR:mailbox_manager_sync.cc(317)] MailboxSync: Incompatible attachment
08-23 20:57:13.433 28899 29031 E chromium: [ERROR:mailbox_manager_sync.cc(317)] MailboxSync: Incompatible attachment
08-23 20:57:13.499 28899 29031 E chromium: [ERROR:mailbox_manager_sync.cc(317)] MailboxSync: Incompatible attachment
08-23 20:57:13.518 28899 29031 E chromium: [ERROR:mailbox_manager_sync.cc(317)] MailboxSync: Incompatible attachment
08-23 20:57:13.581 28899 29031 E chromium: [ERROR:mailbox_manager_sync.cc(317)] MailboxSync: Incompatible attachment
08-23 20:57:13.598 28899 29031 E chromium: [ERROR:mailbox_manager_sync.cc(317)] MailboxSync: Incompatible attachment
08-23 20:57:13.666 28899 29031 E chromium: [ERROR:mailbox_manager_sync.cc(317)] MailboxSync: Incompatible attachment
08-23 20:57:13.686 28899 29031 E chromium: [ERROR:mailbox_manager_sync.cc(317)] MailboxSync: Incompatible attachment
08-23 20:57:13.750 28899 29031 E chromium: [ERROR:mailbox_manager_sync.cc(317)] MailboxSync: Incompatible attachment
08-23 20:57:13.756 28899 29031 E chromium: [ERROR:mailbox_manager_sync.cc(317)] MailboxSync: Incompatible attachment
08-23 20:57:13.803 28899 29031 E chromium: [ERROR:mailbox_manager_sync.cc(317)] MailboxSync: Incompatible attachment
08-23 20:57:13.823 28899 29031 E chromium: [ERROR:mailbox_manager_sync.cc(317)] MailboxSync: Incompatible attachment
08-23 20:57:13.883 28899 29031 E chromium: [ERROR:mailbox_manager_sync.cc(317)] MailboxSync: Incompatible attachment
08-23 20:57:13.917 28899 29031 E chromium: [ERROR:mailbox_manager_sync.cc(317)] MailboxSync: Incompatible attachment
08-23 20:57:13.921 1994 2184 D WifiStateMachine: handleMessage: E msg.what=131155
08-23 20:57:13.921 1994 2184 D WifiStateMachine: processMsg: ConnectedState
08-23 20:57:13.921 1994 2184 D WifiStateMachine: processMsg: L2ConnectedState
08-23 20:57:13.931 2324 2324 D wpa_supplicant: wlan0: Control interface command 'SIGNAL_POLL'
08-23 20:57:13.950 1994 2184 D WifiStateMachine: CMD_RSSI_POLL: TxBytes = 42786, RxBytes = 105008
08-23 20:57:13.953 1994 2184 D WifiStateMachine: handleMessage: X
08-23 20:57:13.966 28899 29031 E chromium: [ERROR:mailbox_manager_sync.cc(317)] MailboxSync: Incompatible attachment
08-23 20:57:13.998 28899 29031 E chromium: [ERROR:mailbox_manager_sync.cc(317)] MailboxSync: Incompatible attachment
08-23 20:57:14.048 28899 29031 E chromium: [ERROR:mailbox_manager_sync.cc(317)] MailboxSync: Incompatible attachment
08-23 20:57:14.083 28899 29031 E chromium: [ERROR:mailbox_manager_sync.cc(317)] MailboxSync: Incompatible attachment
08-23 20:57:14.134 28899 29031 E chromium: [ERROR:mailbox_manager_sync.cc(317)] MailboxSync: Incompatible attachment
08-23 20:57:14.168 28899 29031 E chromium: [ERROR:mailbox_manager_sync.cc(317)] MailboxSync: Incompatible attachment
08-23 20:57:14.218 28899 29031 E chromium: [ERROR:mailbox_manager_sync.cc(317)] MailboxSync: Incompatible attachment
08-23 20:57:14.220 1994 2003 I art : Background partial concurrent mark sweep GC freed 7957(313KB) AllocSpace objects, 2(40KB) LOS objects, 32% free, 33MB/49MB, paused 3.318ms total 310.032ms
08-23 20:57:14.250 28899 29031 E chromium: [ERROR:mailbox_manager_sync.cc(317)] MailboxSync: Incompatible attachment
08-23 20:57:14.299 28899 29031 E chromium: [ERROR:mailbox_manager_sync.cc(317)] MailboxSync: Incompatible attachment
08-23 20:57:14.333 28899 29031 E chromium: [ERROR:mailbox_manager_sync.cc(317)] MailboxSync: Incompatible attachment
08-23 20:57:14.384 28899 29031 E chromium: [ERROR:mailbox_manager_sync.cc(317)] MailboxSync: Incompatible attachment
08-23 20:57:14.418 28899 29031 E chromium: [ERROR:mailbox_manager_sync.cc(317)] MailboxSync: Incompatible attachment
08-23 20:57:14.466 28899 29031 E chromium: [ERROR:mailbox_manager_sync.cc(317)] MailboxSync: Incompatible attachment
08-23 20:57:14.499 28899 29031 E chromium: [ERROR:mailbox_manager_sync.cc(317)] MailboxSync: Incompatible attachment
08-23 20:57:14.550 28899 29031 E chromium: [ERROR:mailbox_manager_sync.cc(317)] MailboxSync: Incompatible attachment
08-23 20:57:14.583 28899 29031 E chromium: [ERROR:mailbox_manager_sync.cc(317)] MailboxSync: Incompatible attachment
08-23 20:57:14.632 28899 29031 E chromium: [ERROR:mailbox_manager_sync.cc(317)] MailboxSync: Incompatible attachment
08-23 20:57:14.667 28899 29031 E chromium: [ERROR:mailbox_manager_sync.cc(317)] MailboxSync: Incompatible attachment
08-23 20:57:14.715 28899 29031 E chromium: [ERROR:mailbox_manager_sync.cc(317)] MailboxSync: Incompatible attachment
08-23 20:57:14.745 28899 29031 E chromium: [ERROR:mailbox_manager_sync.cc(317)] MailboxSync: Incompatible attachment
08-23 20:57:14.799 28899 29031 E chromium: [ERROR:mailbox_manager_sync.cc(317)] MailboxSync: Incompatible attachment
08-23 20:57:14.819 2410 2410 D WIFI_ICON: WifiActivity: 1
08-23 20:57:14.820 2410 2410 D StatusBar.NetworkController: dumpIcon[(gone) stat_sys_5signal_2|null stat_sys_wifi_signal_in_4 (gone) F]
08-23 20:57:14.829 2410 2410 D SignalBarView: onMeasure() desity =3.0 mDefaultDesity=480.0 scale =1.0
08-23 20:57:14.829 2410 2410 D SignalBarView: onMeasure() mLeft != null width =50 height =50
08-23 20:57:14.829 2410 2410 D SignalBarView: onMeasure() desity =3.0 mDefaultDesity=480.0 scale =1.0
08-23 20:57:14.830 2410 2410 D SignalBarView: onMeasure() mLeft != null width =50 height =50
08-23 20:57:14.830 2410 2410 D SignalBarView: onMeasure() desity =3.0 mDefaultDesity=480.0 scale =1.0
08-23 20:57:14.830 2410 2410 D SignalBarView: onMeasure() mLeft != null width =50 height =50
08-23 20:57:14.834 28899 29031 E chromium: [ERROR:mailbox_manager_sync.cc(317)] MailboxSync: Incompatible attachment
08-23 20:57:14.884 28899 29031 E chromium: [ERROR:mailbox_manager_sync.cc(317)] MailboxSync: Incompatible attachment
08-23 20:57:14.916 28899 29031 E chromium: [ERROR:mailbox_manager_sync.cc(317)] MailboxSync: Incompatible attachment
08-23 20:57:14.969 28899 29031 E chromium: [ERROR:mailbox_manager_sync.cc(317)] MailboxSync: Incompatible attachment
08-23 20:57:14.999 28899 29031 E chromium: [ERROR:mailbox_manager_sync.cc(317)] MailboxSync: Incompatible attachment
08-23 20:57:15.050 28899 29031 E chromium: [ERROR:mailbox_manager_sync.cc(317)] MailboxSync: Incompatible attachment
08-23 20:57:15.083 28899 29031 E chromium: [ERROR:mailbox_manager_sync.cc(317)] MailboxSync: Incompatible attachment
08-23 20:57:15.134 28899 29031 E chromium: [ERROR:mailbox_manager_sync.cc(317)] MailboxSync: Incompatible attachment
08-23 20:57:15.145 1994 2003 I art : Background partial concurrent mark sweep GC freed 6895(249KB) AllocSpace objects, 0(0B) LOS objects, 32% free, 33MB/49MB, paused 3.285ms total 299.587ms
08-23 20:57:15.164 28899 29031 E chromium: [ERROR:mailbox_manager_sync.cc(317)] MailboxSync: Incompatible attachment
08-23 20:57:15.214 28899 29031 E chromium: [ERROR:mailbox_manager_sync.cc(317)] MailboxSync: Incompatible attachment
08-23 20:57:15.247 28899 29031 E chromium: [ERROR:mailbox_manager_sync.cc(317)] MailboxSync: Incompatible attachment
08-23 20:57:15.298 28899 29031 E chromium: [ERROR:mailbox_manager_sync.cc(317)] MailboxSync: Incompatible attachment
08-23 20:57:15.332 28899 29031 E chromium: [ERROR:mailbox_manager_sync.cc(317)] MailboxSync: Incompatible attachment
08-23 20:57:15.384 28899 29031 E chromium: [ERROR:mailbox_manager_sync.cc(317)] MailboxSync: Incompatible attachment
08-23 20:57:15.414 1994 2032 D BluetoothManagerService: Message: UNKNOWN(401)
08-23 20:57:15.415 28899 29031 E chromium: [ERROR:mailbox_manager_sync.cc(317)] MailboxSync: Incompatible attachment
08-23 20:57:15.466 28899 29031 E chromium: [ERROR:mailbox_manager_sync.cc(317)] MailboxSync: Incompatible attachment
08-23 20:57:15.499 28899 29031 E chromium: [ERROR:mailbox_manager_sync.cc(317)] MailboxSync: Incompatible attachment
08-23 20:57:15.551 28899 29031 E chromium: [ERROR:mailbox_manager_sync.cc(317)] MailboxSync: Incompatible attachment
08-23 20:57:15.583 28899 29031 E chromium: [ERROR:mailbox_manager_sync.cc(317)] MailboxSync: Incompatible attachment
08-23 20:57:15.632 28899 29031 E chromium: [ERROR:mailbox_manager_sync.cc(317)] MailboxSync: Incompatible attachment
08-23 20:57:15.665 28899 29031 E chromium: [ERROR:mailbox_manager_sync.cc(317)] MailboxSync: Incompatible attachment
08-23 20:57:15.715 28899 29031 E chromium: [ERROR:mailbox_manager_sync.cc(317)] MailboxSync: Incompatible attachment
08-23 20:57:15.752 28899 29031 E chromium: [ERROR:mailbox_manager_sync.cc(317)] MailboxSync: Incompatible attachment
08-23 20:57:15.812 28899 29031 E chromium: [ERROR:mailbox_manager_sync.cc(317)] MailboxSync: Incompatible attachment
08-23 20:57:15.815 28899 29031 E chromium: [ERROR:mailbox_manager_sync.cc(317)] MailboxSync: Incompatible attachment
08-23 20:57:15.821 2410 2410 D WIFI_ICON: WifiActivity: 0
08-23 20:57:15.821 2410 2410 D StatusBar.NetworkController: dumpIcon[(gone) stat_sys_5signal_2|null stat_sys_wifi_signal_connected_4 (gone) F]
08-23 20:57:15.826 2410 2410 D SignalBarView: onMeasure() desity =3.0 mDefaultDesity=480.0 scale =1.0
08-23 20:57:15.826 2410 2410 D SignalBarView: onMeasure() mLeft != null width =50 height =50
08-23 20:57:15.827 2410 2410 D SignalBarView: onMeasure() desity =3.0 mDefaultDesity=480.0 scale =1.0
08-23 20:57:15.827 2410 2410 D SignalBarView: onMeasure() mLeft != null width =50 height =50
08-23 20:57:15.827 2410 2410 D SignalBarView: onMeasure() desity =3.0 mDefaultDesity=480.0 scale =1.0
08-23 20:57:15.827 2410 2410 D SignalBarView: onMeasure() mLeft != null width =50 height =50
08-23 20:57:15.883 28899 29031 E chromium: [ERROR:mailbox_manager_sync.cc(317)] MailboxSync: Incompatible attachment
08-23 20:57:15.897 28899 29031 E chromium: [ERROR:mailbox_manager_sync.cc(317)] MailboxSync: Incompatible attachment
08-23 20:57:15.948 1994 2003 I art : Background partial concurrent mark sweep GC freed 6384(231KB) AllocSpace objects, 0(0B) LOS objects, 32% free, 33MB/49MB, paused 3.305ms total 223.743ms
08-23 20:57:15.966 28899 29031 E chromium: [ERROR:mailbox_manager_sync.cc(317)] MailboxSync: Incompatible attachment
08-23 20:57:15.983 28899 29031 E chromium: [ERROR:mailbox_manager_sync.cc(317)] MailboxSync: Incompatible attachment
08-23 20:57:16.049 28899 29031 E chromium: [ERROR:mailbox_manager_sync.cc(317)] MailboxSync: Incompatible attachment
08-23 20:57:16.067 28899 29031 E chromium: [ERROR:mailbox_manager_sync.cc(317)] MailboxSync: Incompatible attachment
08-23 20:57:16.132 28899 29031 E chromium: [ERROR:mailbox_manager_sync.cc(317)] MailboxSync: Incompatible attachment
08-23 20:57:16.148 28899 29031 E chromium: [ERROR:mailbox_manager_sync.cc(317)] MailboxSync: Incompatible attachment
08-23 20:57:16.215 28899 29031 E chromium: [ERROR:mailbox_manager_sync.cc(317)] MailboxSync: Incompatible attachment
08-23 20:57:16.233 28899 29031 E chromium: [ERROR:mailbox_manager_sync.cc(317)] MailboxSync: Incompatible attachment
08-23 20:57:16.299 28899 29031 E chromium: [ERROR:mailbox_manager_sync.cc(317)] MailboxSync: Incompatible attachment
08-23 20:57:16.316 28899 29031 E chromium: [ERROR:mailbox_manager_sync.cc(317)] MailboxSync: Incompatible attachment
08-23 20:57:16.383 28899 29031 E chromium: [ERROR:mailbox_manager_sync.cc(317)] MailboxSync: Incompatible attachment
08-23 20:57:16.399 28899 29031 E chromium: [ERROR:mailbox_manager_sync.cc(317)] MailboxSync: Incompatible attachment
08-23 20:57:16.466 28899 29031 E chromium: [ERROR:mailbox_manager_sync.cc(317)] MailboxSync: Incompatible attachment
08-23 20:57:16.483 28899 29031 E chromium: [ERROR:mailbox_manager_sync.cc(317)] MailboxSync: Incompatible attachment
08-23 20:57:16.550 28899 29031 E chromium: [ERROR:mailbox_manager_sync.cc(317)] MailboxSync: Incompatible attachment
08-23 20:57:16.568 28899 29031 E chromium: [ERROR:mailbox_manager_sync.cc(317)] MailboxSync: Incompatible attachment
08-23 20:57:16.634 28899 29031 E chromium: [ERROR:mailbox_manager_sync.cc(317)] MailboxSync: Incompatible attachment
08-23 20:57:16.650 28899 29031 E chromium: [ERROR:mailbox_manager_sync.cc(317)] MailboxSync: Incompatible attachment
08-23 20:57:16.744 28899 29031 E chromium: [ERROR:mailbox_manager_sync.cc(317)] MailboxSync: Incompatible attachment
08-23 20:57:16.748 28899 29031 E chromium: [ERROR:mailbox_manager_sync.cc(317)] MailboxSync: Incompatible attachment
08-23 20:57:16.825 28899 29031 E chromium: [ERROR:mailbox_manager_sync.cc(317)] MailboxSync: Incompatible attachment
08-23 20:57:16.853 28899 29031 E chromium: [ERROR:mailbox_manager_sync.cc(317)] MailboxSync: Incompatible attachment
08-23 20:57:16.916 1994 2003 I art : Background partial concurrent mark sweep GC freed 6837(263KB) AllocSpace objects, 1(20KB) LOS objects, 32% free, 33MB/49MB, paused 3.371ms total 361.138ms
08-23 20:57:16.917 28899 29031 E chromium: [ERROR:mailbox_manager_sync.cc(317)] MailboxSync: Incompatible attachment
08-23 20:57:16.932 28899 29031 E chromium: [ERROR:mailbox_manager_sync.cc(317)] MailboxSync: Incompatible attachment
08-23 20:57:16.951 1994 2184 D WifiStateMachine: handleMessage: E msg.what=131155
08-23 20:57:16.951 1994 2184 D WifiStateMachine: processMsg: ConnectedState
08-23 20:57:16.951 1994 2184 D WifiStateMachine: processMsg: L2ConnectedState
08-23 20:57:16.962 2324 2324 D wpa_supplicant: wlan0: Control interface command 'SIGNAL_POLL'
08-23 20:57:16.972 1994 2184 D WifiStateMachine: CMD_RSSI_POLL: TxBytes = 42786, RxBytes = 105009
08-23 20:57:16.974 1994 2184 D WifiStateMachine: handleMessage: X
08-23 20:57:16.998 28899 29031 E chromium: [ERROR:mailbox_manager_sync.cc(317)] MailboxSync: Incompatible attachment
08-23 20:57:17.014 28899 29031 E chromium: [ERROR:mailbox_manager_sync.cc(317)] MailboxSync: Incompatible attachment
08-23 20:57:17.083 28899 29031 E chromium: [ERROR:mailbox_manager_sync.cc(317)] MailboxSync: Incompatible attachment
08-23 20:57:17.098 28899 29031 E chromium: [ERROR:mailbox_manager_sync.cc(317)] MailboxSync: Incompatible attachment
08-23 20:57:17.167 28899 29031 E chromium: [ERROR:mailbox_manager_sync.cc(317)] MailboxSync: Incompatible attachment
08-23 20:57:17.186 28899 29031 E chromium: [ERROR:mailbox_manager_sync.cc(317)] MailboxSync: Incompatible attachment
08-23 20:57:17.250 28899 29031 E chromium: [ERROR:mailbox_manager_sync.cc(317)] MailboxSync: Incompatible attachment
08-23 20:57:17.266 28899 29031 E chromium: [ERROR:mailbox_manager_sync.cc(317)] MailboxSync: Incompatible attachment
08-23 20:57:17.331 28899 29031 E chromium: [ERROR:mailbox_manager_sync.cc(317)] MailboxSync: Incompatible attachment
08-23 20:57:17.348 28899 29031 E chromium: [ERROR:mailbox_manager_sync.cc(317)] MailboxSync: Incompatible attachment
08-23 20:57:17.414 28899 29031 E chromium: [ERROR:mailbox_manager_sync.cc(317)] MailboxSync: Incompatible attachment
08-23 20:57:17.430 28899 29031 E chromium: [ERROR:mailbox_manager_sync.cc(317)] MailboxSync: Incompatible attachment
08-23 20:57:17.498 28899 29031 E chromium: [ERROR:mailbox_manager_sync.cc(317)] MailboxSync: Incompatible attachment
08-23 20:57:17.515 28899 29031 E chromium: [ERROR:mailbox_manager_sync.cc(317)] MailboxSync: Incompatible attachment
08-23 20:57:17.564 28899 29031 E chromium: [ERROR:mailbox_manager_sync.cc(317)] MailboxSync: Incompatible attachment
08-23 20:57:17.614 28899 29031 E chromium: [ERROR:mailbox_manager_sync.cc(317)] MailboxSync: Incompatible attachment
08-23 20:57:17.648 28899 29031 E chromium: [ERROR:mailbox_manager_sync.cc(317)] MailboxSync: Incompatible attachment
08-23 20:57:17.698 28899 29031 E chromium: [ERROR:mailbox_manager_sync.cc(317)] MailboxSync: Incompatible attachment
08-23 20:57:17.734 28899 29031 E chromium: [ERROR:mailbox_manager_sync.cc(317)] MailboxSync: Incompatible attachment
08-23 20:57:17.782 28899 29031 E chromium: [ERROR:mailbox_manager_sync.cc(317)] MailboxSync: Incompatible attachment
08-23 20:57:17.794 1994 2003 I art : Background partial concurrent mark sweep GC freed 7581(284KB) AllocSpace objects, 1(20KB) LOS objects, 32% free, 33MB/49MB, paused 4.004ms total 303.377ms
08-23 20:57:17.814 28899 29031 E chromium: [ERROR:mailbox_manager_sync.cc(317)] MailboxSync: Incompatible attachment
08-23 20:57:17.824 2410 2410 D WIFI_ICON: WifiActivity: 1
08-23 20:57:17.825 2410 2410 D StatusBar.NetworkController: dumpIcon[(gone) stat_sys_5signal_2|null stat_sys_wifi_signal_in_4 (gone) F]
08-23 20:57:17.827 2410 2410 D SignalBarView: onMeasure() desity =3.0 mDefaultDesity=480.0 scale =1.0
08-23 20:57:17.827 2410 2410 D SignalBarView: onMeasure() mLeft != null width =50 height =50
08-23 20:57:17.828 2410 2410 D SignalBarView: onMeasure() desity =3.0 mDefaultDesity=480.0 scale =1.0
08-23 20:57:17.828 2410 2410 D SignalBarView: onMeasure() mLeft != null width =50 height =50
08-23 20:57:17.828 2410 2410 D SignalBarView: onMeasure() desity =3.0 mDefaultDesity=480.0 scale =1.0
08-23 20:57:17.828 2410 2410 D SignalBarView: onMeasure() mLeft != null width =50 height =50
08-23 20:57:17.866 28899 29031 E chromium: [ERROR:mailbox_manager_sync.cc(317)] MailboxSync: Incompatible attachment
08-23 20:57:17.897 28899 29031 E chromium: [ERROR:mailbox_manager_sync.cc(317)] MailboxSync: Incompatible attachment
08-23 20:57:17.951 28899 29031 E chromium: [ERROR:mailbox_manager_sync.cc(317)] MailboxSync: Incompatible attachment
08-23 20:57:17.980 28899 29031 E chromium: [ERROR:mailbox_manager_sync.cc(317)] MailboxSync: Incompatible attachment
08-23 20:57:18.030 28899 29031 E chromium: [ERROR:mailbox_manager_sync.cc(317)] MailboxSync: Incompatible attachment
08-23 20:57:18.065 28899 29031 E chromium: [ERROR:mailbox_manager_sync.cc(317)] MailboxSync: Incompatible attachment
08-23 20:57:18.115 28899 29031 E chromium: [ERROR:mailbox_manager_sync.cc(317)] MailboxSync: Incompatible attachment
08-23 20:57:18.148 28899 29031 E chromium: [ERROR:mailbox_manager_sync.cc(317)] MailboxSync: Incompatible attachment
08-23 20:57:18.198 28899 29031 E chromium: [ERROR:mailbox_manager_sync.cc(317)] MailboxSync: Incompatible attachment
08-23 20:57:18.232 28899 29031 E chromium: [ERROR:mailbox_manager_sync.cc(317)] MailboxSync: Incompatible attachment
08-23 20:57:18.282 28899 29031 E chromium: [ERROR:mailbox_manager_sync.cc(317)] MailboxSync: Incompatible attachment
08-23 20:57:18.314 28899 29031 E chromium: [ERROR:mailbox_manager_sync.cc(317)] MailboxSync: Incompatible attachment
08-23 20:57:18.365 28899 29031 E chromium: [ERROR:mailbox_manager_sync.cc(317)] MailboxSync: Incompatible attachment
08-23 20:57:18.398 28899 29031 E chromium: [ERROR:mailbox_manager_sync.cc(317)] MailboxSync: Incompatible attachment
08-23 20:57:18.418 1994 2032 D BluetoothManagerService: Message: UNKNOWN(401)
08-23 20:57:18.442 28899 29031 E chromium: [ERROR:mailbox_manager_sync.cc(317)] MailboxSync: Incompatible attachment
08-23 20:57:18.482 28899 29031 E chromium: [ERROR:mailbox_manager_sync.cc(317)] MailboxSync: Incompatible attachment
08-23 20:57:18.532 28899 29031 E chromium: [ERROR:mailbox_manager_sync.cc(317)] MailboxSync: Incompatible attachment
08-23 20:57:18.567 28899 29031 E chromium: [ERROR:mailbox_manager_sync.cc(317)] MailboxSync: Incompatible attachment
08-23 20:57:18.590 1994 2003 I art : Background partial concurrent mark sweep GC freed 6500(235KB) AllocSpace objects, 0(0B) LOS objects, 32% free, 33MB/49MB, paused 3.291ms total 233.968ms
08-23 20:57:18.615 28899 29031 E chromium: [ERROR:mailbox_manager_sync.cc(317)] MailboxSync: Incompatible attachment
08-23 20:57:18.654 28899 29031 E chromium: [ERROR:mailbox_manager_sync.cc(317)] MailboxSync: Incompatible attachment
08-23 20:57:18.699 28899 29031 E chromium: [ERROR:mailbox_manager_sync.cc(317)] MailboxSync: Incompatible attachment
08-23 20:57:18.740 28899 29031 E chromium: [ERROR:mailbox_manager_sync.cc(317)] MailboxSync: Incompatible attachment
08-23 20:57:18.781 28899 29031 E chromium: [ERROR:mailbox_manager_sync.cc(317)] MailboxSync: Incompatible attachment
08-23 20:57:18.815 28899 29031 E chromium: [ERROR:mailbox_manager_sync.cc(317)] MailboxSync: Incompatible attachment
08-23 20:57:18.826 2410 2410 D WIFI_ICON: WifiActivity: 0
08-23 20:57:18.828 2410 2410 D StatusBar.NetworkController: dumpIcon[(gone) stat_sys_5signal_2|null stat_sys_wifi_signal_connected_4 (gone) F]
08-23 20:57:18.843 2410 2410 D SignalBarView: onMeasure() desity =3.0 mDefaultDesity=480.0 scale =1.0
08-23 20:57:18.843 2410 2410 D SignalBarView: onMeasure() mLeft != null width =50 height =50
08-23 20:57:18.844 2410 2410 D SignalBarView: onMeasure() desity =3.0 mDefaultDesity=480.0 scale =1.0
08-23 20:57:18.844 2410 2410 D SignalBarView: onMeasure() mLeft != null width =50 height =50
08-23 20:57:18.844 2410 2410 D SignalBarView: onMeasure() desity =3.0 mDefaultDesity=480.0 scale =1.0
08-23 20:57:18.844 2410 2410 D SignalBarView: onMeasure() mLeft != null width =50 height =50
08-23 20:57:18.867 28899 29031 E chromium: [ERROR:mailbox_manager_sync.cc(317)] MailboxSync: Incompatible attachment
08-23 20:57:18.898 28899 29031 E chromium: [ERROR:mailbox_manager_sync.cc(317)] MailboxSync: Incompatible attachment
08-23 20:57:18.950 28899 29031 E chromium: [ERROR:mailbox_manager_sync.cc(317)] MailboxSync: Incompatible attachment
08-23 20:57:18.982 28899 29031 E chromium: [ERROR:mailbox_manager_sync.cc(317)] MailboxSync: Incompatible attachment
08-23 20:57:19.032 28899 29031 E chromium: [ERROR:mailbox_manager_sync.cc(317)] MailboxSync: Incompatible attachment
08-23 20:57:19.066 28899 29031 E chromium: [ERROR:mailbox_manager_sync.cc(317)] MailboxSync: Incompatible attachment
08-23 20:57:19.115 28899 29031 E chromium: [ERROR:mailbox_manager_sync.cc(317)] MailboxSync: Incompatible attachment
08-23 20:57:19.150 28899 29031 E chromium: [ERROR:mailbox_manager_sync.cc(317)] MailboxSync: Incompatible attachment
08-23 20:57:19.202 28899 29031 E chromium: [ERROR:mailbox_manager_sync.cc(317)] MailboxSync: Incompatible attachment
08-23 20:57:19.233 28899 29031 E chromium: [ERROR:mailbox_manager_sync.cc(317)] MailboxSync: Incompatible attachment
08-23 20:57:19.293 2410 2410 D TelephonyCallback: SignalStrength: 3
08-23 20:57:19.302 2410 2410 D SIGNAL_ICON: level=3/5
08-23 20:57:19.305 2410 2410 D StatusBar.NetworkController: dumpIcon[(gone) stat_sys_5signal_3|null stat_sys_wifi_signal_connected_4 (gone) F]
08-23 20:57:19.310 2410 2410 D SignalBarView: onMeasure() desity =3.0 mDefaultDesity=480.0 scale =1.0
08-23 20:57:19.310 2410 2410 D SignalBarView: onMeasure() mLeft != null width =50 height =50
08-23 20:57:19.310 2410 2410 D SignalBarView: onMeasure() desity =3.0 mDefaultDesity=480.0 scale =1.0
08-23 20:57:19.310 2410 2410 D SignalBarView: onMeasure() mLeft != null width =50 height =50
08-23 20:57:19.310 2410 2410 D SignalBarView: onMeasure() desity =3.0 mDefaultDesity=480.0 scale =1.0
08-23 20:57:19.310 2410 2410 D SignalBarView: onMeasure() mLeft != null width =50 height =50
08-23 20:57:19.326 28899 29031 E chromium: [ERROR:mailbox_manager_sync.cc(317)] MailboxSync: Incompatible attachment
08-23 20:57:19.329 28899 29031 E chromium: [ERROR:mailbox_manager_sync.cc(317)] MailboxSync: Incompatible attachment
08-23 20:57:19.401 28899 29031 E chromium: [ERROR:mailbox_manager_sync.cc(317)] MailboxSync: Incompatible attachment
08-23 20:57:19.439 28899 29031 E chromium: [ERROR:mailbox_manager_sync.cc(317)] MailboxSync: Incompatible attachment
08-23 20:57:19.502 28899 29031 E chromium: [ERROR:mailbox_manager_sync.cc(317)] MailboxSync: Incompatible attachment
08-23 20:57:19.516 28899 29031 E chromium: [ERROR:mailbox_manager_sync.cc(317)] MailboxSync: Incompatible attachment
08-23 20:57:19.516 1994 2003 I art : Background partial concurrent mark sweep GC freed 6894(251KB) AllocSpace objects, 0(0B) LOS objects, 32% free, 33MB/49MB, paused 3.278ms total 357.452ms
08-23 20:57:19.583 28899 29031 E chromium: [ERROR:mailbox_manager_sync.cc(317)] MailboxSync: Incompatible attachment
08-23 20:57:19.608 28899 29031 E chromium: [ERROR:mailbox_manager_sync.cc(317)] MailboxSync: Incompatible attachment
08-23 20:57:19.667 28899 29031 E chromium: [ERROR:mailbox_manager_sync.cc(317)] MailboxSync: Incompatible attachment
08-23 20:57:19.699 28899 29031 E chromium: [ERROR:mailbox_manager_sync.cc(317)] MailboxSync: Incompatible attachment
08-23 20:57:19.729 28899 29031 E chromium: [ERROR:mailbox_manager_sync.cc(317)] MailboxSync: Incompatible attachment
08-23 20:57:19.782 28899 29031 E chromium: [ERROR:mailbox_manager_sync.cc(317)] MailboxSync: Incompatible attachment
08-23 20:57:19.817 28899 29031 E chromium: [ERROR:mailbox_manager_sync.cc(317)] MailboxSync: Incompatible attachment
08-23 20:57:19.868 28899 29031 E chromium: [ERROR:mailbox_manager_sync.cc(317)] MailboxSync: Incompatible attachment
08-23 20:57:19.902 28899 29031 E chromium: [ERROR:mailbox_manager_sync.cc(317)] MailboxSync: Incompatible attachment
08-23 20:57:19.949 28899 29031 E chromium: [ERROR:mailbox_manager_sync.cc(317)] MailboxSync: Incompatible attachment
08-23 20:57:19.975 1994 2184 D WifiStateMachine: handleMessage: E msg.what=131155
08-23 20:57:19.975 1994 2184 D WifiStateMachine: processMsg: ConnectedState
08-23 20:57:19.975 1994 2184 D WifiStateMachine: processMsg: L2ConnectedState
08-23 20:57:19.983 28899 29031 E chromium: [ERROR:mailbox_manager_sync.cc(317)] MailboxSync: Incompatible attachment
08-23 20:57:19.987 2324 2324 D wpa_supplicant: wlan0: Control interface command 'SIGNAL_POLL'
08-23 20:57:19.994 1994 2184 D WifiStateMachine: CMD_RSSI_POLL: TxBytes = 42786, RxBytes = 105010
08-23 20:57:19.996 1994 2184 D WifiStateMachine: handleMessage: X
08-23 20:57:20.048 28899 29031 E chromium: [ERROR:mailbox_manager_sync.cc(317)] MailboxSync: Incompatible attachment
08-23 20:57:20.067 28899 29031 E chromium: [ERROR:mailbox_manager_sync.cc(317)] MailboxSync: Incompatible attachment
08-23 20:57:20.132 28899 29031 E chromium: [ERROR:mailbox_manager_sync.cc(317)] MailboxSync: Incompatible attachment
08-23 20:57:20.150 28899 29031 E chromium: [ERROR:mailbox_manager_sync.cc(317)] MailboxSync: Incompatible attachment
08-23 20:57:20.215 28899 29031 E chromium: [ERROR:mailbox_manager_sync.cc(317)] MailboxSync: Incompatible attachment
08-23 20:57:20.232 28899 29031 E chromium: [ERROR:mailbox_manager_sync.cc(317)] MailboxSync: Incompatible attachment
08-23 20:57:20.299 28899 29031 E chromium: [ERROR:mailbox_manager_sync.cc(317)] MailboxSync: Incompatible attachment
08-23 20:57:20.317 28899 29031 E chromium: [ERROR:mailbox_manager_sync.cc(317)] MailboxSync: Incompatible attachment
08-23 20:57:20.383 28899 29031 E chromium: [ERROR:mailbox_manager_sync.cc(317)] MailboxSync: Incompatible attachment
08-23 20:57:20.388 1994 2003 I art : Background partial concurrent mark sweep GC freed 8135(320KB) AllocSpace objects, 2(40KB) LOS objects, 32% free, 33MB/49MB, paused 3.459ms total 300.646ms
08-23 20:57:20.399 28899 29031 E chromium: [ERROR:mailbox_manager_sync.cc(317)] MailboxSync: Incompatible attachment
08-23 20:57:20.466 28899 29031 E chromium: [ERROR:mailbox_manager_sync.cc(317)] MailboxSync: Incompatible attachment
08-23 20:57:20.483 28899 29031 E chromium: [ERROR:mailbox_manager_sync.cc(317)] MailboxSync: Incompatible attachment
08-23 20:57:20.548 28899 29031 E chromium: [ERROR:mailbox_manager_sync.cc(317)] MailboxSync: Incompatible attachment
08-23 20:57:20.566 28899 29031 E chromium: [ERROR:mailbox_manager_sync.cc(317)] MailboxSync: Incompatible attachment
08-23 20:57:20.633 28899 29031 E chromium: [ERROR:mailbox_manager_sync.cc(317)] MailboxSync: Incompatible attachment
08-23 20:57:20.649 28899 29031 E chromium: [ERROR:mailbox_manager_sync.cc(317)] MailboxSync: Incompatible attachment
08-23 20:57:20.715 28899 29031 E chromium: [ERROR:mailbox_manager_sync.cc(317)] MailboxSync: Incompatible attachment
08-23 20:57:20.734 28899 29031 E chromium: [ERROR:mailbox_manager_sync.cc(317)] MailboxSync: Incompatible attachment
08-23 20:57:20.804 28899 29031 E chromium: [ERROR:mailbox_manager_sync.cc(317)] MailboxSync: Incompatible attachment
08-23 20:57:20.817 28899 29031 E chromium: [ERROR:mailbox_manager_sync.cc(317)] MailboxSync: Incompatible attachment
08-23 20:57:20.882 28899 29031 E chromium: [ERROR:mailbox_manager_sync.cc(317)] MailboxSync: Incompatible attachment
08-23 20:57:20.901 28899 29031 E chromium: [ERROR:mailbox_manager_sync.cc(317)] MailboxSync: Incompatible attachment
08-23 20:57:20.966 28899 29031 E chromium: [ERROR:mailbox_manager_sync.cc(317)] MailboxSync: Incompatible attachment
08-23 20:57:20.983 28899 29031 E chromium: [ERROR:mailbox_manager_sync.cc(317)] MailboxSync: Incompatible attachment
08-23 20:57:21.054 28899 29031 E chromium: [ERROR:mailbox_manager_sync.cc(317)] MailboxSync: Incompatible attachment
08-23 20:57:21.067 28899 29031 E chromium: [ERROR:mailbox_manager_sync.cc(317)] MailboxSync: Incompatible attachment
08-23 20:57:21.135 28899 29031 E chromium: [ERROR:mailbox_manager_sync.cc(317)] MailboxSync: Incompatible attachment
08-23 20:57:21.151 28899 29031 E chromium: [ERROR:mailbox_manager_sync.cc(317)] MailboxSync: Incompatible attachment
08-23 20:57:21.218 28899 29031 E chromium: [ERROR:mailbox_manager_sync.cc(317)] MailboxSync: Incompatible attachment
08-23 20:57:21.233 28899 29031 E chromium: [ERROR:mailbox_manager_sync.cc(317)] MailboxSync: Incompatible attachment
08-23 20:57:21.298 28899 29031 E chromium: [ERROR:mailbox_manager_sync.cc(317)] MailboxSync: Incompatible attachment
08-23 20:57:21.316 1994 2003 I art : Background partial concurrent mark sweep GC freed 6946(251KB) AllocSpace objects, 0(0B) LOS objects, 32% free, 33MB/49MB, paused 4.110ms total 301.366ms
08-23 20:57:21.339 28899 29031 E chromium: [ERROR:mailbox_manager_sync.cc(317)] MailboxSync: Incompatible attachment
08-23 20:57:21.399 28899 29031 E chromium: [ERROR:mailbox_manager_sync.cc(317)] MailboxSync: Incompatible attachment
08-23 20:57:21.415 28899 29031 E chromium: [ERROR:mailbox_manager_sync.cc(317)] MailboxSync: Incompatible attachment
08-23 20:57:21.421 1994 2032 D BluetoothManagerService: Message: UNKNOWN(401)
08-23 20:57:21.482 28899 29031 E chromium: [ERROR:mailbox_manager_sync.cc(317)] MailboxSync: Incompatible attachment
08-23 20:57:21.497 28899 29031 E chromium: [ERROR:mailbox_manager_sync.cc(317)] MailboxSync: Incompatible attachment
08-23 20:57:21.564 28899 29031 E chromium: [ERROR:mailbox_manager_sync.cc(317)] MailboxSync: Incompatible attachment
08-23 20:57:21.581 28899 29031 E chromium: [ERROR:mailbox_manager_sync.cc(317)] MailboxSync: Incompatible attachment
08-23 20:57:21.649 28899 29031 E chromium: [ERROR:mailbox_manager_sync.cc(317)] MailboxSync: Incompatible attachment
08-23 20:57:21.665 28899 29031 E chromium: [ERROR:mailbox_manager_sync.cc(317)] MailboxSync: Incompatible attachment
08-23 20:57:21.731 28899 29031 E chromium: [ERROR:mailbox_manager_sync.cc(317)] MailboxSync: Incompatible attachment
08-23 20:57:21.747 28899 29031 E chromium: [ERROR:mailbox_manager_sync.cc(317)] MailboxSync: Incompatible attachment
08-23 20:57:21.815 28899 29031 E chromium: [ERROR:mailbox_manager_sync.cc(317)] MailboxSync: Incompatible attachment
08-23 20:57:21.832 28899 29031 E chromium: [ERROR:mailbox_manager_sync.cc(317)] MailboxSync: Incompatible attachment
08-23 20:57:21.899 28899 29031 E chromium: [ERROR:mailbox_manager_sync.cc(317)] MailboxSync: Incompatible attachment
08-23 20:57:21.918 28899 29031 E chromium: [ERROR:mailbox_manager_sync.cc(317)] MailboxSync: Incompatible attachment
08-23 20:57:21.983 28899 29031 E chromium: [ERROR:mailbox_manager_sync.cc(317)] MailboxSync: Incompatible attachment
08-23 20:57:22.001 28899 29031 E chromium: [ERROR:mailbox_manager_sync.cc(317)] MailboxSync: Incompatible attachment
08-23 20:57:22.077 28899 29031 E chromium: [ERROR:mailbox_manager_sync.cc(317)] MailboxSync: Incompatible attachment
08-23 20:57:22.128 28899 29031 E chromium: [ERROR:mailbox_manager_sync.cc(317)] MailboxSync: Incompatible attachment
08-23 20:57:22.160 1994 2003 I art : Background partial concurrent mark sweep GC freed 6883(249KB) AllocSpace objects, 0(0B) LOS objects, 32% free, 33MB/49MB, paused 4.639ms total 319.779ms
08-23 20:57:22.184 28899 29031 E chromium: [ERROR:mailbox_manager_sync.cc(317)] MailboxSync: Incompatible attachment
08-23 20:57:22.199 28899 29031 E chromium: [ERROR:mailbox_manager_sync.cc(317)] MailboxSync: Incompatible attachment
08-23 20:57:22.268 28899 29031 E chromium: [ERROR:mailbox_manager_sync.cc(317)] MailboxSync: Incompatible attachment
08-23 20:57:22.281 28899 29031 E chromium: [ERROR:mailbox_manager_sync.cc(317)] MailboxSync: Incompatible attachment
08-23 20:57:22.349 28899 29031 E chromium: [ERROR:mailbox_manager_sync.cc(317)] MailboxSync: Incompatible attachment
08-23 20:57:22.366 28899 29031 E chromium: [ERROR:mailbox_manager_sync.cc(317)] MailboxSync: Incompatible attachment
08-23 20:57:22.433 28899 29031 E chromium: [ERROR:mailbox_manager_sync.cc(317)] MailboxSync: Incompatible attachment
08-23 20:57:22.449 28899 29031 E chromium: [ERROR:mailbox_manager_sync.cc(317)] MailboxSync: Incompatible attachment
08-23 20:57:22.494 2410 2410 D TelephonyCallback: SignalStrength: 2
08-23 20:57:22.500 2410 2410 D SIGNAL_ICON: level=2/5
08-23 20:57:22.503 1994 2111 W SensorService: D/Accel(x, y, z, t) = ( 0.0, 0.0, 10.0, 4462907ms), sys_time = 4462942ms
08-23 20:57:22.503 2410 2410 D StatusBar.NetworkController: dumpIcon[(gone) stat_sys_5signal_2|null stat_sys_wifi_signal_connected_4 (gone) F]
08-23 20:57:22.512 2410 2410 D SignalBarView: onMeasure() desity =3.0 mDefaultDesity=480.0 scale =1.0
08-23 20:57:22.512 2410 2410 D SignalBarView: onMeasure() mLeft != null width =50 height =50
08-23 20:57:22.513 2410 2410 D SignalBarView: onMeasure() desity =3.0 mDefaultDesity=480.0 scale =1.0
08-23 20:57:22.513 2410 2410 D SignalBarView: onMeasure() mLeft != null width =50 height =50
08-23 20:57:22.513 2410 2410 D SignalBarView: onMeasure() desity =3.0 mDefaultDesity=480.0 scale =1.0
08-23 20:57:22.513 2410 2410 D SignalBarView: onMeasure() mLeft != null width =50 height =50
08-23 20:57:22.517 28899 29031 E chromium: [ERROR:mailbox_manager_sync.cc(317)] MailboxSync: Incompatible attachment
08-23 20:57:22.533 28899 29031 E chromium: [ERROR:mailbox_manager_sync.cc(317)] MailboxSync: Incompatible attachment
08-23 20:57:22.600 28899 29031 E chromium: [ERROR:mailbox_manager_sync.cc(317)] MailboxSync: Incompatible attachment
08-23 20:57:22.621 28899 29031 E chromium: [ERROR:mailbox_manager_sync.cc(317)] MailboxSync: Incompatible attachment
08-23 20:57:22.686 28899 29031 E chromium: [ERROR:mailbox_manager_sync.cc(317)] MailboxSync: Incompatible attachment
08-23 20:57:22.700 28899 29031 E chromium: [ERROR:mailbox_manager_sync.cc(317)] MailboxSync: Incompatible attachment
08-23 20:57:22.764 28899 29031 E chromium: [ERROR:mailbox_manager_sync.cc(317)] MailboxSync: Incompatible attachment
08-23 20:57:22.784 28899 29031 E chromium: [ERROR:mailbox_manager_sync.cc(317)] MailboxSync: Incompatible attachment
08-23 20:57:22.859 28899 29031 E chromium: [ERROR:mailbox_manager_sync.cc(317)] MailboxSync: Incompatible attachment
08-23 20:57:22.899 28899 29031 E chromium: [ERROR:mailbox_manager_sync.cc(317)] MailboxSync: Incompatible attachment
08-23 20:57:22.912 28899 29031 E chromium: [ERROR:mailbox_manager_sync.cc(317)] MailboxSync: Incompatible attachment
08-23 20:57:22.983 28899 29031 E chromium: [ERROR:mailbox_manager_sync.cc(317)] MailboxSync: Incompatible attachment
08-23 20:57:22.998 1994 2184 D WifiStateMachine: handleMessage: E msg.what=131155
08-23 20:57:22.998 1994 2184 D WifiStateMachine: processMsg: ConnectedState
08-23 20:57:22.999 1994 2184 D WifiStateMachine: processMsg: L2ConnectedState
08-23 20:57:22.999 28899 29031 E chromium: [ERROR:mailbox_manager_sync.cc(317)] MailboxSync: Incompatible attachment
08-23 20:57:23.008 2324 2324 D wpa_supplicant: wlan0: Control interface command 'SIGNAL_POLL'
08-23 20:57:23.016 1994 2184 D WifiStateMachine: CMD_RSSI_POLL: TxBytes = 42786, RxBytes = 105010
08-23 20:57:23.018 1994 2184 D WifiStateMachine: handleMessage: X
08-23 20:57:23.070 28899 29031 E chromium: [ERROR:mailbox_manager_sync.cc(317)] MailboxSync: Incompatible attachment
08-23 20:57:23.084 28899 29031 E chromium: [ERROR:mailbox_manager_sync.cc(317)] MailboxSync: Incompatible attachment
08-23 20:57:23.134 1994 2003 I art : Background partial concurrent mark sweep GC freed 7965(315KB) AllocSpace objects, 2(40KB) LOS objects, 32% free, 33MB/49MB, paused 3.534ms total 351.079ms
08-23 20:57:23.149 28899 29031 E chromium: [ERROR:mailbox_manager_sync.cc(317)] MailboxSync: Incompatible attachment
08-23 20:57:23.166 28899 29031 E chromium: [ERROR:mailbox_manager_sync.cc(317)] MailboxSync: Incompatible attachment
08-23 20:57:23.233 28899 29031 E chromium: [ERROR:mailbox_manager_sync.cc(317)] MailboxSync: Incompatible attachment
08-23 20:57:23.249 28899 29031 E chromium: [ERROR:mailbox_manager_sync.cc(317)] MailboxSync: Incompatible attachment
08-23 20:57:23.316 28899 29031 E chromium: [ERROR:mailbox_manager_sync.cc(317)] MailboxSync: Incompatible attachment
08-23 20:57:23.332 28899 29031 E chromium: [ERROR:mailbox_manager_sync.cc(317)] MailboxSync: Incompatible attachment
08-23 20:57:23.400 28899 29031 E chromium: [ERROR:mailbox_manager_sync.cc(317)] MailboxSync: Incompatible attachment
08-23 20:57:23.417 28899 29031 E chromium: [ERROR:mailbox_manager_sync.cc(317)] MailboxSync: Incompatible attachment
08-23 20:57:23.482 28899 29031 E chromium: [ERROR:mailbox_manager_sync.cc(317)] MailboxSync: Incompatible attachment
08-23 20:57:23.499 28899 29031 E chromium: [ERROR:mailbox_manager_sync.cc(317)] MailboxSync: Incompatible attachment
08-23 20:57:23.567 28899 29031 E chromium: [ERROR:mailbox_manager_sync.cc(317)] MailboxSync: Incompatible attachment
08-23 20:57:23.583 28899 29031 E chromium: [ERROR:mailbox_manager_sync.cc(317)] MailboxSync: Incompatible attachment
08-23 20:57:23.650 28899 29031 E chromium: [ERROR:mailbox_manager_sync.cc(317)] MailboxSync: Incompatible attachment
08-23 20:57:23.666 28899 29031 E chromium: [ERROR:mailbox_manager_sync.cc(317)] MailboxSync: Incompatible attachment
08-23 20:57:23.735 28899 29031 E chromium: [ERROR:mailbox_manager_sync.cc(317)] MailboxSync: Incompatible attachment
08-23 20:57:23.751 28899 29031 E chromium: [ERROR:mailbox_manager_sync.cc(317)] MailboxSync: Incompatible attachment
08-23 20:57:23.815 28899 29031 E chromium: [ERROR:mailbox_manager_sync.cc(317)] MailboxSync: Incompatible attachment
08-23 20:57:23.832 28899 29031 E chromium: [ERROR:mailbox_manager_sync.cc(317)] MailboxSync: Incompatible attachment
08-23 20:57:23.899 28899 29031 E chromium: [ERROR:mailbox_manager_sync.cc(317)] MailboxSync: Incompatible attachment
08-23 20:57:23.916 28899 29031 E chromium: [ERROR:mailbox_manager_sync.cc(317)] MailboxSync: Incompatible attachment
08-23 20:57:23.982 28899 29031 E chromium: [ERROR:mailbox_manager_sync.cc(317)] MailboxSync: Incompatible attachment
08-23 20:57:23.996 1994 2003 I art : Background partial concurrent mark sweep GC freed 6741(244KB) AllocSpace objects, 0(0B) LOS objects, 32% free, 33MB/49MB, paused 4.617ms total 244.116ms
08-23 20:57:23.999 28899 29031 E chromium: [ERROR:mailbox_manager_sync.cc(317)] MailboxSync: Incompatible attachment
08-23 20:57:24.066 28899 29031 E chromium: [ERROR:mailbox_manager_sync.cc(317)] MailboxSync: Incompatible attachment
08-23 20:57:24.082 28899 29031 E chromium: [ERROR:mailbox_manager_sync.cc(317)] MailboxSync: Incompatible attachment
08-23 20:57:24.149 28899 29031 E chromium: [ERROR:mailbox_manager_sync.cc(317)] MailboxSync: Incompatible attachment
08-23 20:57:24.167 28899 29031 E chromium: [ERROR:mailbox_manager_sync.cc(317)] MailboxSync: Incompatible attachment
08-23 20:57:24.233 28899 29031 E chromium: [ERROR:mailbox_manager_sync.cc(317)] MailboxSync: Incompatible attachment
08-23 20:57:24.249 28899 29031 E chromium: [ERROR:mailbox_manager_sync.cc(317)] MailboxSync: Incompatible attachment
08-23 20:57:24.315 28899 29031 E chromium: [ERROR:mailbox_manager_sync.cc(317)] MailboxSync: Incompatible attachment
08-23 20:57:24.332 28899 29031 E chromium: [ERROR:mailbox_manager_sync.cc(317)] MailboxSync: Incompatible attachment
08-23 20:57:24.400 28899 29031 E chromium: [ERROR:mailbox_manager_sync.cc(317)] MailboxSync: Incompatible attachment
08-23 20:57:24.416 28899 29031 E chromium: [ERROR:mailbox_manager_sync.cc(317)] MailboxSync: Incompatible attachment
08-23 20:57:24.425 1994 2032 D BluetoothManagerService: Message: UNKNOWN(401)
08-23 20:57:24.483 28899 29031 E chromium: [ERROR:mailbox_manager_sync.cc(317)] MailboxSync: Incompatible attachment
08-23 20:57:24.498 28899 29031 E chromium: [ERROR:mailbox_manager_sync.cc(317)] MailboxSync: Incompatible attachment
08-23 20:57:24.566 28899 29031 E chromium: [ERROR:mailbox_manager_sync.cc(317)] MailboxSync: Incompatible attachment
08-23 20:57:24.584 28899 29031 E chromium: [ERROR:mailbox_manager_sync.cc(317)] MailboxSync: Incompatible attachment
08-23 20:57:24.656 28899 29031 E chromium: [ERROR:mailbox_manager_sync.cc(317)] MailboxSync: Incompatible attachment
08-23 20:57:24.670 28899 29031 E chromium: [ERROR:mailbox_manager_sync.cc(317)] MailboxSync: Incompatible attachment
08-23 20:57:24.766 28899 29031 E chromium: [ERROR:mailbox_manager_sync.cc(317)] MailboxSync: Incompatible attachment
08-23 20:57:24.783 28899 29031 E chromium: [ERROR:mailbox_manager_sync.cc(317)] MailboxSync: Incompatible attachment
08-23 20:57:24.838 2410 2410 D WIFI_ICON: WifiActivity: 1
08-23 20:57:24.839 2410 2410 D StatusBar.NetworkController: dumpIcon[(gone) stat_sys_5signal_2|null stat_sys_wifi_signal_in_4 (gone) F]
08-23 20:57:24.847 2410 2410 D SignalBarView: onMeasure() desity =3.0 mDefaultDesity=480.0 scale =1.0
08-23 20:57:24.847 2410 2410 D SignalBarView: onMeasure() mLeft != null width =50 height =50
08-23 20:57:24.847 2410 2410 D SignalBarView: onMeasure() desity =3.0 mDefaultDesity=480.0 scale =1.0
08-23 20:57:24.847 2410 2410 D SignalBarView: onMeasure() mLeft != null width =50 height =50
08-23 20:57:24.847 2410 2410 D SignalBarView: onMeasure() desity =3.0 mDefaultDesity=480.0 scale =1.0
08-23 20:57:24.847 2410 2410 D SignalBarView: onMeasure() mLeft != null width =50 height =50
08-23 20:57:24.862 28899 29031 E chromium: [ERROR:mailbox_manager_sync.cc(317)] MailboxSync: Incompatible attachment
08-23 20:57:24.870 1994 2003 I art : Background partial concurrent mark sweep GC freed 6842(248KB) AllocSpace objects, 0(0B) LOS objects, 32% free, 33MB/49MB, paused 3.126ms total 303.511ms
08-23 20:57:24.881 28899 29031 E chromium: [ERROR:mailbox_manager_sync.cc(317)] MailboxSync: Incompatible attachment
08-23 20:57:24.931 28899 29031 E chromium: [ERROR:mailbox_manager_sync.cc(317)] MailboxSync: Incompatible attachment
08-23 20:57:24.951 28899 29031 E chromium: [ERROR:mailbox_manager_sync.cc(317)] MailboxSync: Incompatible attachment
08-23 20:57:25.014 28899 29031 E chromium: [ERROR:mailbox_manager_sync.cc(317)] MailboxSync: Incompatible attachment
08-23 20:57:25.031 28899 29031 E chromium: [ERROR:mailbox_manager_sync.cc(317)] MailboxSync: Incompatible attachment
08-23 20:57:25.054 2410 2410 D TelephonyCallback: SignalStrength: 2
08-23 20:57:25.058 2410 2410 D SIGNAL_ICON: level=2/5
08-23 20:57:25.058 2410 2410 D StatusBar.NetworkController: dumpIcon[(gone) stat_sys_5signal_2|null stat_sys_wifi_signal_in_4 (gone) F]
08-23 20:57:25.098 28899 29031 E chromium: [ERROR:mailbox_manager_sync.cc(317)] MailboxSync: Incompatible attachment
08-23 20:57:25.115 28899 29031 E chromium: [ERROR:mailbox_manager_sync.cc(317)] MailboxSync: Incompatible attachment
08-23 20:57:25.184 28899 29031 E chromium: [ERROR:mailbox_manager_sync.cc(317)] MailboxSync: Incompatible attachment
08-23 20:57:25.198 28899 29031 E chromium: [ERROR:mailbox_manager_sync.cc(317)] MailboxSync: Incompatible attachment
08-23 20:57:25.266 28899 29031 E chromium: [ERROR:mailbox_manager_sync.cc(317)] MailboxSync: Incompatible attachment
08-23 20:57:25.282 28899 29031 E chromium: [ERROR:mailbox_manager_sync.cc(317)] MailboxSync: Incompatible attachment
08-23 20:57:25.348 28899 29031 E chromium: [ERROR:mailbox_manager_sync.cc(317)] MailboxSync: Incompatible attachment
08-23 20:57:25.365 28899 29031 E chromium: [ERROR:mailbox_manager_sync.cc(317)] MailboxSync: Incompatible attachment
08-23 20:57:25.432 28899 29031 E chromium: [ERROR:mailbox_manager_sync.cc(317)] MailboxSync: Incompatible attachment
08-23 20:57:25.450 28899 29031 E chromium: [ERROR:mailbox_manager_sync.cc(317)] MailboxSync: Incompatible attachment
08-23 20:57:25.516 28899 29031 E chromium: [ERROR:mailbox_manager_sync.cc(317)] MailboxSync: Incompatible attachment
08-23 20:57:25.532 28899 29031 E chromium: [ERROR:mailbox_manager_sync.cc(317)] MailboxSync: Incompatible attachment
08-23 20:57:25.602 28899 29031 E chromium: [ERROR:mailbox_manager_sync.cc(317)] MailboxSync: Incompatible attachment
08-23 20:57:25.617 28899 29031 E chromium: [ERROR:mailbox_manager_sync.cc(317)] MailboxSync: Incompatible attachment
08-23 20:57:25.698 28899 29031 E chromium: [ERROR:mailbox_manager_sync.cc(317)] MailboxSync: Incompatible attachment
08-23 20:57:25.726 1994 2003 I art : Background partial concurrent mark sweep GC freed 6466(235KB) AllocSpace objects, 0(0B) LOS objects, 32% free, 33MB/49MB, paused 2.921ms total 299.120ms
08-23 20:57:25.733 28899 29031 E chromium: [ERROR:mailbox_manager_sync.cc(317)] MailboxSync: Incompatible attachment
08-23 20:57:25.765 28899 29031 E chromium: [ERROR:mailbox_manager_sync.cc(317)] MailboxSync: Incompatible attachment
08-23 20:57:25.816 28899 29031 E chromium: [ERROR:mailbox_manager_sync.cc(317)] MailboxSync: Incompatible attachment
08-23 20:57:25.839 2410 2410 D WIFI_ICON: WifiActivity: 0
08-23 20:57:25.841 2410 2410 D StatusBar.NetworkController: dumpIcon[(gone) stat_sys_5signal_2|null stat_sys_wifi_signal_connected_4 (gone) F]
08-23 20:57:25.844 2410 2410 D SignalBarView: onMeasure() desity =3.0 mDefaultDesity=480.0 scale =1.0
08-23 20:57:25.844 2410 2410 D SignalBarView: onMeasure() mLeft != null width =50 height =50
08-23 20:57:25.845 2410 2410 D SignalBarView: onMeasure() desity =3.0 mDefaultDesity=480.0 scale =1.0
08-23 20:57:25.845 2410 2410 D SignalBarView: onMeasure() mLeft != null width =50 height =50
08-23 20:57:25.845 2410 2410 D SignalBarView: onMeasure() desity =3.0 mDefaultDesity=480.0 scale =1.0
08-23 20:57:25.845 2410 2410 D SignalBarView: onMeasure() mLeft != null width =50 height =50
08-23 20:57:25.852 28899 29031 E chromium: [ERROR:mailbox_manager_sync.cc(317)] MailboxSync: Incompatible attachment
08-23 20:57:25.901 28899 29031 E chromium: [ERROR:mailbox_manager_sync.cc(317)] MailboxSync: Incompatible attachment
08-23 20:57:25.936 28899 29031 E chromium: [ERROR:mailbox_manager_sync.cc(317)] MailboxSync: Incompatible attachment
08-23 20:57:25.981 28899 29031 E chromium: [ERROR:mailbox_manager_sync.cc(317)] MailboxSync: Incompatible attachment
08-23 20:57:26.016 28899 29031 E chromium: [ERROR:mailbox_manager_sync.cc(317)] MailboxSync: Incompatible attachment
08-23 20:57:26.020 1994 2184 D WifiStateMachine: handleMessage: E msg.what=131155
08-23 20:57:26.020 1994 2184 D WifiStateMachine: processMsg: ConnectedState
08-23 20:57:26.020 1994 2184 D WifiStateMachine: processMsg: L2ConnectedState
08-23 20:57:26.023 2324 2324 D wpa_supplicant: wlan0: Control interface command 'SIGNAL_POLL'
08-23 20:57:26.027 1994 2184 D WifiStateMachine: CMD_RSSI_POLL: TxBytes = 42788, RxBytes = 105012
08-23 20:57:26.030 1994 2184 D WifiStateMachine: handleMessage: X
08-23 20:57:26.066 28899 29031 E chromium: [ERROR:mailbox_manager_sync.cc(317)] MailboxSync: Incompatible attachment
08-23 20:57:26.100 28899 29031 E chromium: [ERROR:mailbox_manager_sync.cc(317)] MailboxSync: Incompatible attachment
08-23 20:57:26.149 28899 29031 E chromium: [ERROR:mailbox_manager_sync.cc(317)] MailboxSync: Incompatible attachment
08-23 20:57:26.182 28899 29031 E chromium: [ERROR:mailbox_manager_sync.cc(317)] MailboxSync: Incompatible attachment
08-23 20:57:26.232 28899 29031 E chromium: [ERROR:mailbox_manager_sync.cc(317)] MailboxSync: Incompatible attachment
08-23 20:57:26.266 28899 29031 E chromium: [ERROR:mailbox_manager_sync.cc(317)] MailboxSync: Incompatible attachment
08-23 20:57:26.316 28899 29031 E chromium: [ERROR:mailbox_manager_sync.cc(317)] MailboxSync: Incompatible attachment
08-23 20:57:26.349 28899 29031 E chromium: [ERROR:mailbox_manager_sync.cc(317)] MailboxSync: Incompatible attachment
08-23 20:57:26.400 28899 29031 E chromium: [ERROR:mailbox_manager_sync.cc(317)] MailboxSync: Incompatible attachment
08-23 20:57:26.432 28899 29031 E chromium: [ERROR:mailbox_manager_sync.cc(317)] MailboxSync: Incompatible attachment
08-23 20:57:26.485 28899 29031 E chromium: [ERROR:mailbox_manager_sync.cc(317)] MailboxSync: Incompatible attachment
