08-23 20:57:35.291 29847 29847 F DEBUG : signal 11 (SIGSEGV), code 1 (SEGV_MAPERR), fault addr 0x7f7c65c93000
08-23 20:57:35.291 29847 29847 F DEBUG : x0 0000007f60f0f6c0 x1 0000000000000000 x2 0000007f7c684224 x3 0000007f7c684130
08-23 20:57:35.291 29847 29847 F DEBUG : x4 0000000000000000 x5 000000000002cc4b x6 0000007f60f0f6c0 x7 0000007f7a9e3800
08-23 20:57:35.291 29847 29847 F DEBUG : x8 0000007f7c640e5c x9 0000007f7c68284f x10 00007f7c65c93000 x11 0000000000000110
08-23 20:57:35.291 29847 29847 F DEBUG : x12 0000007f4ea5e880 x13 0000007f7c684130 x14 0000000000000204 x15 0000007f73fad000
08-23 20:57:35.291 29847 29847 F DEBUG : x16 0000007f73f2fb60 x17 0000007f85339310 x18 0000000000000000 x19 0000007f60f0f6c0
08-23 20:57:35.291 29847 29847 F DEBUG : x20 0000007f7c682000 x21 0000000000000000 x22 0000007f60f0f6c0 x23 00000000000030f1
08-23 20:57:35.291 29847 29847 F DEBUG : x24 0000007f5db3dc2c x25 0000007f6f571590 x26 0000000000000003 x27 0000000000000044
08-23 20:57:35.291 29847 29847 F DEBUG : x28 0000000000000047 x29 0000007f62251540 x30 0000007f7c640eb8
08-23 20:57:35.291 29847 29847 F DEBUG : sp 0000007f62251540 pc 00007f7c65c93000 pstate 0000000020000000
08-23 20:57:35.307 29847 29847 F DEBUG :
08-23 20:57:35.307 29847 29847 F DEBUG : backtrace:
08-23 20:57:35.307 29847 29847 F DEBUG : #00 pc 00007f7c65c93000
08-23 20:57:35.307 29847 29847 F DEBUG : #01 pc 0000000000007eb4 /system/vendor/lib64/libgsl.so (gsl_syncobj_wait+88)
08-23 20:57:35.307 29847 29847 F DEBUG : #02 pc 0000000000177fb0 /system/vendor/lib64/egl/libGLESv2_adreno.so (_ZN12EglFenceSync10ClientWaitEim+144)
08-23 20:57:35.308 29847 29847 F DEBUG : #03 pc 0000000000178434 /system/vendor/lib64/egl/libGLESv2_adreno.so (_ZNK12EglFenceSync15ObjGetAttributeEiPi+52)
08-23 20:57:35.308 29847 29847 F DEBUG : #04 pc 00000000001718bc /system/vendor/lib64/egl/libGLESv2_adreno.so (_ZN6EglApi13GetSyncAttribEPvS0_iPi+124)
08-23 20:57:35.308 29847 29847 F DEBUG : #05 pc 0000000000009bf8 /system/vendor/lib64/egl/libEGL_adreno.so (eglGetSyncAttribKHR+56)
08-23 20:57:35.308 29847 29847 F DEBUG : #06 pc 0000000000017774 /system/lib64/libEGL.so (eglGetSyncAttribKHR+124)
08-23 20:57:35.308 29847 29847 F DEBUG : #07 pc 0000000001cb6f28 /data/app/com.android.chrome-2/base.apk (offset 0x1139000)
08-23 20:57:35.614 1994 2003 I art : Background partial concurrent mark sweep GC freed 8601(340KB) AllocSpace objects, 2(40KB) LOS objects, 32% free, 33MB/49MB, paused 3.602ms total 273.537ms
08-23 20:57:36.432 1994 2003 I art : Background partial concurrent mark sweep GC freed 7028(254KB) AllocSpace objects, 0(0B) LOS objects, 32% free, 33MB/49MB, paused 3.622ms total 268.583ms
08-23 20:57:36.439 1994 2032 D BluetoothManagerService: Message: UNKNOWN(401)
08-23 20:57:36.861 2410 2410 D WIFI_ICON: WifiActivity: 1
08-23 20:57:36.862 2410 2410 D StatusBar.NetworkController: dumpIcon[(gone) stat_sys_5signal_3|null stat_sys_wifi_signal_in_4 (gone) F]
08-23 20:57:36.868 2410 2410 D SignalBarView: onMeasure() desity =3.0 mDefaultDesity=480.0 scale =1.0
08-23 20:57:36.868 2410 2410 D SignalBarView: onMeasure() mLeft != null width =50 height =50
08-23 20:57:36.868 2410 2410 D SignalBarView: onMeasure() desity =3.0 mDefaultDesity=480.0 scale =1.0
08-23 20:57:36.868 2410 2410 D SignalBarView: onMeasure() mLeft != null width =50 height =50
08-23 20:57:36.868 2410 2410 D SignalBarView: onMeasure() desity =3.0 mDefaultDesity=480.0 scale =1.0
08-23 20:57:36.868 2410 2410 D SignalBarView: onMeasure() mLeft != null width =50 height =50
08-23 20:57:37.193 3088 3088 W pnpmgr : type=1400 audit(0.0:3815): avc: denied { write } for name="dirty_ratio" dev="proc" ino=893967 scontext=u:r:pnpmgr:s0 tcontext=u:object_r:proc_dirty_ratio:s0 tclass=file permissive=0
08-23 20:57:37.256 1994 2003 I art : Background partial concurrent mark sweep GC freed 7182(260KB) AllocSpace objects, 0(0B) LOS objects, 32% free, 33MB/49MB, paused 3.532ms total 293.067ms
08-23 20:57:37.473 29847 29847 W debuggerd64: type=1400 audit(0.0:3816): avc: denied { search } for name="com.google.android.gms" dev="mmcblk0p67" ino=884892 scontext=u:r:debuggerd:s0 tcontext=u:object_r:app_data_file:s0:c512,c768 tclass=dir permissive=0
08-23 20:57:37.701 1994 29848 E ActivityManager: App crashed! Process: nl.myname.mygame
08-23 20:57:37.711 538 538 W : debuggerd: resuming target 28899
08-23 20:57:37.714 1994 2033 I BootReceiver: Copying /data/tombstones/tombstone_00 to DropBox (SYSTEM_TOMBSTONE)
08-23 20:57:37.722 1994 29848 W ActivityManager: Force finishing activity nl.myname.mygame/.MainActivity
08-23 20:57:37.725 1994 2028 D StatusBarManagerService: setSystemUiVisibility(0x8608)
08-23 20:57:37.725 1994 2028 D StatusBarManagerService: disable:userId=0 what=0x0 which=0x1 pkg=null
08-23 20:57:37.725 1994 2028 D StatusBarManagerService: hiding MENU key
08-23 20:57:37.727 1994 2028 D StatusBarManagerService: setSystemUiVisibility(0x8608)
08-23 20:57:37.727 1994 2028 D StatusBarManagerService: disable:userId=0 what=0x0 which=0x1 pkg=null
08-23 20:57:37.727 1994 2028 D StatusBarManagerService: hiding MENU key
08-23 20:57:37.729 1994 29848 D ActivityTrigger: ActivityTrigger activityPauseTrigger
08-23 20:57:37.731 1994 29848 D PMS : acquireWL(c43518): PARTIAL_WAKE_LOCK *launch* 0x1 1994 1000 WorkSource{10260}
08-23 20:57:37.742 637 637 E lowmemorykiller: Error writing /proc/28899/oom_score_adj; errno=22
08-23 20:57:37.751 1994 2037 D HtcMirrorLinkAmsListener: onHandleTopAppChanged, sendBroadcast : com.htc.launcher
08-23 20:57:37.864 2410 2410 D WIFI_ICON: WifiActivity: 0
08-23 20:57:37.865 2410 2410 D StatusBar.NetworkController: dumpIcon[(gone) stat_sys_5signal_3|null stat_sys_wifi_signal_connected_4 (gone) F]
08-23 20:57:37.877 2410 2410 D SignalBarView: onMeasure() desity =3.0 mDefaultDesity=480.0 scale =1.0
08-23 20:57:37.877 2410 2410 D SignalBarView: onMeasure() mLeft != null width =50 height =50
08-23 20:57:37.877 2410 2410 D SignalBarView: onMeasure() desity =3.0 mDefaultDesity=480.0 scale =1.0
08-23 20:57:37.877 2410 2410 D SignalBarView: onMeasure() mLeft != null width =50 height =50
08-23 20:57:37.878 2410 2410 D SignalBarView: onMeasure() desity =3.0 mDefaultDesity=480.0 scale =1.0
08-23 20:57:37.878 2410 2410 D SignalBarView: onMeasure() mLeft != null width =50 height =50
08-23 20:57:37.906 1994 2028 D StatusBarManagerService: setSystemUiVisibility(0x8008)
08-23 20:57:37.906 1994 2028 D StatusBarManagerService: disable:userId=0 what=0x0 which=0x1 pkg=null
08-23 20:57:37.906 1994 2028 D StatusBarManagerService: hiding MENU key
08-23 20:57:37.907 2410 2410 I PhoneStatusBar: updatePolicy(false,false,false,true)
08-23 20:57:37.927 1994 2472 D PMS : acquireWL(839e853): PARTIAL_WAKE_LOCK CMWakeLock 0x1 3348 10019 WorkSource{10019 com.google.android.gms}
08-23 20:57:37.930 1994 2028 D StatusBarManagerService: setSystemUiVisibility(0x8008)
08-23 20:57:37.930 1994 2028 D StatusBarManagerService: disable:userId=0 what=0x0 which=0x1 pkg=null
08-23 20:57:37.930 1994 2028 D StatusBarManagerService: hiding MENU key
08-23 20:57:37.930 1994 2028 D StatusBarManagerService: setSystemUiVisibility(0x8008)
08-23 20:57:37.930 1994 2028 D StatusBarManagerService: disable:userId=0 what=0x0 which=0x1 pkg=null
08-23 20:57:37.930 1994 2028 D StatusBarManagerService: hiding MENU key
08-23 20:57:37.938 1994 2523 D ConnectivityService: ConnectivityService NetworkRequestInfo binderDied(NetworkRequest [ id=135, legacyType=-1, [ Capabilities: INTERNET&NOT_RESTRICTED&TRUSTED] ], android.os.BinderProxy@8a36590)
08-23 20:57:37.938 1994 2960 D ConnectivityService: ConnectivityService NetworkRequestInfo binderDied(NetworkRequest [ id=134, legacyType=-1, [ Capabilities: INTERNET&NOT_RESTRICTED&TRUSTED] ], android.os.BinderProxy@3e44e89)
08-23 20:57:37.938 1994 2523 D ConnectivityService: releaseNetworkRequest for NetworkRequest [ id=135, legacyType=-1, [ Capabilities: INTERNET&NOT_RESTRICTED&TRUSTED] ] called by uid/pid=1000/1994
08-23 20:57:37.938 1994 2960 D ConnectivityService: releaseNetworkRequest for NetworkRequest [ id=134, legacyType=-1, [ Capabilities: INTERNET&NOT_RESTRICTED&TRUSTED] ] called by uid/pid=1000/1994
08-23 20:57:37.938 1994 3578 D GraphicsStats: Buffer count: 5
08-23 20:57:37.939 1994 3581 I ActivityManager: Recipient 28899
08-23 20:57:37.939 1994 3581 I ActivityManager: Process nl.myname.mygame (pid 28899) has died
08-23 20:57:37.939 1994 3581 D ActivityManager: cleanUpApplicationRecord -- 28899
08-23 20:57:37.945 2341 2341 E InputEventReceiver: Looper::removeFd(55) is failed, result(0), input channel 'ClientState{b8805f6 uid 10260 pid 28899} (client)'
08-23 20:57:37.951 1994 2250 D ConnectivityService: releasing NetworkRequest NetworkRequest [ id=135, legacyType=-1, [ Capabilities: INTERNET&NOT_RESTRICTED&TRUSTED] ]
08-23 20:57:37.952 1994 2250 D ConnectivityService: sending notification RELEASED for NetworkRequest [ id=135, legacyType=-1, [ Capabilities: INTERNET&NOT_RESTRICTED&TRUSTED] ]
08-23 20:57:37.952 1994 2250 E ConnectivityService: RemoteException caught trying to send a callback msg for NetworkRequest [ id=135, legacyType=-1, [ Capabilities: INTERNET&NOT_RESTRICTED&TRUSTED] ]
08-23 20:57:37.954 1994 3575 I WindowManager: WIN DEATH: Window{e63012a u0 nl.myname.mygame/nl.myname.mygame.MainActivity}
08-23 20:57:37.955 1994 2007 D PMS : releaseWL(839e853): PARTIAL_WAKE_LOCK CMWakeLock 0x1 WorkSource{10019 com.google.android.gms}
08-23 20:57:37.956 1994 2250 D ConnectivityService: releasing NetworkRequest NetworkRequest [ id=134, legacyType=-1, [ Capabilities: INTERNET&NOT_RESTRICTED&TRUSTED] ]
08-23 20:57:37.957 1994 2250 D ConnectivityService: sending notification RELEASED for NetworkRequest [ id=134, legacyType=-1, [ Capabilities: INTERNET&NOT_RESTRICTED&TRUSTED] ]
08-23 20:57:37.957 1994 2250 E ConnectivityService: RemoteException caught trying to send a callback msg for NetworkRequest [ id=134, legacyType=-1, [ Capabilities: INTERNET&NOT_RESTRICTED&TRUSTED] ]
08-23 20:57:37.958 1994 3499 D PMS : acquireWL(a014abc): PARTIAL_WAKE_LOCK CMWakeLock 0x1 3348 10019 WorkSource{10019 com.google.android.gms}
08-23 20:57:37.953 3088 3088 W pnpmgr : type=1400 audit(0.0:3817): avc: denied { write } for name="dirty_ratio" dev="proc" ino=893967 scontext=u:r:pnpmgr:s0 tcontext=u:object_r:proc_dirty_ratio:s0 tclass=file permissive=0
08-23 20:57:37.962 1994 2028 D StatusBarManagerService: setSystemUiVisibility(0x8008)
08-23 20:57:37.962 1994 2028 D StatusBarManagerService: disable:userId=0 what=0x0 which=0x1 pkg=null
08-23 20:57:37.962 1994 2028 D StatusBarManagerService: hiding MENU key
08-23 20:57:37.966 1994 3815 D PMS : releaseWL(a014abc): PARTIAL_WAKE_LOCK CMWakeLock 0x1 WorkSource{10019 com.google.android.gms}
08-23 20:57:37.975 1994 3816 D PMS : acquireWL(ba4a45): PARTIAL_WAKE_LOCK CMWakeLock 0x1 3348 10019 WorkSource{10019 com.google.android.gms}
08-23 20:57:37.977 1994 2566 D HtcSystemUPManager: HtcSystemUPolicy [canLog (default)] category: launch, enable: true
08-23 20:57:37.979 1994 2174 V NetworkPolicy: updateRuleForRestrictBackgroundLocked(10260): isForeground=false, isBlacklisted=false, isWhitelisted=false, oldRule=0 (NONE), newRule=0 (NONE), newUidRules=0 (NONE), oldUidRules=0 (NONE)
08-23 20:57:37.980 1994 2174 V NetworkPolicy: updateRulesForNonMeteredNetworksLocked(10260), isIdle: false, mRestrictPower: false, mDeviceIdleMode: false, isForeground=false, isWhitelisted=false, oldRule=0 (NONE), newRule=0 (NONE), newUidRules=0 (NONE), oldUidRules=0 (NONE)
08-23 20:57:37.983 1994 2028 D StatusBarManagerService: setSystemUiVisibility(0x8008)
08-23 20:57:37.983 1994 2028 D StatusBarManagerService: disable:userId=0 what=0x0 which=0x1 pkg=null
08-23 20:57:37.984 1994 2028 D StatusBarManagerService: hiding MENU key
08-23 20:57:37.984 1994 2028 D StatusBarManagerService: setSystemUiVisibility(0x8008)
08-23 20:57:37.984 1994 2028 D StatusBarManagerService: disable:userId=0 what=0x0 which=0x1 pkg=null
08-23 20:57:37.984 1994 2028 D StatusBarManagerService: hiding MENU key
08-23 20:57:37.984 1994 2028 D StatusBarManagerService: setSystemUiVisibility(0x8008)
08-23 20:57:37.984 1994 2028 D StatusBarManagerService: disable:userId=0 what=0x0 which=0x1 pkg=null
08-23 20:57:37.984 1994 2028 D StatusBarManagerService: hiding MENU key
08-23 20:57:37.985 1994 2028 D StatusBarManagerService: setSystemUiVisibility(0x8008)
08-23 20:57:37.985 1994 2028 D StatusBarManagerService: disable:userId=0 what=0x0 which=0x1 pkg=null
08-23 20:57:37.985 1994 2028 D StatusBarManagerService: hiding MENU key
08-23 20:57:37.995 1994 3572 D PMS : releaseWL(ba4a45): PARTIAL_WAKE_LOCK CMWakeLock 0x1 WorkSource{10019 com.google.android.gms}
08-23 20:57:38.003 3110 3110 W NotificationListenerClient: reconnect bound=true
08-23 20:57:38.018 3110 3110 W PrismDragLayer: performFitSystemWindowsIfNeed: null, ic: null
08-23 20:57:38.026 3110 3110 I FeedHostManager: [onResume]
08-23 20:57:38.026 3110 3110 I FeedProviderManager: onResume
08-23 20:57:38.026 3110 3110 I FeedSevenDaysNotification: disable Notification promotion
08-23 20:57:38.027 3110 3110 I ContextualWidget: onResume
08-23 20:57:38.027 3110 3110 I ContextualWidget: notifyWidgetActive location size=0 user consent location=false
08-23 20:57:38.027 3110 3110 I ContextualWidget: ignore uploadUsageData location=false usage data=false allowAutoUpload=true
08-23 20:57:38.028 3110 3110 I ContextualWidget: postSyncRecommendedApps, isReady=false allowAutoSync=true syncMode=1 isEnableRecommend=true
08-23 20:57:38.029 3110 4655 I SocialFeedProvider: +onResume
08-23 20:57:38.029 3110 4655 I SocialFeedProvider: updateAccounts - Accounts is no change
08-23 20:57:38.029 3110 4655 I SocialFeedProvider: -onResume
08-23 20:57:38.032 3110 3791 I ContextualWidget: handleMessage, what=1018 mode=GettingOut maxcount=8
08-23 20:57:38.031 3110 3110 I Launcher: LauncherPostResume
08-23 20:57:38.034 3110 3110 I FeedHostManagerProxy: setActivityPostResumed true
08-23 20:57:38.034 3110 3110 I FeedHostManager: [onPostResume]
08-23 20:57:38.035 3110 3110 I FeedHostManager: [onEnterFeedMode] instance: com.htc.launcher.feeds.FeedHostManager@7532bd8
08-23 20:57:38.035 3110 3110 I NewsMigrationMonitor: ld:0 td:1014 b:11-12 08:18:55.562
08-23 20:57:38.036 3110 3110 I NewsMigrationMonitor: getPopupType=0 s:4 ps:true pl:01-01 01:00:00.000
08-23 20:57:38.036 3110 3110 I FeedGridView: [alignFeedIfNeeded] first:0 count:16
08-23 20:57:38.036 3110 3791 I PrismAccCustomizationU_: readDisableOOBEUserConsent: false
08-23 20:57:38.072 1994 2028 D StatusBarManagerService: setSystemUiVisibility(0x8008)
08-23 20:57:38.072 1994 2028 D StatusBarManagerService: disable:userId=0 what=0x0 which=0x1 pkg=null
08-23 20:57:38.073 1994 2028 D StatusBarManagerService: hiding MENU key
08-23 20:57:38.075 1994 2184 D WifiStateMachine: handleMessage: E msg.what=131155
08-23 20:57:38.075 1994 2184 D WifiStateMachine: processMsg: ConnectedState
08-23 20:57:38.075 1994 2184 D WifiStateMachine: processMsg: L2ConnectedState
08-23 20:57:38.082 1994 2568 D PMS : acquireWL(13a45c1): PARTIAL_WAKE_LOCK CMWakeLock 0x1 3348 10019 WorkSource{10019 com.google.android.gms}
08-23 20:57:38.090 1994 3572 D PMS : releaseWL(13a45c1): PARTIAL_WAKE_LOCK CMWakeLock 0x1 WorkSource{10019 com.google.android.gms}
08-23 20:57:38.095 2324 2324 D wpa_supplicant: wlan0: Control interface command 'SIGNAL_POLL'
08-23 20:57:38.100 1994 2184 D WifiStateMachine: CMD_RSSI_POLL: TxBytes = 42793, RxBytes = 105023
08-23 20:57:38.102 1994 2184 D WifiStateMachine: handleMessage: X
08-23 20:57:38.128 3110 3110 D OobeDataHostManager: isOobeNeeded it it htc device
08-23 20:57:38.129 1994 3579 D PMS : acquireWL(b56b166): PARTIAL_WAKE_LOCK CMWakeLock 0x1 3348 10019 WorkSource{10019 com.google.android.gms}
08-23 20:57:38.134 1994 2007 D PMS : releaseWL(b56b166): PARTIAL_WAKE_LOCK CMWakeLock 0x1 WorkSource{10019 com.google.android.gms}
08-23 20:57:38.152 1994 2028 D StatusBarManagerService: setSystemUiVisibility(0x8008)
08-23 20:57:38.152 1994 2028 D StatusBarManagerService: disable:userId=0 what=0x0 which=0x1 pkg=null
08-23 20:57:38.153 1994 2028 D StatusBarManagerService: hiding MENU key
08-23 20:57:38.156 1994 3581 D PMS : acquireWL(8dacca7): PARTIAL_WAKE_LOCK CMWakeLock 0x1 3348 10019 WorkSource{10019 com.google.android.gms}
08-23 20:57:38.160 1994 3806 D PMS : releaseWL(8dacca7): PARTIAL_WAKE_LOCK CMWakeLock 0x1 WorkSource{10019 com.google.android.gms}
08-23 20:57:38.171 3110 3110 D OobeDataHostManager: isOobeNeeded it it htc device
08-23 20:57:38.171 1994 2028 D StatusBarManagerService: setSystemUiVisibility(0x8008)
08-23 20:57:38.172 1994 2028 D StatusBarManagerService: disable:userId=0 what=0x0 which=0x1 pkg=null
08-23 20:57:38.172 1994 2028 D StatusBarManagerService: hiding MENU key
08-23 20:57:38.173 1994 2472 D PMS : releaseWL(c43518): PARTIAL_WAKE_LOCK *launch* 0x1 WorkSource{2897}
08-23 20:57:38.203 1994 2028 D StatusBarManagerService: setSystemUiVisibility(0x8008)
08-23 20:57:38.203 1994 2028 D StatusBarManagerService: disable:userId=0 what=0x0 which=0x1 pkg=null
08-23 20:57:38.203 1994 2028 D StatusBarManagerService: hiding MENU key
08-23 20:57:38.227 1994 2028 D StatusBarManagerService: setSystemUiVisibility(0x8008)
08-23 20:57:38.227 1994 2028 D StatusBarManagerService: disable:userId=0 what=0x0 which=0x1 pkg=null
08-23 20:57:38.227 1994 2028 D StatusBarManagerService: hiding MENU key
08-23 20:57:38.249 1994 2028 D StatusBarManagerService: setSystemUiVisibility(0x8008)
08-23 20:57:38.249 1994 2028 D StatusBarManagerService: disable:userId=0 what=0x0 which=0x1 pkg=null
08-23 20:57:38.249 1994 2028 D StatusBarManagerService: hiding MENU key
08-23 20:57:38.253 1994 2003 I art : Background partial concurrent mark sweep GC freed 14922(877KB) AllocSpace objects, 11(1228KB) LOS objects, 32% free, 33MB/49MB, paused 3.744ms total 410.391ms
08-23 20:57:38.262 1994 2028 D StatusBarManagerService: setSystemUiVisibility(0x8008)
08-23 20:57:38.262 1994 2028 D StatusBarManagerService: disable:userId=0 what=0x0 which=0x1 pkg=null
08-23 20:57:38.262 1994 2028 D StatusBarManagerService: hiding MENU key
08-23 20:57:38.283 1994 2028 D StatusBarManagerService: setSystemUiVisibility(0x8008)
08-23 20:57:38.284 1994 2028 D StatusBarManagerService: disable:userId=0 what=0x0 which=0x1 pkg=null
08-23 20:57:38.284 1994 2028 D StatusBarManagerService: hiding MENU key
08-23 20:57:38.289 3845 3864 I art : Background partial concurrent mark sweep GC freed 157433(7MB) AllocSpace objects, 7(140KB) LOS objects, 39% free, 22MB/37MB, paused 2.286ms total 264.968ms
08-23 20:57:38.865 2410 2410 D WIFI_ICON: WifiActivity: 3
08-23 20:57:38.866 2410 2410 D StatusBar.NetworkController: dumpIcon[(gone) stat_sys_5signal_3|null stat_sys_wifi_signal_inandout_4 (gone) F]
08-23 20:57:38.877 2410 2410 D SignalBarView: onMeasure() desity =3.0 mDefaultDesity=480.0 scale =1.0
08-23 20:57:38.877 2410 2410 D SignalBarView: onMeasure() mLeft != null width =50 height =50
08-23 20:57:38.878 2410 2410 D SignalBarView: onMeasure() desity =3.0 mDefaultDesity=480.0 scale =1.0
08-23 20:57:38.878 2410 2410 D SignalBarView: onMeasure() mLeft != null width =50 height =50
08-23 20:57:38.878 2410 2410 D SignalBarView: onMeasure() desity =3.0 mDefaultDesity=480.0 scale =1.0
08-23 20:57:38.878 2410 2410 D SignalBarView: onMeasure() mLeft != null width =50 height =50
08-23 20:57:39.119 1994 2003 I art : Background partial concurrent mark sweep GC freed 8068(323KB) AllocSpace objects, 1(20KB) LOS objects, 32% free, 33MB/49MB, paused 3.745ms total 280.103ms
08-23 20:57:39.441 1994 2032 D BluetoothManagerService: Message: UNKNOWN(401)
08-23 20:57:39.867 2410 2410 D WIFI_ICON: WifiActivity: 0
08-23 20:57:39.868 2410 2410 D StatusBar.NetworkController: dumpIcon[(gone) stat_sys_5signal_3|null stat_sys_wifi_signal_connected_4 (gone) F]
08-23 20:57:39.884 2410 2410 D SignalBarView: onMeasure() desity =3.0 mDefaultDesity=480.0 scale =1.0
08-23 20:57:39.884 2410 2410 D SignalBarView: onMeasure() mLeft != null width =50 height =50
08-23 20:57:39.885 2410 2410 D SignalBarView: onMeasure() desity =3.0 mDefaultDesity=480.0 scale =1.0
08-23 20:57:39.885 2410 2410 D SignalBarView: onMeasure() mLeft != null width =50 height =50
08-23 20:57:39.885 2410 2410 D SignalBarView: onMeasure() desity =3.0 mDefaultDesity=480.0 scale =1.0
08-23 20:57:39.885 2410 2410 D SignalBarView: onMeasure() mLeft != null width =50 height =50
08-23 20:57:39.987 1994 2003 I art : Background partial concurrent mark sweep GC freed 9137(486KB) AllocSpace objects, 1(20KB) LOS objects, 32% free, 33MB/49MB, paused 3.743ms total 273.463ms
08-23 20:57:40.054 3110 3520 I FeedHostManager: m_StayFeedModeRunnable
08-23 20:57:40.055 3110 3520 I FeedHostManager: m_StayFeedModeRunnable stay in feed mode, trigger auto sync
08-23 20:57:40.055 3110 3520 I FeedProviderManager: callProviderCommand [2000]com.htc.feed.socialfeedprovider.SocialFeedProvider@2641cc6:null
08-23 20:57:40.055 3110 3520 I SocialFeedProvider: +onHostCommand
08-23 20:57:40.055 3110 3520 I SocialFeedProvider: onHostCommand - RECEIVE_BACKGROUND_REFRESH_REQUEST
08-23 20:57:40.055 3110 3520 I SocialFeedProvider: -onHostCommand
08-23 20:57:40.055 3110 4704 I SocialFeedProvider: +auto_Refresh, noti:false
08-23 20:57:40.056 3110 4704 I SocialFeedProvider: +connect socialManager(isHmsCompatible:true)
08-23 20:57:40.072 3110 3110 I SocialFeedProvider: onConnected
08-23 20:57:40.074 3110 4704 I SocialFeedProvider: -connect socialManager
08-23 20:57:40.074 3110 4704 I SocialFeedProvider: +doRefresh, 3CCA66A
08-23 20:57:40.075 3110 4704 I SocialFeedProvider: getSyncOptions - loadmore=false, OFFSET=0, post_id=null, key_manual_refresh=false, notification=false
08-23 20:57:40.075 3110 4704 I SocialFeedProvider: getSyncOptions - m_CustomHighlightArray.size=4, {[com.mobilesrepublic.appy;, com.htc.plugin.theme_feed, com.htc.plugin.onboarding, com.htc.plugin.promotionpartner]}
08-23 20:57:40.076 3110 4704 I SocialFeedProvider: getSyncOptions - account=com.htc.plugin.theme_feed, SyncType=[highlights]
08-23 20:57:40.076 3110 4704 I SocialFeedProvider: getSyncOptions - account=com.mobilesrepublic.appy, SyncType=[highlights, 6507549399093085193, 6507550042218300425, 6507550103652271114, 6507554666266493961, 6507555544834769930, 6507564265572926473, 6507564360817181705, 6507564373907604489, 6507565241826542601, 6507566634113172490, 6507566652761048073]
08-23 20:57:40.076 3110 4704 I SocialFeedProvider: getSyncOptions - account=com.htc.plugin.onboarding, SyncType=[highlights]
08-23 20:57:40.076 3110 4704 I SocialFeedProvider: getSyncOptions - account=com.htc.opensense.htcnews, SyncType=[highlights]
08-23 20:57:40.077 3110 4704 I SocialFeedProvider: getSyncOptions - account=com.htc.plugin.promotionpartner, SyncType=[highlights]
08-23 20:57:40.100 1994 3575 I ActivityManager: Start proc 29868:com.htc.sense.news/2897 for content provider com.htc.launcher/com.htc.plugin.news.provider.NewsProvider
08-23 20:57:40.192 29868 29868 I MultiDex: VM with version 2.1.0 has multidex support
08-23 20:57:40.192 29868 29868 I MultiDex: Installing application
08-23 20:57:40.192 29868 29868 I MultiDex: VM has multidex support, MultiDex support library is disabled.
08-23 20:57:40.250 3110 4704 V SocialManagerService: syncActivityStreams!
08-23 20:57:40.252 3110 4704 D SocialManagerService: key DEVICE_PROVISIONED is 1
08-23 20:57:40.252 3110 4704 D SocialManagerService: key SETUP_WIZARD_HAS_RUN is 1
08-23 20:57:40.253 3110 4704 I SocialManagerService: device total memory: 2759M
08-23 20:57:40.255 3110 4704 V SocialManagerService: startWithSyncHeuristics
08-23 20:57:40.255 3110 4704 I SocialManagerService: groupAccounts
08-23 20:57:40.264 3110 4704 I SocialManagerService: com.htc.plugin.promotionpartner last sync time 1535050239149
08-23 20:57:40.265 3110 4704 D SocialManagerService: ShouldBindPlugin? com.htc.plugin.promotionpartner last sync time: 1535050239149
08-23 20:57:40.265 3110 4704 D SocialManagerService: manual refresh? false
08-23 20:57:40.270 3110 4704 I SocialScheduler: Charging ? true
08-23 20:57:40.270 3110 4704 I SocialScheduler: interval got 900000
08-23 20:57:40.270 3110 4704 I SocialManagerService: plugin type :com.htc.plugin.promotionpartner skipped!
08-23 20:57:40.278 3110 4704 I SocialManagerService: com.mobilesrepublic.appy last sync time 1535050241054
08-23 20:57:40.279 3110 4704 D SocialManagerService: ShouldBindPlugin? com.mobilesrepublic.appy last sync time: 1535050241054
08-23 20:57:40.279 3110 4704 D SocialManagerService: manual refresh? false
08-23 20:57:40.291 29868 29868 D HtcWrapCustomizationManager: [ACC][RR] Method:getCustomizationReader
08-23 20:57:40.292 29868 29868 D HtcWrapCustomizationManager: [ACC][RR] Method:getCustomizationReader
08-23 20:57:40.292 3110 4704 I SocialScheduler: Charging ? true
08-23 20:57:40.292 3110 4704 I SocialScheduler: interval got 900000
08-23 20:57:40.292 3110 4704 I SocialManagerService: plugin type :com.mobilesrepublic.appy skipped!
08-23 20:57:40.294 29868 29868 W SystemReader: Cannot find legacy_icon_treatment, use default value instead
08-23 20:57:40.299 3110 4704 I SocialManagerService: com.htc.plugin.onboarding last sync time 1535050239148
08-23 20:57:40.300 29868 29868 W SystemReader: Cannot find default_homescreen_grid_size, use default value instead
08-23 20:57:40.300 3110 4704 D SocialManagerService: ShouldBindPlugin? com.htc.plugin.onboarding last sync time: 1535050239148
08-23 20:57:40.300 3110 4704 D SocialManagerService: manual refresh? false
08-23 20:57:40.305 3110 4704 I SocialScheduler: Charging ? true
08-23 20:57:40.305 3110 4704 I SocialScheduler: interval got 900000
08-23 20:57:40.305 3110 4704 I SocialManagerService: plugin type :com.htc.plugin.onboarding skipped!
08-23 20:57:40.309 29868 29868 W SystemReader: Cannot find dots_only, use default value instead
08-23 20:57:40.309 29868 29868 W SystemReader: Cannot find dots_only, use default value instead
08-23 20:57:40.313 3110 4704 I SocialManagerService: com.htc.opensense.htcnews last sync time 1535050240401
08-23 20:57:40.314 3110 4704 D SocialManagerService: ShouldBindPlugin? com.htc.opensense.htcnews last sync time: 1535050240401
08-23 20:57:40.314 3110 4704 D SocialManagerService: manual refresh? false
08-23 20:57:40.318 3110 4704 I SocialScheduler: Charging ? true
08-23 20:57:40.318 3110 4704 I SocialScheduler: interval got 900000
08-23 20:57:40.318 3110 4704 I SocialManagerService: plugin type :com.htc.opensense.htcnews skipped!
08-23 20:57:40.327 3110 4704 D SocialManagerService: ShouldBindPlugin? com.htc.socialnetwork.rss.octopus last sync time: 0
08-23 20:57:40.327 3110 4704 D SocialManagerService: manual refresh? false
08-23 20:57:40.331 3110 4704 I SocialScheduler: Charging ? true
08-23 20:57:40.332 3110 4704 I SocialScheduler: interval got 900000
08-23 20:57:40.332 3110 4704 I SocialManagerService: com.htc.socialnetwork.rss.octopus should bind!
08-23 20:57:40.342 3110 4704 I SocialManagerService: com.htc.plugin.theme_feed last sync time 1535042505710
08-23 20:57:40.343 3110 4704 D SocialManagerService: ShouldBindPlugin? com.htc.plugin.theme_feed last sync time: 1535042505710
08-23 20:57:40.343 3110 4704 D SocialManagerService: manual refresh? false
08-23 20:57:40.362 1994 3575 I ActivityManager: Start proc 29886:com.htc.launcher:blc/2897 for content provider com.htc.launcher/com.htc.BiLogClient.core.BiProvider
08-23 20:57:40.364 3110 4704 I SocialScheduler: Charging ? true
08-23 20:57:40.364 3110 4704 I SocialScheduler: interval got 900000
08-23 20:57:40.364 3110 4704 I SocialManagerService: com.htc.plugin.theme_feed should bind!
08-23 20:57:40.367 3110 4704 I SocialManagerService: add com.htc.socialnetwork.rss.octopus to pending queue!
08-23 20:57:40.367 3110 4704 I SocialManagerService: add com.htc.plugin.theme_feed to pending queue!
08-23 20:57:40.367 3110 4704 I SocialManagerService: consume pending plugin session
08-23 20:57:40.373 29868 29868 W SystemReader: Cannot find legacy_icon_treatment, use default value instead
08-23 20:57:40.375 29868 29868 E ApplyHomeWallpaperThemeUtil: unknown type null
08-23 20:57:40.375 3110 4704 I SocialManagerService: add com.htc.socialnetwork.rss.octopus to process map!
08-23 20:57:40.375 3110 4704 V SocialManagerService: initiating bind to plugin type com.htc.socialnetwork.rss.octopus
08-23 20:57:40.375 3110 4704 I SocialManagerService: com.htc.socialnetwork.rss.octopus connecting, adding msg, has message?true
08-23 20:57:40.387 3110 4704 I SocialManagerService: add com.htc.plugin.theme_feed to process map!
08-23 20:57:40.387 3110 4704 V SocialManagerService: initiating bind to plugin type com.htc.plugin.theme_feed
08-23 20:57:40.387 3110 4704 I SocialManagerService: com.htc.plugin.theme_feed connecting, adding msg, has message?true
08-23 20:57:40.398 29868 29868 I GAv4 : Google Analytics 11.0.20 is starting up. To enable debug logging on a device run:
08-23 20:57:40.398 29868 29868 I GAv4 : adb shell setprop log.tag.GAv4 DEBUG
08-23 20:57:40.398 29868 29868 I GAv4 : adb logcat -s GAv4
08-23 20:57:40.408 1994 2007 I ActivityManager: Start proc 29902:com.htc.themepicker/2897 for service com.htc.launcher/com.htc.themepicker.plugin.ThemeFeedPluginService
08-23 20:57:40.409 3110 4704 I SocialFeedProvider: -doRefresh, 3CCA66A
08-23 20:57:40.409 3110 4704 I SocialFeedProvider: +getBI, F54CD4B
08-23 20:57:40.409 3110 4704 V SocialManagerService: getBI
08-23 20:57:40.411 2410 2410 D TelephonyCallback: SignalStrength: 3
08-23 20:57:40.412 3110 4704 I SocialManagerService: device total memory: 2759M
08-23 20:57:40.414 3110 4704 I SocialManagerService: groupAccounts
08-23 20:57:40.414 2410 2410 D SIGNAL_ICON: level=3/5
08-23 20:57:40.414 2410 2410 D StatusBar.NetworkController: dumpIcon[(gone) stat_sys_5signal_3|null stat_sys_wifi_signal_connected_4 (gone) F]
08-23 20:57:40.418 3110 4704 I SocialManagerService: add com.mobilesrepublic.appy to pending queue!
08-23 20:57:40.418 3110 4704 I SocialManagerService: consume pending plugin session
08-23 20:57:40.418 3110 4704 I SocialManagerService: add com.mobilesrepublic.appy to process map!
08-23 20:57:40.418 3110 4704 V SocialManagerService: initiating bind to plugin type com.mobilesrepublic.appy
08-23 20:57:40.418 3110 4704 I SocialManagerService: com.mobilesrepublic.appy connecting, adding msg, has message?true
08-23 20:57:40.437 1994 3573 I ActivityManager: Start proc 29908:com.mobilesrepublic.appy/u0a109 for service com.mobilesrepublic.appy/com.htc.blinkfeed.service.BlinkFeedPluginService
08-23 20:57:40.438 3110 4704 I SocialFeedProvider: -getBI, F54CD4B
08-23 20:57:40.438 1994 2174 V NetworkPolicy: updateRuleForRestrictBackgroundLocked(10109): isForeground=true, isBlacklisted=false, isWhitelisted=false, oldRule=0 (NONE), newRule=0 (NONE), newUidRules=0 (NONE), oldUidRules=0 (NONE)
08-23 20:57:40.439 1994 2174 V NetworkPolicy: updateRulesForNonMeteredNetworksLocked(10109), isIdle: false, mRestrictPower: false, mDeviceIdleMode: false, isForeground=true, isWhitelisted=false, oldRule=0 (NONE), newRule=0 (NONE), newUidRules=0 (NONE), oldUidRules=0 (NONE)
08-23 20:57:40.451 29868 29920 W GAv4 : AnalyticsReceiver is not registered or is disabled. Register the receiver for reliable dispatching on non-Google Play devices. See http://goo.gl/8Rd3yj for instructions.
08-23 20:57:40.456 29868 29920 W GAv4 : CampaignTrackingReceiver is not registered, not exported or is disabled. Installation campaign tracking is not possible. See http://goo.gl/8Rd3yj for instructions.
08-23 20:57:40.461 29868 29920 W GAv4 : AnalyticsService not registered in the app manifest. Hits might not be delivered reliably. See http://goo.gl/8Rd3yj for instructions.
08-23 20:57:40.465 29886 29886 I MultiDex: VM with version 2.1.0 has multidex support
08-23 20:57:40.465 29886 29886 I MultiDex: Installing application
08-23 20:57:40.465 29886 29886 I MultiDex: VM has multidex support, MultiDex support library is disabled.
08-23 20:57:40.466 29868 29868 I NewsMigrationMonitor: initialize+ c:com.htc.launcher.LauncherApplication@ef0bd86
08-23 20:57:40.467 29868 29868 I NewsMigrationMonitor: initialize- c:0x0ef0bd86
08-23 20:57:40.467 29868 29868 I WhatsNewDataManager: init+
08-23 20:57:40.467 29868 29868 I WhatsNewDataManager: init-
08-23 20:57:40.473 1994 2174 V NetworkPolicy: updateRuleForRestrictBackgroundLocked(10109): isForeground=false, isBlacklisted=false, isWhitelisted=false, oldRule=0 (NONE), newRule=0 (NONE), newUidRules=0 (NONE), oldUidRules=0 (NONE)
08-23 20:57:40.473 1994 2174 V NetworkPolicy: updateRulesForNonMeteredNetworksLocked(10109), isIdle: false, mRestrictPower: false, mDeviceIdleMode: false, isForeground=false, isWhitelisted=false, oldRule=0 (NONE), newRule=0 (NONE), newUidRules=0 (NONE), oldUidRules=0 (NONE)
08-23 20:57:40.495 3110 3110 I SocialManagerService: com.htc.socialnetwork.rss.octopus connected, removed msg, has message?false
08-23 20:57:40.510 29868 29932 W StreamPluginService: syncType == null
08-23 20:57:40.511 3110 29882 D SocialManagerService: handling plugin: com.htc.socialnetwork.rss.octopus set result in bg
08-23 20:57:40.511 3110 29882 I SocialManagerService: remove account type: com.htc.socialnetwork.rss.octopus from process map!
08-23 20:57:40.511 3110 29882 I SocialManagerService: remove process: com.htc.sense.news from process map!
08-23 20:57:40.519 3110 29882 V SocialManagerService: on plugin completed! plugin session type com.htc.socialnetwork.rss.octopus
08-23 20:57:40.521 1994 2174 V NetworkPolicy: updateRuleForRestrictBackgroundLocked(10109): isForeground=true, isBlacklisted=false, isWhitelisted=false, oldRule=0 (NONE), newRule=0 (NONE), newUidRules=0 (NONE), oldUidRules=0 (NONE)
08-23 20:57:40.521 1994 2174 V NetworkPolicy: updateRulesForNonMeteredNetworksLocked(10109), isIdle: false, mRestrictPower: false, mDeviceIdleMode: false, isForeground=true, isWhitelisted=false, oldRule=0 (NONE), newRule=0 (NONE), newUidRules=0 (NONE), oldUidRules=0 (NONE)
08-23 20:57:40.573 29908 29908 I art : Starting a blocking GC AddRemoveAppImageSpace
08-23 20:57:40.575 29902 29902 I MultiDex: VM with version 2.1.0 has multidex support
08-23 20:57:40.576 29902 29902 I MultiDex: Installing application
08-23 20:57:40.576 29902 29902 I MultiDex: VM has multidex support, MultiDex support library is disabled.
08-23 20:57:40.600 29886 29886 D HtcWrapCustomizationManager: [ACC][RR] Method:getCustomizationReader
08-23 20:57:40.600 29886 29886 D HtcWrapCustomizationManager: [ACC][RR] Method:getCustomizationReader
08-23 20:57:40.602 29886 29886 W SystemReader: Cannot find legacy_icon_treatment, use default value instead
08-23 20:57:40.607 29886 29886 W SystemReader: Cannot find default_homescreen_grid_size, use default value instead
08-23 20:57:40.615 29886 29886 W SystemReader: Cannot find dots_only, use default value instead
08-23 20:57:40.615 29886 29886 W SystemReader: Cannot find dots_only, use default value instead
08-23 20:57:40.632 29908 29908 I Process : init, procName:com.mobilesrepublic.appy
08-23 20:57:40.653 29886 29886 W SystemReader: Cannot find legacy_icon_treatment, use default value instead
08-23 20:57:40.654 29886 29886 E ApplyHomeWallpaperThemeUtil: unknown type null
08-23 20:57:40.676 29886 29886 I GAv4 : Google Analytics 11.0.20 is starting up. To enable debug logging on a device run:
08-23 20:57:40.676 29886 29886 I GAv4 : adb shell setprop log.tag.GAv4 DEBUG
08-23 20:57:40.676 29886 29886 I GAv4 : adb logcat -s GAv4
08-23 20:57:40.692 29886 29935 I CSBICLIENT: [v19.07][BLCDB] onOpen v3
08-23 20:57:40.705 29908 29908 D FirebaseApp: com.google.firebase.auth.FirebaseAuth is not linked. Skipping initialization.
08-23 20:57:40.719 29908 29908 D FirebaseApp: com.google.firebase.crash.FirebaseCrash is not linked. Skipping initialization.
08-23 20:57:40.735 29886 29942 W GAv4 : AnalyticsReceiver is not registered or is disabled. Register the receiver for reliable dispatching on non-Google Play devices. See http://goo.gl/8Rd3yj for instructions.
08-23 20:57:40.735 29886 29886 I NewsMigrationMonitor: initialize+ c:com.htc.launcher.LauncherApplication@5bdffdc
08-23 20:57:40.736 29886 29886 I NewsMigrationMonitor: initialize- c:0x05bdffdc
08-23 20:57:40.748 29886 29886 I WhatsNewDataManager: init+
08-23 20:57:40.748 29886 29886 I WhatsNewDataManager: init-
08-23 20:57:40.751 29886 29942 W GAv4 : CampaignTrackingReceiver is not registered, not exported or is disabled. Installation campaign tracking is not possible. See http://goo.gl/8Rd3yj for instructions.
08-23 20:57:40.768 29908 29908 I FirebaseInitProvider: FirebaseApp initialization successful
08-23 20:57:40.807 29908 29943 I FA : App measurement is starting up, version: 11910
08-23 20:57:40.807 29908 29943 I FA : To enable debug logging run: adb shell setprop log.tag.FA VERBOSE
08-23 20:57:40.809 29908 29943 I FA : To enable faster debug mode event logging run:
08-23 20:57:40.809 29908 29943 I FA : adb shell setprop debug.firebase.analytics.app com.mobilesrepublic.appy
08-23 20:57:40.835 29886 29942 W GAv4 : AnalyticsService not registered in the app manifest. Hits might not be delivered reliably. See http://goo.gl/8Rd3yj for instructions.
08-23 20:57:40.841 1994 2003 I art : Background partial concurrent mark sweep GC freed 9437(430KB) AllocSpace objects, 0(0B) LOS objects, 32% free, 33MB/49MB, paused 4.183ms total 319.391ms
08-23 20:57:40.869 29902 29902 D HtcWrapCustomizationManager: [ACC][RR] Method:getCustomizationReader
08-23 20:57:40.869 29902 29902 D HtcWrapCustomizationManager: [ACC][RR] Method:getCustomizationReader
08-23 20:57:40.871 29902 29902 W SystemReader: Cannot find legacy_icon_treatment, use default value instead
08-23 20:57:40.877 29902 29902 W SystemReader: Cannot find default_homescreen_grid_size, use default value instead
08-23 20:57:40.885 29902 29902 W SystemReader: Cannot find dots_only, use default value instead
08-23 20:57:40.885 29902 29902 W SystemReader: Cannot find dots_only, use default value instead
08-23 20:57:40.898 29908 29908 W System.err: java.lang.ClassNotFoundException: com.ss.android.buzz.init.BuzzHeloModuleInit
08-23 20:57:40.899 29908 29908 W System.err: at java.lang.Class.classForName(Native Method)
08-23 20:57:40.899 29908 29908 W System.err: at java.lang.Class.forName(Class.java:400)
08-23 20:57:40.899 29908 29908 W System.err: at java.lang.Class.forName(Class.java:326)
08-23 20:57:40.899 29908 29908 W System.err: at com.ss.android.application.app.core.init.module.c.a(ModuleDependenceInit.java:97)
08-23 20:57:40.899 29908 29908 W System.err: at com.ss.android.application.app.core.init.module.c.b(ModuleDependenceInit.java:36)
08-23 20:57:40.899 29908 29908 W System.err: at com.ss.android.application.app.core.init.module.c.a(ModuleDependenceInit.java:15)
08-23 20:57:40.899 29908 29908 W System.err: at com.ss.android.application.app.core.BaseApplication.onCreate(BaseApplication.java:208)
08-23 20:57:40.899 29908 29908 W System.err: at com.ss.android.article.pagenewark.ArticleApplication.onCreate(ArticleApplication.java:34)
08-23 20:57:40.899 29908 29908 W System.err: at android.app.Instrumentation.callApplicationOnCreate(Instrumentation.java:1037)
08-23 20:57:40.899 29908 29908 W System.err: at android.app.ActivityThread.handleBindApplication(ActivityThread.java:5726)
08-23 20:57:40.899 29908 29908 W System.err: at android.app.ActivityThread.-wrap2(ActivityThread.java)
08-23 20:57:40.899 29908 29908 W System.err: at android.app.ActivityThread$H.handleMessage(ActivityThread.java:1577)
08-23 20:57:40.899 29908 29908 W System.err: at android.os.Handler.dispatchMessage(Handler.java:102)
08-23 20:57:40.899 29908 29908 W System.err: at android.os.Looper.loop(Looper.java:173)
08-23 20:57:40.899 29908 29908 W System.err: at android.app.ActivityThread.main(ActivityThread.java:6523)
08-23 20:57:40.899 29908 29908 W System.err: at java.lang.reflect.Method.invoke(Native Method)
08-23 20:57:40.899 29908 29908 W System.err: at com.android.internal.os.ZygoteInit$MethodAndArgsCaller.run(ZygoteInit.java:938)
08-23 20:57:40.899 29908 29908 W System.err: at com.android.internal.os.ZygoteInit.main(ZygoteInit.java:828)
08-23 20:57:40.900 29908 29908 W System.err: Caused by: java.lang.ClassNotFoundException: Didn't find class "com.ss.android.buzz.init.BuzzHeloModuleInit" on path: DexPathList[[zip file "/data/app/com.mobilesrepublic.appy-2/base.apk"],nativeLibraryDirectories=[/data/app/com.mobilesrepublic.appy-2/lib/arm, /data/app/com.mobilesrepublic.appy-2/base.apk!/lib/armeabi-v7a, /system/lib, /vendor/lib]]
08-23 20:57:40.900 29908 29908 W System.err: at dalvik.system.BaseDexClassLoader.findClass(BaseDexClassLoader.java:56)
08-23 20:57:40.900 29908 29908 W System.err: at java.lang.ClassLoader.loadClass(ClassLoader.java:380)
08-23 20:57:40.900 29908 29908 W System.err: at java.lang.ClassLoader.loadClass(ClassLoader.java:312)
08-23 20:57:40.900 29908 29908 W System.err: ... 18 more
08-23 20:57:40.923 29908 29908 I Thread : new Thread:SS-api-1
08-23 20:57:40.925 29908 29908 I Thread : new Thread:SS-immediate-2
08-23 20:57:40.943 29902 29902 W SystemReader: Cannot find legacy_icon_treatment, use default value instead
08-23 20:57:40.944 29902 29902 E ApplyHomeWallpaperThemeUtil: unknown type null
08-23 20:57:40.958 29902 29902 I GAv4 : Google Analytics 11.0.20 is starting up. To enable debug logging on a device run:
08-23 20:57:40.958 29902 29902 I GAv4 : adb shell setprop log.tag.GAv4 DEBUG
08-23 20:57:40.958 29902 29902 I GAv4 : adb logcat -s GAv4
08-23 20:57:40.968 29908 29955 D NetworkSecurityConfig: Using Network Security Config from resource e debugBuild: false
08-23 20:57:40.991 29908 29950 D BillingHelper: init 1535050660991
08-23 20:57:40.996 29902 29963 W GAv4 : AnalyticsReceiver is not registered or is disabled. Register the receiver for reliable dispatching on non-Google Play devices. See http://goo.gl/8Rd3yj for instructions.
08-23 20:57:40.997 29902 29902 I NewsMigrationMonitor: initialize+ c:com.htc.launcher.LauncherApplication@ef0bd86
08-23 20:57:40.997 29902 29902 I NewsMigrationMonitor: initialize- c:0x0ef0bd86
08-23 20:57:40.998 29902 29902 I WhatsNewDataManager: init+
08-23 20:57:40.998 29902 29902 I WhatsNewDataManager: init-
08-23 20:57:41.003 29908 29955 W System.err: java.lang.IllegalArgumentException: context == null
08-23 20:57:41.004 29908 29955 W System.err: at com.ss.android.deviceregister.core.cache.DeviceRegisterParameterFactory.getProvider(DeviceRegisterParameterFactory.java:35)
08-23 20:57:41.004 29908 29955 W System.err: at com.ss.android.deviceregister.core.b.b(RegisterServiceController.java:229)
08-23 20:57:41.004 29908 29955 W System.err: at com.ss.android.deviceregister.core.b.a(RegisterServiceController.java:208)
08-23 20:57:41.004 29908 29955 W System.err: at com.ss.android.deviceregister.a.g(DeviceRegisterManager.java:302)
08-23 20:57:41.004 29908 29955 W System.err: at com.ss.android.common.applog.AppLog.o(AppLog.java:1466)
08-23 20:57:41.004 29908 29955 W System.err: at com.ss.android.framework.b.c.g(AppLogV3.java:275)
08-23 20:57:41.004 29908 29955 W System.err: at com.ss.android.framework.retrofit.BaseApiClient.a(BaseApiClient.java:676)
08-23 20:57:41.004 29908 29955 W System.err: at com.ss.android.framework.retrofit.BaseApiClient.a(BaseApiClient.java:666)
08-23 20:57:41.004 29908 29955 W System.err: at com.ss.android.application.article.feed.b.c(ArticleApiClient.java:126)
08-23 20:57:41.004 29908 29955 W System.err: at com.ss.android.application.article.subscribe.g$1.a(SubscribeModule.java:25)
08-23 20:57:41.004 29908 29955 W System.err: at com.ss.android.application.subscribe.a.b(AbsSubscribeManager.java:324)
08-23 20:57:41.004 29908 29955 W System.err: at com.ss.android.application.subscribe.a.a(AbsSubscribeManager.java:37)
08-23 20:57:41.004 29908 29955 W System.err: at com.ss.android.application.subscribe.a$1.a(AbsSubscribeManager.java:113)
08-23 20:57:41.004 29908 29955 W System.err: at com.ss.android.application.subscribe.a$1.call(AbsSubscribeManager.java:109)
08-23 20:57:41.004 29908 29955 W System.err: at rx.c.a(Observable.java:10140)
08-23 20:57:41.004 29908 29955 W System.err: at rx.internal.operators.u$1.call(OperatorSubscribeOn.java:94)
08-23 20:57:41.004 29908 29955 W System.err: at rx.internal.schedulers.ScheduledAction.run(ScheduledAction.java:55)
08-23 20:57:41.004 29908 29955 W System.err: at rx.internal.schedulers.c$a.run(ExecutorScheduler.java:107)
08-23 20:57:41.004 29908 29955 W System.err: at java.util.concurrent.ThreadPoolExecutor.runWorker(ThreadPoolExecutor.java:1133)
08-23 20:57:41.004 29908 29955 W System.err: at java.util.concurrent.ThreadPoolExecutor$Worker.run(ThreadPoolExecutor.java:607)
08-23 20:57:41.005 29908 29955 W System.err: at java.lang.Thread.run(Thread.java:761)
08-23 20:57:41.005 29908 29955 W System.err: at com.ss.android.network.threadpool.c$1.run(SSThreadFactory.java:39)
08-23 20:57:41.006 29902 29963 W GAv4 : CampaignTrackingReceiver is not registered, not exported or is disabled. Installation campaign tracking is not possible. See http://goo.gl/8Rd3yj for instructions.
08-23 20:57:41.012 29908 29950 D BillingHelper: init End: 1535050661012 Thread[SS-global-single-thread,5,main]
08-23 20:57:41.020 29902 29963 W GAv4 : AnalyticsService not registered in the app manifest. Hits might not be delivered reliably. See http://goo.gl/8Rd3yj for instructions.
08-23 20:57:41.024 29902 29902 I ThemePickerThemeFeedPl_: ThemeFeedPluginService, onBind
08-23 20:57:41.027 3110 3110 I SocialManagerService: com.htc.plugin.theme_feed connected, removed msg, has message?false
08-23 20:57:41.031 1994 2174 V NetworkPolicy: updateRuleForRestrictBackgroundLocked(10054): isForeground=true, isBlacklisted=false, isWhitelisted=false, oldRule=0 (NONE), newRule=0 (NONE), newUidRules=0 (NONE), oldUidRules=0 (NONE)
08-23 20:57:41.031 1994 2174 V NetworkPolicy: updateRulesForNonMeteredNetworksLocked(10054), isIdle: false, mRestrictPower: false, mDeviceIdleMode: false, isForeground=true, isWhitelisted=false, oldRule=0 (NONE), newRule=0 (NONE), newUidRules=0 (NONE), oldUidRules=0 (NONE)
08-23 20:57:41.034 29902 29968 I ThemePickerThemeFeedPl_: ThemeFeedPluginService, +syncActivityStreams
08-23 20:57:41.045 29908 29928 I art : Background partial concurrent mark sweep GC freed 24921(1292KB) AllocSpace objects, 18(360KB) LOS objects, 40% free, 5MB/9MB, paused 5.755ms total 102.968ms
08-23 20:57:41.054 29902 29968 W ThemePickerAccCustomiz_: isChinaSku: false
08-23 20:57:41.068 29902 29968 I ThemePickerThemeFeedPl_: ThemeFeedPluginService, -syncActivityStreams
08-23 20:57:41.069 3110 29882 D SocialManagerService: handling plugin: com.htc.plugin.theme_feed set result in bg
08-23 20:57:41.069 3110 29882 I SocialManagerService: remove account type: com.htc.plugin.theme_feed from process map!
08-23 20:57:41.069 3110 29882 I SocialManagerService: remove process: com.htc.themepicker from process map!
08-23 20:57:41.072 3110 29882 V SocialManagerService: on plugin completed! plugin session type com.htc.plugin.theme_feed
08-23 20:57:41.072 3110 29882 I SocialManagerService: onSessionCompleted
08-23 20:57:41.082 3110 29970 I SocialScheduler: action: com.htc.opensense.social.HANDLE_CLEAN_DATA
08-23 20:57:41.082 3110 29970 D SocialScheduler: interval clean data got from DM 518400000
08-23 20:57:41.082 3110 29970 D SocialScheduler: last clean time: 1535033311202
08-23 20:57:41.082 3110 29970 D SocialScheduler: should not clean data, skip this time
08-23 20:57:41.082 3110 3110 I SocialFeedProvider: doRefresh - AutoRefresh callback, 3CCA66A
08-23 20:57:41.082 3110 3110 I FeedProviderManager: onProviderCommand [1000]com.htc.feed.socialfeedprovider.SocialFeedProvider@2641cc6:Bundle[{auto_refresh=false}]
08-23 20:57:41.083 3110 3110 I FeedHostManager: [onProviderCommand] id: 1000, autoRefresh: false, syncing: false, smartSync: false, feedMode: true
08-23 20:57:41.084 3110 3110 I FeedHostManager: [onProviderCommand] autoRefresh: false, syncFailed: false
08-23 20:57:41.084 3110 3110 I SocialFeedProvider: doRefresh - m_bAutoSync = false
08-23 20:57:41.085 3110 4704 I SocialFeedProvider: -auto_Refresh
08-23 20:57:41.099 29908 29908 I Thread : new Thread:SS-immediate-3
08-23 20:57:41.101 1994 2184 D WifiStateMachine: handleMessage: E msg.what=131155
08-23 20:57:41.101 1994 2184 D WifiStateMachine: processMsg: ConnectedState
08-23 20:57:41.101 1994 2184 D WifiStateMachine: processMsg: L2ConnectedState
08-23 20:57:41.114 2324 2324 D wpa_supplicant: wlan0: Control interface command 'SIGNAL_POLL'
08-23 20:57:41.122 29908 29908 I Thread : new Thread:SS-common-4
08-23 20:57:41.122 1994 2184 D WifiStateMachine: CMD_RSSI_POLL: TxBytes = 42794, RxBytes = 105027
08-23 20:57:41.123 29908 29908 I Thread : new Thread:SS-common-5
08-23 20:57:41.124 29908 29908 I Thread : new Thread:SS-common-6
08-23 20:57:41.124 1994 2184 D WifiStateMachine: handleMessage: X
08-23 20:57:41.125 29908 29908 I Thread : new Thread:SS-immediate-7
08-23 20:57:41.143 29908 29908 I Thread : new Thread:SS-immediate-8
08-23 20:57:41.150 29908 29979 D SplashAdSdk: load splashAdData from local time : 11
08-23 20:57:41.154 29908 29979 D SplashAdSdk: parseSplashAdList time : 4
08-23 20:57:41.168 29908 29972 I Thread : new Thread:SS-common-9
08-23 20:57:41.225 29908 29987 I Thread : new Thread:SS-low-10
08-23 20:57:41.223 29994 29994 W esrepublic.appy: type=1400 audit(0.0:3818): avc: denied { read } for name="/" dev="rootfs" ino=1 scontext=u:r:untrusted_app:s0:c512,c768 tcontext=u:object_r:rootfs:s0 tclass=dir permissive=0
08-23 20:57:41.239 29908 29908 I BlinkFeedPluginService: 20150420
08-23 20:57:41.248 3110 3110 I SocialManagerService: com.mobilesrepublic.appy connected, removed msg, has message?false
08-23 20:57:41.264 23613 24584 I Finsky : [1722] com.google.android.finsky.billing.iab.aj.b(29): com.mobilesrepublic.appy: Account determined from installer data - [jVeHPc0iL-ez5YNxQSw_k_VwDw0]
08-23 20:57:41.265 23613 24584 I Finsky : [1722] com.google.android.finsky.billing.iab.aj.b(32): com.mobilesrepublic.appy: Account from preferred account - [jVeHPc0iL-ez5YNxQSw_k_VwDw0]
08-23 20:57:41.266 29908 29983 I Thread : new Thread:SS-immediate-11
