08-23 20:57:01.583 28899 29031 E chromium: [ERROR:mailbox_manager_sync.cc(317)] MailboxSync: Incompatible attachment
08-23 20:57:01.583 28899 29031 E chromium: [ERROR:mailbox_manager_sync.cc(317)] MailboxSync: Incompatible attachment
08-23 20:57:01.600 28899 29031 E chromium: [ERROR:mailbox_manager_sync.cc(317)] MailboxSync: Incompatible attachment
08-23 20:57:01.607 28899 29031 E chromium: [ERROR:mailbox_manager_sync.cc(317)] MailboxSync: Incompatible attachment
08-23 20:57:01.635 28899 29031 E chromium: [ERROR:mailbox_manager_sync.cc(317)] MailboxSync: Incompatible attachment
08-23 20:57:01.635 28899 29031 E chromium: [ERROR:mailbox_manager_sync.cc(317)] MailboxSync: Incompatible attachment
08-23 20:57:01.656 28899 29031 E chromium: [ERROR:mailbox_manager_sync.cc(317)] MailboxSync: Incompatible attachment
08-23 20:57:01.672 28899 29031 E chromium: [ERROR:mailbox_manager_sync.cc(317)] MailboxSync: Incompatible attachment
08-23 20:57:01.672 28899 29031 E chromium: [ERROR:mailbox_manager_sync.cc(317)] MailboxSync: Incompatible attachment
08-23 20:57:01.675 28899 29031 E chromium: [ERROR:mailbox_manager_sync.cc(317)] MailboxSync: Incompatible attachment
08-23 20:57:01.701 28899 29031 E chromium: [ERROR:mailbox_manager_sync.cc(317)] MailboxSync: Incompatible attachment
08-23 20:57:01.716 28899 29031 E chromium: [ERROR:mailbox_manager_sync.cc(317)] MailboxSync: Incompatible attachment
08-23 20:57:01.716 28899 29031 E chromium: [ERROR:mailbox_manager_sync.cc(317)] MailboxSync: Incompatible attachment
08-23 20:57:01.737 28899 29031 E chromium: [ERROR:mailbox_manager_sync.cc(317)] MailboxSync: Incompatible attachment
08-23 20:57:01.753 28899 29031 E chromium: [ERROR:mailbox_manager_sync.cc(317)] MailboxSync: Incompatible attachment
08-23 20:57:01.753 28899 29031 E chromium: [ERROR:mailbox_manager_sync.cc(317)] MailboxSync: Incompatible attachment
08-23 20:57:01.765 28899 29031 E chromium: [ERROR:mailbox_manager_sync.cc(317)] MailboxSync: Incompatible attachment
08-23 20:57:01.783 28899 29031 E chromium: [ERROR:mailbox_manager_sync.cc(317)] MailboxSync: Incompatible attachment
08-23 20:57:01.792 2410 2410 D WIFI_ICON: WifiActivity: 1
08-23 20:57:01.792 2410 2410 D StatusBar.NetworkController: dumpIcon[(gone) stat_sys_5signal_2|null stat_sys_wifi_signal_in_4 (gone) F]
08-23 20:57:01.793 2410 2410 D SignalBarView: onMeasure() desity =3.0 mDefaultDesity=480.0 scale =1.0
08-23 20:57:01.793 2410 2410 D SignalBarView: onMeasure() mLeft != null width =50 height =50
08-23 20:57:01.794 2410 2410 D SignalBarView: onMeasure() desity =3.0 mDefaultDesity=480.0 scale =1.0
08-23 20:57:01.794 2410 2410 D SignalBarView: onMeasure() mLeft != null width =50 height =50
08-23 20:57:01.794 2410 2410 D SignalBarView: onMeasure() desity =3.0 mDefaultDesity=480.0 scale =1.0
08-23 20:57:01.794 2410 2410 D SignalBarView: onMeasure() mLeft != null width =50 height =50
08-23 20:57:01.799 28899 29031 E chromium: [ERROR:mailbox_manager_sync.cc(317)] MailboxSync: Incompatible attachment
08-23 20:57:01.799 28899 29031 E chromium: [ERROR:mailbox_manager_sync.cc(317)] MailboxSync: Incompatible attachment
08-23 20:57:01.815 28899 29031 E chromium: [ERROR:mailbox_manager_sync.cc(317)] MailboxSync: Incompatible attachment
08-23 20:57:01.819 1994 2184 D WifiStateMachine: handleMessage: E msg.what=131155
08-23 20:57:01.819 1994 2184 D WifiStateMachine: processMsg: ConnectedState
08-23 20:57:01.819 1994 2184 D WifiStateMachine: processMsg: L2ConnectedState
08-23 20:57:01.822 2324 2324 D wpa_supplicant: wlan0: Control interface command 'SIGNAL_POLL'
08-23 20:57:01.825 1994 2184 D WifiStateMachine: CMD_RSSI_POLL: TxBytes = 42780, RxBytes = 105002
08-23 20:57:01.826 1994 2184 D WifiStateMachine: handleMessage: X
08-23 20:57:01.831 28899 29031 E chromium: [ERROR:mailbox_manager_sync.cc(317)] MailboxSync: Incompatible attachment
08-23 20:57:01.831 28899 29031 E chromium: [ERROR:mailbox_manager_sync.cc(317)] MailboxSync: Incompatible attachment
08-23 20:57:01.838 28899 29031 E chromium: [ERROR:mailbox_manager_sync.cc(317)] MailboxSync: Incompatible attachment
08-23 20:57:01.854 28899 29031 E chromium: [ERROR:mailbox_manager_sync.cc(317)] MailboxSync: Incompatible attachment
08-23 20:57:01.883 28899 29031 E chromium: [ERROR:mailbox_manager_sync.cc(317)] MailboxSync: Incompatible attachment
08-23 20:57:01.883 28899 29031 E chromium: [ERROR:mailbox_manager_sync.cc(317)] MailboxSync: Incompatible attachment
08-23 20:57:01.900 28899 29031 E chromium: [ERROR:mailbox_manager_sync.cc(317)] MailboxSync: Incompatible attachment
08-23 20:57:01.916 28899 29031 E chromium: [ERROR:mailbox_manager_sync.cc(317)] MailboxSync: Incompatible attachment
08-23 20:57:01.916 28899 29031 E chromium: [ERROR:mailbox_manager_sync.cc(317)] MailboxSync: Incompatible attachment
08-23 20:57:01.932 28899 29031 E chromium: [ERROR:mailbox_manager_sync.cc(317)] MailboxSync: Incompatible attachment
08-23 20:57:01.949 28899 29031 E chromium: [ERROR:mailbox_manager_sync.cc(317)] MailboxSync: Incompatible attachment
08-23 20:57:01.968 28899 29031 E chromium: [ERROR:mailbox_manager_sync.cc(317)] MailboxSync: Incompatible attachment
08-23 20:57:01.968 28899 29031 E chromium: [ERROR:mailbox_manager_sync.cc(317)] MailboxSync: Incompatible attachment
08-23 20:57:01.983 28899 29031 E chromium: [ERROR:mailbox_manager_sync.cc(317)] MailboxSync: Incompatible attachment
08-23 20:57:02.002 28899 29031 E chromium: [ERROR:mailbox_manager_sync.cc(317)] MailboxSync: Incompatible attachment
08-23 20:57:02.002 28899 29031 E chromium: [ERROR:mailbox_manager_sync.cc(317)] MailboxSync: Incompatible attachment
08-23 20:57:02.021 28899 29031 E chromium: [ERROR:mailbox_manager_sync.cc(317)] MailboxSync: Incompatible attachment
08-23 20:57:02.032 28899 29031 E chromium: [ERROR:mailbox_manager_sync.cc(317)] MailboxSync: Incompatible attachment
08-23 20:57:02.049 28899 29031 E chromium: [ERROR:mailbox_manager_sync.cc(317)] MailboxSync: Incompatible attachment
08-23 20:57:02.049 28899 29031 E chromium: [ERROR:mailbox_manager_sync.cc(317)] MailboxSync: Incompatible attachment
08-23 20:57:02.066 28899 29031 E chromium: [ERROR:mailbox_manager_sync.cc(317)] MailboxSync: Incompatible attachment
08-23 20:57:02.084 28899 29031 E chromium: [ERROR:mailbox_manager_sync.cc(317)] MailboxSync: Incompatible attachment
08-23 20:57:02.084 28899 29031 E chromium: [ERROR:mailbox_manager_sync.cc(317)] MailboxSync: Incompatible attachment
08-23 20:57:02.099 28899 29031 E chromium: [ERROR:mailbox_manager_sync.cc(317)] MailboxSync: Incompatible attachment
08-23 20:57:02.117 28899 29031 E chromium: [ERROR:mailbox_manager_sync.cc(317)] MailboxSync: Incompatible attachment
08-23 20:57:02.134 28899 29031 E chromium: [ERROR:mailbox_manager_sync.cc(317)] MailboxSync: Incompatible attachment
08-23 20:57:02.135 28899 29031 E chromium: [ERROR:mailbox_manager_sync.cc(317)] MailboxSync: Incompatible attachment
08-23 20:57:02.150 28899 29031 E chromium: [ERROR:mailbox_manager_sync.cc(317)] MailboxSync: Incompatible attachment
08-23 20:57:02.166 28899 29031 E chromium: [ERROR:mailbox_manager_sync.cc(317)] MailboxSync: Incompatible attachment
08-23 20:57:02.167 28899 29031 E chromium: [ERROR:mailbox_manager_sync.cc(317)] MailboxSync: Incompatible attachment
08-23 20:57:02.183 28899 29031 E chromium: [ERROR:mailbox_manager_sync.cc(317)] MailboxSync: Incompatible attachment
08-23 20:57:02.200 28899 29031 E chromium: [ERROR:mailbox_manager_sync.cc(317)] MailboxSync: Incompatible attachment
08-23 20:57:02.216 28899 29031 E chromium: [ERROR:mailbox_manager_sync.cc(317)] MailboxSync: Incompatible attachment
08-23 20:57:02.216 28899 29031 E chromium: [ERROR:mailbox_manager_sync.cc(317)] MailboxSync: Incompatible attachment
08-23 20:57:02.233 28899 29031 E chromium: [ERROR:mailbox_manager_sync.cc(317)] MailboxSync: Incompatible attachment
08-23 20:57:02.252 28899 29031 E chromium: [ERROR:mailbox_manager_sync.cc(317)] MailboxSync: Incompatible attachment
08-23 20:57:02.252 28899 29031 E chromium: [ERROR:mailbox_manager_sync.cc(317)] MailboxSync: Incompatible attachment
08-23 20:57:02.279 28899 29031 E chromium: [ERROR:mailbox_manager_sync.cc(317)] MailboxSync: Incompatible attachment
08-23 20:57:02.284 28899 29031 E chromium: [ERROR:mailbox_manager_sync.cc(317)] MailboxSync: Incompatible attachment
08-23 20:57:02.284 28899 29031 E chromium: [ERROR:mailbox_manager_sync.cc(317)] MailboxSync: Incompatible attachment
08-23 20:57:02.298 28899 29031 E chromium: [ERROR:mailbox_manager_sync.cc(317)] MailboxSync: Incompatible attachment
08-23 20:57:02.314 28899 29031 E chromium: [ERROR:mailbox_manager_sync.cc(317)] MailboxSync: Incompatible attachment
08-23 20:57:02.332 28899 29031 E chromium: [ERROR:mailbox_manager_sync.cc(317)] MailboxSync: Incompatible attachment
08-23 20:57:02.332 28899 29031 E chromium: [ERROR:mailbox_manager_sync.cc(317)] MailboxSync: Incompatible attachment
08-23 20:57:02.348 28899 29031 E chromium: [ERROR:mailbox_manager_sync.cc(317)] MailboxSync: Incompatible attachment
08-23 20:57:02.365 28899 29031 E chromium: [ERROR:mailbox_manager_sync.cc(317)] MailboxSync: Incompatible attachment
08-23 20:57:02.365 28899 29031 E chromium: [ERROR:mailbox_manager_sync.cc(317)] MailboxSync: Incompatible attachment
08-23 20:57:02.381 28899 29031 E chromium: [ERROR:mailbox_manager_sync.cc(317)] MailboxSync: Incompatible attachment
08-23 20:57:02.399 28899 29031 E chromium: [ERROR:mailbox_manager_sync.cc(317)] MailboxSync: Incompatible attachment
08-23 20:57:02.415 1994 2003 I art : Background partial concurrent mark sweep GC freed 7792(307KB) AllocSpace objects, 2(40KB) LOS objects, 32% free, 33MB/49MB, paused 2.591ms total 231.361ms
08-23 20:57:02.415 28899 29031 E chromium: [ERROR:mailbox_manager_sync.cc(317)] MailboxSync: Incompatible attachment
08-23 20:57:02.416 28899 29031 E chromium: [ERROR:mailbox_manager_sync.cc(317)] MailboxSync: Incompatible attachment
08-23 20:57:02.431 28899 29031 E chromium: [ERROR:mailbox_manager_sync.cc(317)] MailboxSync: Incompatible attachment
08-23 20:57:02.448 28899 29031 E chromium: [ERROR:mailbox_manager_sync.cc(317)] MailboxSync: Incompatible attachment
08-23 20:57:02.448 28899 29031 E chromium: [ERROR:mailbox_manager_sync.cc(317)] MailboxSync: Incompatible attachment
08-23 20:57:02.466 28899 29031 E chromium: [ERROR:mailbox_manager_sync.cc(317)] MailboxSync: Incompatible attachment
08-23 20:57:02.482 28899 29031 E chromium: [ERROR:mailbox_manager_sync.cc(317)] MailboxSync: Incompatible attachment
08-23 20:57:02.485 1994 2111 W SensorService: D/Accel(x, y, z, t) = ( 0.0, 0.0, 9.9, 4442869ms), sys_time = 4442924ms
08-23 20:57:02.500 28899 29031 E chromium: [ERROR:mailbox_manager_sync.cc(317)] MailboxSync: Incompatible attachment
08-23 20:57:02.500 28899 29031 E chromium: [ERROR:mailbox_manager_sync.cc(317)] MailboxSync: Incompatible attachment
08-23 20:57:02.517 28899 29031 E chromium: [ERROR:mailbox_manager_sync.cc(317)] MailboxSync: Incompatible attachment
08-23 20:57:02.532 28899 29031 E chromium: [ERROR:mailbox_manager_sync.cc(317)] MailboxSync: Incompatible attachment
08-23 20:57:02.532 28899 29031 E chromium: [ERROR:mailbox_manager_sync.cc(317)] MailboxSync: Incompatible attachment
08-23 20:57:02.549 28899 29031 E chromium: [ERROR:mailbox_manager_sync.cc(317)] MailboxSync: Incompatible attachment
08-23 20:57:02.567 28899 29031 E chromium: [ERROR:mailbox_manager_sync.cc(317)] MailboxSync: Incompatible attachment
08-23 20:57:02.583 28899 29031 E chromium: [ERROR:mailbox_manager_sync.cc(317)] MailboxSync: Incompatible attachment
08-23 20:57:02.583 28899 29031 E chromium: [ERROR:mailbox_manager_sync.cc(317)] MailboxSync: Incompatible attachment
08-23 20:57:02.600 28899 29031 E chromium: [ERROR:mailbox_manager_sync.cc(317)] MailboxSync: Incompatible attachment
08-23 20:57:02.615 28899 29031 E chromium: [ERROR:mailbox_manager_sync.cc(317)] MailboxSync: Incompatible attachment
08-23 20:57:02.615 28899 29031 E chromium: [ERROR:mailbox_manager_sync.cc(317)] MailboxSync: Incompatible attachment
08-23 20:57:02.633 28899 29031 E chromium: [ERROR:mailbox_manager_sync.cc(317)] MailboxSync: Incompatible attachment
08-23 20:57:02.649 28899 29031 E chromium: [ERROR:mailbox_manager_sync.cc(317)] MailboxSync: Incompatible attachment
08-23 20:57:02.666 28899 29031 E chromium: [ERROR:mailbox_manager_sync.cc(317)] MailboxSync: Incompatible attachment
08-23 20:57:02.666 28899 29031 E chromium: [ERROR:mailbox_manager_sync.cc(317)] MailboxSync: Incompatible attachment
08-23 20:57:02.683 28899 29031 E chromium: [ERROR:mailbox_manager_sync.cc(317)] MailboxSync: Incompatible attachment
08-23 20:57:02.699 28899 29031 E chromium: [ERROR:mailbox_manager_sync.cc(317)] MailboxSync: Incompatible attachment
08-23 20:57:02.699 28899 29031 E chromium: [ERROR:mailbox_manager_sync.cc(317)] MailboxSync: Incompatible attachment
08-23 20:57:02.717 28899 29031 E chromium: [ERROR:mailbox_manager_sync.cc(317)] MailboxSync: Incompatible attachment
08-23 20:57:02.732 28899 29031 E chromium: [ERROR:mailbox_manager_sync.cc(317)] MailboxSync: Incompatible attachment
08-23 20:57:02.749 28899 29031 E chromium: [ERROR:mailbox_manager_sync.cc(317)] MailboxSync: Incompatible attachment
08-23 20:57:02.749 28899 29031 E chromium: [ERROR:mailbox_manager_sync.cc(317)] MailboxSync: Incompatible attachment
08-23 20:57:02.766 28899 29031 E chromium: [ERROR:mailbox_manager_sync.cc(317)] MailboxSync: Incompatible attachment
08-23 20:57:02.783 28899 29031 E chromium: [ERROR:mailbox_manager_sync.cc(317)] MailboxSync: Incompatible attachment
08-23 20:57:02.783 28899 29031 E chromium: [ERROR:mailbox_manager_sync.cc(317)] MailboxSync: Incompatible attachment
08-23 20:57:02.794 2410 2410 D WIFI_ICON: WifiActivity: 0
08-23 20:57:02.797 2410 2410 D StatusBar.NetworkController: dumpIcon[(gone) stat_sys_5signal_2|null stat_sys_wifi_signal_connected_4 (gone) F]
08-23 20:57:02.807 28899 29031 E chromium: [ERROR:mailbox_manager_sync.cc(317)] MailboxSync: Incompatible attachment
08-23 20:57:02.810 2410 2410 D SignalBarView: onMeasure() desity =3.0 mDefaultDesity=480.0 scale =1.0
08-23 20:57:02.810 2410 2410 D SignalBarView: onMeasure() mLeft != null width =50 height =50
08-23 20:57:02.811 2410 2410 D SignalBarView: onMeasure() desity =3.0 mDefaultDesity=480.0 scale =1.0
08-23 20:57:02.811 2410 2410 D SignalBarView: onMeasure() mLeft != null width =50 height =50
08-23 20:57:02.811 2410 2410 D SignalBarView: onMeasure() desity =3.0 mDefaultDesity=480.0 scale =1.0
08-23 20:57:02.811 2410 2410 D SignalBarView: onMeasure() mLeft != null width =50 height =50
08-23 20:57:02.820 28899 29031 E chromium: [ERROR:mailbox_manager_sync.cc(317)] MailboxSync: Incompatible attachment
08-23 20:57:02.834 28899 29031 E chromium: [ERROR:mailbox_manager_sync.cc(317)] MailboxSync: Incompatible attachment
08-23 20:57:02.834 28899 29031 E chromium: [ERROR:mailbox_manager_sync.cc(317)] MailboxSync: Incompatible attachment
08-23 20:57:02.849 28899 29031 E chromium: [ERROR:mailbox_manager_sync.cc(317)] MailboxSync: Incompatible attachment
08-23 20:57:02.868 28899 29031 E chromium: [ERROR:mailbox_manager_sync.cc(317)] MailboxSync: Incompatible attachment
08-23 20:57:02.868 28899 29031 E chromium: [ERROR:mailbox_manager_sync.cc(317)] MailboxSync: Incompatible attachment
08-23 20:57:02.883 28899 29031 E chromium: [ERROR:mailbox_manager_sync.cc(317)] MailboxSync: Incompatible attachment
08-23 20:57:02.903 28899 29031 E chromium: [ERROR:mailbox_manager_sync.cc(317)] MailboxSync: Incompatible attachment
08-23 20:57:02.917 28899 29031 E chromium: [ERROR:mailbox_manager_sync.cc(317)] MailboxSync: Incompatible attachment
08-23 20:57:02.917 28899 29031 E chromium: [ERROR:mailbox_manager_sync.cc(317)] MailboxSync: Incompatible attachment
08-23 20:57:02.932 28899 29031 E chromium: [ERROR:mailbox_manager_sync.cc(317)] MailboxSync: Incompatible attachment
08-23 20:57:02.951 28899 29031 E chromium: [ERROR:mailbox_manager_sync.cc(317)] MailboxSync: Incompatible attachment
08-23 20:57:02.951 28899 29031 E chromium: [ERROR:mailbox_manager_sync.cc(317)] MailboxSync: Incompatible attachment
08-23 20:57:02.967 28899 29031 E chromium: [ERROR:mailbox_manager_sync.cc(317)] MailboxSync: Incompatible attachment
08-23 20:57:02.985 28899 29031 E chromium: [ERROR:mailbox_manager_sync.cc(317)] MailboxSync: Incompatible attachment
08-23 20:57:03.004 28899 29031 E chromium: [ERROR:mailbox_manager_sync.cc(317)] MailboxSync: Incompatible attachment
08-23 20:57:03.004 28899 29031 E chromium: [ERROR:mailbox_manager_sync.cc(317)] MailboxSync: Incompatible attachment
08-23 20:57:03.021 28899 29031 E chromium: [ERROR:mailbox_manager_sync.cc(317)] MailboxSync: Incompatible attachment
08-23 20:57:03.034 28899 29031 E chromium: [ERROR:mailbox_manager_sync.cc(317)] MailboxSync: Incompatible attachment
08-23 20:57:03.034 28899 29031 E chromium: [ERROR:mailbox_manager_sync.cc(317)] MailboxSync: Incompatible attachment
08-23 20:57:03.052 28899 29031 E chromium: [ERROR:mailbox_manager_sync.cc(317)] MailboxSync: Incompatible attachment
08-23 20:57:03.068 28899 29031 E chromium: [ERROR:mailbox_manager_sync.cc(317)] MailboxSync: Incompatible attachment
08-23 20:57:03.082 28899 29031 E chromium: [ERROR:mailbox_manager_sync.cc(317)] MailboxSync: Incompatible attachment
08-23 20:57:03.082 28899 29031 E chromium: [ERROR:mailbox_manager_sync.cc(317)] MailboxSync: Incompatible attachment
08-23 20:57:03.099 28899 29031 E chromium: [ERROR:mailbox_manager_sync.cc(317)] MailboxSync: Incompatible attachment
08-23 20:57:03.116 28899 29031 E chromium: [ERROR:mailbox_manager_sync.cc(317)] MailboxSync: Incompatible attachment
08-23 20:57:03.116 28899 29031 E chromium: [ERROR:mailbox_manager_sync.cc(317)] MailboxSync: Incompatible attachment
08-23 20:57:03.134 28899 29031 E chromium: [ERROR:mailbox_manager_sync.cc(317)] MailboxSync: Incompatible attachment
08-23 20:57:03.151 28899 29031 E chromium: [ERROR:mailbox_manager_sync.cc(317)] MailboxSync: Incompatible attachment
08-23 20:57:03.165 28899 29031 E chromium: [ERROR:mailbox_manager_sync.cc(317)] MailboxSync: Incompatible attachment
08-23 20:57:03.165 28899 29031 E chromium: [ERROR:mailbox_manager_sync.cc(317)] MailboxSync: Incompatible attachment
08-23 20:57:03.184 28899 29031 E chromium: [ERROR:mailbox_manager_sync.cc(317)] MailboxSync: Incompatible attachment
08-23 20:57:03.199 28899 29031 E chromium: [ERROR:mailbox_manager_sync.cc(317)] MailboxSync: Incompatible attachment
08-23 20:57:03.199 28899 29031 E chromium: [ERROR:mailbox_manager_sync.cc(317)] MailboxSync: Incompatible attachment
08-23 20:57:03.204 23613 23627 I Finsky : [1656] com.google.android.finsky.bn.ab.run(5): Stats for Executor: BlockingExecutor com.google.android.finsky.bn.ac@c5b2cde[Running, pool size = 0, active threads = 0, queued tasks = 0, completed tasks = 0]
08-23 20:57:03.205 23613 23627 I Finsky : [1656] com.google.android.finsky.bn.ab.run(5): Stats for Executor: LightweightExecutor com.google.android.finsky.bn.ac@c31eebf[Running, pool size = 1, active threads = 0, queued tasks = 0, completed tasks = 1]
08-23 20:57:03.217 28899 29031 E chromium: [ERROR:mailbox_manager_sync.cc(317)] MailboxSync: Incompatible attachment
08-23 20:57:03.233 28899 29031 E chromium: [ERROR:mailbox_manager_sync.cc(317)] MailboxSync: Incompatible attachment
08-23 20:57:03.250 28899 29031 E chromium: [ERROR:mailbox_manager_sync.cc(317)] MailboxSync: Incompatible attachment
08-23 20:57:03.250 28899 29031 E chromium: [ERROR:mailbox_manager_sync.cc(317)] MailboxSync: Incompatible attachment
08-23 20:57:03.268 28899 29031 E chromium: [ERROR:mailbox_manager_sync.cc(317)] MailboxSync: Incompatible attachment
08-23 20:57:03.283 28899 29031 E chromium: [ERROR:mailbox_manager_sync.cc(317)] MailboxSync: Incompatible attachment
08-23 20:57:03.283 28899 29031 E chromium: [ERROR:mailbox_manager_sync.cc(317)] MailboxSync: Incompatible attachment
08-23 20:57:03.293 28899 29031 E chromium: [ERROR:mailbox_manager_sync.cc(317)] MailboxSync: Incompatible attachment
08-23 20:57:03.312 1994 2003 I art : Background partial concurrent mark sweep GC freed 6803(246KB) AllocSpace objects, 0(0B) LOS objects, 32% free, 33MB/49MB, paused 3.662ms total 311.357ms
08-23 20:57:03.317 28899 29031 E chromium: [ERROR:mailbox_manager_sync.cc(317)] MailboxSync: Incompatible attachment
08-23 20:57:03.332 28899 29031 E chromium: [ERROR:mailbox_manager_sync.cc(317)] MailboxSync: Incompatible attachment
08-23 20:57:03.332 28899 29031 E chromium: [ERROR:mailbox_manager_sync.cc(317)] MailboxSync: Incompatible attachment
08-23 20:57:03.349 28899 29031 E chromium: [ERROR:mailbox_manager_sync.cc(317)] MailboxSync: Incompatible attachment
08-23 20:57:03.366 28899 29031 E chromium: [ERROR:mailbox_manager_sync.cc(317)] MailboxSync: Incompatible attachment
08-23 20:57:03.367 28899 29031 E chromium: [ERROR:mailbox_manager_sync.cc(317)] MailboxSync: Incompatible attachment
08-23 20:57:03.382 28899 29031 E chromium: [ERROR:mailbox_manager_sync.cc(317)] MailboxSync: Incompatible attachment
08-23 20:57:03.399 28899 29031 E chromium: [ERROR:mailbox_manager_sync.cc(317)] MailboxSync: Incompatible attachment
08-23 20:57:03.400 1994 2032 D BluetoothManagerService: Message: UNKNOWN(401)
08-23 20:57:03.416 28899 29031 E chromium: [ERROR:mailbox_manager_sync.cc(317)] MailboxSync: Incompatible attachment
08-23 20:57:03.416 28899 29031 E chromium: [ERROR:mailbox_manager_sync.cc(317)] MailboxSync: Incompatible attachment
08-23 20:57:03.434 28899 29031 E chromium: [ERROR:mailbox_manager_sync.cc(317)] MailboxSync: Incompatible attachment
08-23 20:57:03.449 28899 29031 E chromium: [ERROR:mailbox_manager_sync.cc(317)] MailboxSync: Incompatible attachment
08-23 20:57:03.449 28899 29031 E chromium: [ERROR:mailbox_manager_sync.cc(317)] MailboxSync: Incompatible attachment
08-23 20:57:03.467 28899 29031 E chromium: [ERROR:mailbox_manager_sync.cc(317)] MailboxSync: Incompatible attachment
08-23 20:57:03.482 28899 29031 E chromium: [ERROR:mailbox_manager_sync.cc(317)] MailboxSync: Incompatible attachment
08-23 20:57:03.500 28899 29031 E chromium: [ERROR:mailbox_manager_sync.cc(317)] MailboxSync: Incompatible attachment
08-23 20:57:03.500 28899 29031 E chromium: [ERROR:mailbox_manager_sync.cc(317)] MailboxSync: Incompatible attachment
08-23 20:57:03.517 28899 29031 E chromium: [ERROR:mailbox_manager_sync.cc(317)] MailboxSync: Incompatible attachment
08-23 20:57:03.534 28899 29031 E chromium: [ERROR:mailbox_manager_sync.cc(317)] MailboxSync: Incompatible attachment
08-23 20:57:03.534 28899 29031 E chromium: [ERROR:mailbox_manager_sync.cc(317)] MailboxSync: Incompatible attachment
08-23 20:57:03.549 28899 29031 E chromium: [ERROR:mailbox_manager_sync.cc(317)] MailboxSync: Incompatible attachment
08-23 20:57:03.566 28899 29031 E chromium: [ERROR:mailbox_manager_sync.cc(317)] MailboxSync: Incompatible attachment
08-23 20:57:03.583 28899 29031 E chromium: [ERROR:mailbox_manager_sync.cc(317)] MailboxSync: Incompatible attachment
08-23 20:57:03.583 28899 29031 E chromium: [ERROR:mailbox_manager_sync.cc(317)] MailboxSync: Incompatible attachment
08-23 20:57:03.600 28899 29031 E chromium: [ERROR:mailbox_manager_sync.cc(317)] MailboxSync: Incompatible attachment
08-23 20:57:03.616 28899 29031 E chromium: [ERROR:mailbox_manager_sync.cc(317)] MailboxSync: Incompatible attachment
08-23 20:57:03.617 28899 29031 E chromium: [ERROR:mailbox_manager_sync.cc(317)] MailboxSync: Incompatible attachment
08-23 20:57:03.632 28899 29031 E chromium: [ERROR:mailbox_manager_sync.cc(317)] MailboxSync: Incompatible attachment
08-23 20:57:03.649 28899 29031 E chromium: [ERROR:mailbox_manager_sync.cc(317)] MailboxSync: Incompatible attachment
08-23 20:57:03.667 28899 29031 E chromium: [ERROR:mailbox_manager_sync.cc(317)] MailboxSync: Incompatible attachment
08-23 20:57:03.667 28899 29031 E chromium: [ERROR:mailbox_manager_sync.cc(317)] MailboxSync: Incompatible attachment
08-23 20:57:03.684 28899 29031 E chromium: [ERROR:mailbox_manager_sync.cc(317)] MailboxSync: Incompatible attachment
08-23 20:57:03.700 28899 29031 E chromium: [ERROR:mailbox_manager_sync.cc(317)] MailboxSync: Incompatible attachment
08-23 20:57:03.700 28899 29031 E chromium: [ERROR:mailbox_manager_sync.cc(317)] MailboxSync: Incompatible attachment
08-23 20:57:03.724 28899 29031 E chromium: [ERROR:mailbox_manager_sync.cc(317)] MailboxSync: Incompatible attachment
08-23 20:57:03.729 28899 29031 E chromium: [ERROR:mailbox_manager_sync.cc(317)] MailboxSync: Incompatible attachment
08-23 20:57:03.729 28899 29031 E chromium: [ERROR:mailbox_manager_sync.cc(317)] MailboxSync: Incompatible attachment
08-23 20:57:03.749 28899 29031 E chromium: [ERROR:mailbox_manager_sync.cc(317)] MailboxSync: Incompatible attachment
08-23 20:57:03.766 28899 29031 E chromium: [ERROR:mailbox_manager_sync.cc(317)] MailboxSync: Incompatible attachment
08-23 20:57:03.783 28899 29031 E chromium: [ERROR:mailbox_manager_sync.cc(317)] MailboxSync: Incompatible attachment
08-23 20:57:03.783 28899 29031 E chromium: [ERROR:mailbox_manager_sync.cc(317)] MailboxSync: Incompatible attachment
08-23 20:57:03.799 28899 29031 E chromium: [ERROR:mailbox_manager_sync.cc(317)] MailboxSync: Incompatible attachment
08-23 20:57:03.817 28899 29031 E chromium: [ERROR:mailbox_manager_sync.cc(317)] MailboxSync: Incompatible attachment
08-23 20:57:03.817 28899 29031 E chromium: [ERROR:mailbox_manager_sync.cc(317)] MailboxSync: Incompatible attachment
08-23 20:57:03.832 28899 29031 E chromium: [ERROR:mailbox_manager_sync.cc(317)] MailboxSync: Incompatible attachment
08-23 20:57:03.849 28899 29031 E chromium: [ERROR:mailbox_manager_sync.cc(317)] MailboxSync: Incompatible attachment
08-23 20:57:03.867 28899 29031 E chromium: [ERROR:mailbox_manager_sync.cc(317)] MailboxSync: Incompatible attachment
08-23 20:57:03.867 28899 29031 E chromium: [ERROR:mailbox_manager_sync.cc(317)] MailboxSync: Incompatible attachment
08-23 20:57:03.882 28899 29031 E chromium: [ERROR:mailbox_manager_sync.cc(317)] MailboxSync: Incompatible attachment
08-23 20:57:03.899 28899 29031 E chromium: [ERROR:mailbox_manager_sync.cc(317)] MailboxSync: Incompatible attachment
08-23 20:57:03.899 28899 29031 E chromium: [ERROR:mailbox_manager_sync.cc(317)] MailboxSync: Incompatible attachment
08-23 20:57:03.916 28899 29031 E chromium: [ERROR:mailbox_manager_sync.cc(317)] MailboxSync: Incompatible attachment
08-23 20:57:03.934 28899 29031 E chromium: [ERROR:mailbox_manager_sync.cc(317)] MailboxSync: Incompatible attachment
08-23 20:57:03.949 28899 29031 E chromium: [ERROR:mailbox_manager_sync.cc(317)] MailboxSync: Incompatible attachment
08-23 20:57:03.949 28899 29031 E chromium: [ERROR:mailbox_manager_sync.cc(317)] MailboxSync: Incompatible attachment
08-23 20:57:03.968 28899 29031 E chromium: [ERROR:mailbox_manager_sync.cc(317)] MailboxSync: Incompatible attachment
08-23 20:57:03.983 28899 29031 E chromium: [ERROR:mailbox_manager_sync.cc(317)] MailboxSync: Incompatible attachment
08-23 20:57:03.983 28899 29031 E chromium: [ERROR:mailbox_manager_sync.cc(317)] MailboxSync: Incompatible attachment
08-23 20:57:03.999 28899 29031 E chromium: [ERROR:mailbox_manager_sync.cc(317)] MailboxSync: Incompatible attachment
08-23 20:57:04.016 28899 29031 E chromium: [ERROR:mailbox_manager_sync.cc(317)] MailboxSync: Incompatible attachment
08-23 20:57:04.033 28899 29031 E chromium: [ERROR:mailbox_manager_sync.cc(317)] MailboxSync: Incompatible attachment
08-23 20:57:04.033 28899 29031 E chromium: [ERROR:mailbox_manager_sync.cc(317)] MailboxSync: Incompatible attachment
08-23 20:57:04.048 28899 29031 E chromium: [ERROR:mailbox_manager_sync.cc(317)] MailboxSync: Incompatible attachment
08-23 20:57:04.083 28899 29031 E chromium: [ERROR:mailbox_manager_sync.cc(317)] MailboxSync: Incompatible attachment
08-23 20:57:04.083 28899 29031 E chromium: [ERROR:mailbox_manager_sync.cc(317)] MailboxSync: Incompatible attachment
08-23 20:57:04.085 28899 29031 E chromium: [ERROR:mailbox_manager_sync.cc(317)] MailboxSync: Incompatible attachment
08-23 20:57:04.099 28899 29031 E chromium: [ERROR:mailbox_manager_sync.cc(317)] MailboxSync: Incompatible attachment
08-23 20:57:04.116 28899 29031 E chromium: [ERROR:mailbox_manager_sync.cc(317)] MailboxSync: Incompatible attachment
08-23 20:57:04.116 28899 29031 E chromium: [ERROR:mailbox_manager_sync.cc(317)] MailboxSync: Incompatible attachment
08-23 20:57:04.133 28899 29031 E chromium: [ERROR:mailbox_manager_sync.cc(317)] MailboxSync: Incompatible attachment
08-23 20:57:04.140 28899 29031 E chromium: [ERROR:mailbox_manager_sync.cc(317)] MailboxSync: Incompatible attachment
08-23 20:57:04.140 28899 29031 E chromium: [ERROR:mailbox_manager_sync.cc(317)] MailboxSync: Incompatible attachment
08-23 20:57:04.166 28899 29031 E chromium: [ERROR:mailbox_manager_sync.cc(317)] MailboxSync: Incompatible attachment
08-23 20:57:04.182 28899 29031 E chromium: [ERROR:mailbox_manager_sync.cc(317)] MailboxSync: Incompatible attachment
08-23 20:57:04.199 28899 29031 E chromium: [ERROR:mailbox_manager_sync.cc(317)] MailboxSync: Incompatible attachment
08-23 20:57:04.199 28899 29031 E chromium: [ERROR:mailbox_manager_sync.cc(317)] MailboxSync: Incompatible attachment
08-23 20:57:04.215 28899 29031 E chromium: [ERROR:mailbox_manager_sync.cc(317)] MailboxSync: Incompatible attachment
08-23 20:57:04.234 28899 29031 E chromium: [ERROR:mailbox_manager_sync.cc(317)] MailboxSync: Incompatible attachment
08-23 20:57:04.234 28899 29031 E chromium: [ERROR:mailbox_manager_sync.cc(317)] MailboxSync: Incompatible attachment
08-23 20:57:04.249 28899 29031 E chromium: [ERROR:mailbox_manager_sync.cc(317)] MailboxSync: Incompatible attachment
08-23 20:57:04.256 1994 2003 I art : Background partial concurrent mark sweep GC freed 7048(256KB) AllocSpace objects, 0(0B) LOS objects, 32% free, 33MB/49MB, paused 3.712ms total 333.330ms
08-23 20:57:04.266 28899 29031 E chromium: [ERROR:mailbox_manager_sync.cc(317)] MailboxSync: Incompatible attachment
08-23 20:57:04.282 28899 29031 E chromium: [ERROR:mailbox_manager_sync.cc(317)] MailboxSync: Incompatible attachment
08-23 20:57:04.282 28899 29031 E chromium: [ERROR:mailbox_manager_sync.cc(317)] MailboxSync: Incompatible attachment
08-23 20:57:04.298 28899 29031 E chromium: [ERROR:mailbox_manager_sync.cc(317)] MailboxSync: Incompatible attachment
08-23 20:57:04.293 3088 3088 W pnpmgr : type=1400 audit(0.0:3808): avc: denied { write } for name="dirty_ratio" dev="proc" ino=885536 scontext=u:r:pnpmgr:s0 tcontext=u:object_r:proc_dirty_ratio:s0 tclass=file permissive=0
08-23 20:57:04.317 28899 29031 E chromium: [ERROR:mailbox_manager_sync.cc(317)] MailboxSync: Incompatible attachment
08-23 20:57:04.317 28899 29031 E chromium: [ERROR:mailbox_manager_sync.cc(317)] MailboxSync: Incompatible attachment
08-23 20:57:04.333 28899 29031 E chromium: [ERROR:mailbox_manager_sync.cc(317)] MailboxSync: Incompatible attachment
08-23 20:57:04.349 28899 29031 E chromium: [ERROR:mailbox_manager_sync.cc(317)] MailboxSync: Incompatible attachment
08-23 20:57:04.368 28899 29031 E chromium: [ERROR:mailbox_manager_sync.cc(317)] MailboxSync: Incompatible attachment
08-23 20:57:04.368 28899 29031 E chromium: [ERROR:mailbox_manager_sync.cc(317)] MailboxSync: Incompatible attachment
08-23 20:57:04.385 28899 29031 E chromium: [ERROR:mailbox_manager_sync.cc(317)] MailboxSync: Incompatible attachment
08-23 20:57:04.399 28899 29031 E chromium: [ERROR:mailbox_manager_sync.cc(317)] MailboxSync: Incompatible attachment
08-23 20:57:04.399 28899 29031 E chromium: [ERROR:mailbox_manager_sync.cc(317)] MailboxSync: Incompatible attachment
08-23 20:57:04.416 28899 29031 E chromium: [ERROR:mailbox_manager_sync.cc(317)] MailboxSync: Incompatible attachment
08-23 20:57:04.432 28899 29031 E chromium: [ERROR:mailbox_manager_sync.cc(317)] MailboxSync: Incompatible attachment
08-23 20:57:04.449 28899 29031 E chromium: [ERROR:mailbox_manager_sync.cc(317)] MailboxSync: Incompatible attachment
08-23 20:57:04.449 28899 29031 E chromium: [ERROR:mailbox_manager_sync.cc(317)] MailboxSync: Incompatible attachment
08-23 20:57:04.467 28899 29031 E chromium: [ERROR:mailbox_manager_sync.cc(317)] MailboxSync: Incompatible attachment
08-23 20:57:04.484 28899 29031 E chromium: [ERROR:mailbox_manager_sync.cc(317)] MailboxSync: Incompatible attachment
08-23 20:57:04.484 28899 29031 E chromium: [ERROR:mailbox_manager_sync.cc(317)] MailboxSync: Incompatible attachment
08-23 20:57:04.500 28899 29031 E chromium: [ERROR:mailbox_manager_sync.cc(317)] MailboxSync: Incompatible attachment
08-23 20:57:04.518 28899 29031 E chromium: [ERROR:mailbox_manager_sync.cc(317)] MailboxSync: Incompatible attachment
08-23 20:57:04.533 28899 29031 E chromium: [ERROR:mailbox_manager_sync.cc(317)] MailboxSync: Incompatible attachment
08-23 20:57:04.533 28899 29031 E chromium: [ERROR:mailbox_manager_sync.cc(317)] MailboxSync: Incompatible attachment
08-23 20:57:04.549 28899 29031 E chromium: [ERROR:mailbox_manager_sync.cc(317)] MailboxSync: Incompatible attachment
08-23 20:57:04.567 28899 29031 E chromium: [ERROR:mailbox_manager_sync.cc(317)] MailboxSync: Incompatible attachment
08-23 20:57:04.567 28899 29031 E chromium: [ERROR:mailbox_manager_sync.cc(317)] MailboxSync: Incompatible attachment
08-23 20:57:04.583 28899 29031 E chromium: [ERROR:mailbox_manager_sync.cc(317)] MailboxSync: Incompatible attachment
08-23 20:57:04.599 28899 29031 E chromium: [ERROR:mailbox_manager_sync.cc(317)] MailboxSync: Incompatible attachment
08-23 20:57:04.618 28899 29031 E chromium: [ERROR:mailbox_manager_sync.cc(317)] MailboxSync: Incompatible attachment
08-23 20:57:04.618 28899 29031 E chromium: [ERROR:mailbox_manager_sync.cc(317)] MailboxSync: Incompatible attachment
08-23 20:57:04.649 28899 29031 E chromium: [ERROR:mailbox_manager_sync.cc(317)] MailboxSync: Incompatible attachment
08-23 20:57:04.652 28899 29031 E chromium: [ERROR:mailbox_manager_sync.cc(317)] MailboxSync: Incompatible attachment
08-23 20:57:04.667 28899 29031 E chromium: [ERROR:mailbox_manager_sync.cc(317)] MailboxSync: Incompatible attachment
08-23 20:57:04.667 28899 29031 E chromium: [ERROR:mailbox_manager_sync.cc(317)] MailboxSync: Incompatible attachment
08-23 20:57:04.684 28899 29031 E chromium: [ERROR:mailbox_manager_sync.cc(317)] MailboxSync: Incompatible attachment
08-23 20:57:04.700 28899 29031 E chromium: [ERROR:mailbox_manager_sync.cc(317)] MailboxSync: Incompatible attachment
08-23 20:57:04.700 28899 29031 E chromium: [ERROR:mailbox_manager_sync.cc(317)] MailboxSync: Incompatible attachment
08-23 20:57:04.732 28899 29031 E chromium: [ERROR:mailbox_manager_sync.cc(317)] MailboxSync: Incompatible attachment
08-23 20:57:04.737 28899 29031 E chromium: [ERROR:mailbox_manager_sync.cc(317)] MailboxSync: Incompatible attachment
08-23 20:57:04.759 28899 29031 E chromium: [ERROR:mailbox_manager_sync.cc(317)] MailboxSync: Incompatible attachment
08-23 20:57:04.759 28899 29031 E chromium: [ERROR:mailbox_manager_sync.cc(317)] MailboxSync: Incompatible attachment
08-23 20:57:04.762 28899 29031 E chromium: [ERROR:mailbox_manager_sync.cc(317)] MailboxSync: Incompatible attachment
08-23 20:57:04.762 28899 29031 E chromium: [ERROR:mailbox_manager_sync.cc(317)] MailboxSync: Incompatible attachment
08-23 20:57:04.784 28899 29031 E chromium: [ERROR:mailbox_manager_sync.cc(317)] MailboxSync: Incompatible attachment
08-23 20:57:04.798 2410 2410 D WIFI_ICON: WifiActivity: 3
08-23 20:57:04.799 2410 2410 D StatusBar.NetworkController: dumpIcon[(gone) stat_sys_5signal_2|null stat_sys_wifi_signal_inandout_4 (gone) F]
08-23 20:57:04.802 28899 29031 E chromium: [ERROR:mailbox_manager_sync.cc(317)] MailboxSync: Incompatible attachment
08-23 20:57:04.811 2410 2410 D SignalBarView: onMeasure() desity =3.0 mDefaultDesity=480.0 scale =1.0
08-23 20:57:04.811 2410 2410 D SignalBarView: onMeasure() mLeft != null width =50 height =50
08-23 20:57:04.812 2410 2410 D SignalBarView: onMeasure() desity =3.0 mDefaultDesity=480.0 scale =1.0
08-23 20:57:04.812 2410 2410 D SignalBarView: onMeasure() mLeft != null width =50 height =50
08-23 20:57:04.812 2410 2410 D SignalBarView: onMeasure() desity =3.0 mDefaultDesity=480.0 scale =1.0
08-23 20:57:04.812 2410 2410 D SignalBarView: onMeasure() mLeft != null width =50 height =50
08-23 20:57:04.816 28899 29031 E chromium: [ERROR:mailbox_manager_sync.cc(317)] MailboxSync: Incompatible attachment
08-23 20:57:04.829 1994 2184 D WifiStateMachine: handleMessage: E msg.what=131155
08-23 20:57:04.829 1994 2184 D WifiStateMachine: processMsg: ConnectedState
08-23 20:57:04.829 1994 2184 D WifiStateMachine: processMsg: L2ConnectedState
08-23 20:57:04.834 28899 29031 E chromium: [ERROR:mailbox_manager_sync.cc(317)] MailboxSync: Incompatible attachment
08-23 20:57:04.834 28899 29031 E chromium: [ERROR:mailbox_manager_sync.cc(317)] MailboxSync: Incompatible attachment
08-23 20:57:04.837 2324 2324 D wpa_supplicant: wlan0: Control interface command 'SIGNAL_POLL'
08-23 20:57:04.844 1994 2184 D WifiStateMachine: CMD_RSSI_POLL: TxBytes = 42782, RxBytes = 105004
08-23 20:57:04.845 1994 2184 D WifiStateMachine: handleMessage: X
08-23 20:57:04.851 28899 29031 E chromium: [ERROR:mailbox_manager_sync.cc(317)] MailboxSync: Incompatible attachment
08-23 20:57:04.851 28899 29031 E chromium: [ERROR:mailbox_manager_sync.cc(317)] MailboxSync: Incompatible attachment
08-23 20:57:04.859 28899 29031 E chromium: [ERROR:mailbox_manager_sync.cc(317)] MailboxSync: Incompatible attachment
08-23 20:57:04.883 28899 29031 E chromium: [ERROR:mailbox_manager_sync.cc(317)] MailboxSync: Incompatible attachment
08-23 20:57:04.899 28899 29031 E chromium: [ERROR:mailbox_manager_sync.cc(317)] MailboxSync: Incompatible attachment
08-23 20:57:04.915 28899 29031 E chromium: [ERROR:mailbox_manager_sync.cc(317)] MailboxSync: Incompatible attachment
08-23 20:57:04.916 28899 29031 E chromium: [ERROR:mailbox_manager_sync.cc(317)] MailboxSync: Incompatible attachment
08-23 20:57:04.932 28899 29031 E chromium: [ERROR:mailbox_manager_sync.cc(317)] MailboxSync: Incompatible attachment
08-23 20:57:04.932 28899 29031 E chromium: [ERROR:mailbox_manager_sync.cc(317)] MailboxSync: Incompatible attachment
08-23 20:57:04.949 28899 29031 E chromium: [ERROR:mailbox_manager_sync.cc(317)] MailboxSync: Incompatible attachment
08-23 20:57:04.967 28899 29031 E chromium: [ERROR:mailbox_manager_sync.cc(317)] MailboxSync: Incompatible attachment
08-23 20:57:04.983 28899 29031 E chromium: [ERROR:mailbox_manager_sync.cc(317)] MailboxSync: Incompatible attachment
08-23 20:57:04.999 28899 29031 E chromium: [ERROR:mailbox_manager_sync.cc(317)] MailboxSync: Incompatible attachment
08-23 20:57:04.999 28899 29031 E chromium: [ERROR:mailbox_manager_sync.cc(317)] MailboxSync: Incompatible attachment
08-23 20:57:05.016 28899 29031 E chromium: [ERROR:mailbox_manager_sync.cc(317)] MailboxSync: Incompatible attachment
08-23 20:57:05.016 28899 29031 E chromium: [ERROR:mailbox_manager_sync.cc(317)] MailboxSync: Incompatible attachment
08-23 20:57:05.032 28899 29031 E chromium: [ERROR:mailbox_manager_sync.cc(317)] MailboxSync: Incompatible attachment
08-23 20:57:05.048 28899 29031 E chromium: [ERROR:mailbox_manager_sync.cc(317)] MailboxSync: Incompatible attachment
08-23 20:57:05.067 28899 29031 E chromium: [ERROR:mailbox_manager_sync.cc(317)] MailboxSync: Incompatible attachment
08-23 20:57:05.083 28899 29031 E chromium: [ERROR:mailbox_manager_sync.cc(317)] MailboxSync: Incompatible attachment
08-23 20:57:05.083 28899 29031 E chromium: [ERROR:mailbox_manager_sync.cc(317)] MailboxSync: Incompatible attachment
08-23 20:57:05.103 28899 29031 E chromium: [ERROR:mailbox_manager_sync.cc(317)] MailboxSync: Incompatible attachment
08-23 20:57:05.103 28899 29031 E chromium: [ERROR:mailbox_manager_sync.cc(317)] MailboxSync: Incompatible attachment
08-23 20:57:05.117 28899 29031 E chromium: [ERROR:mailbox_manager_sync.cc(317)] MailboxSync: Incompatible attachment
08-23 20:57:05.125 28899 29031 E chromium: [ERROR:mailbox_manager_sync.cc(317)] MailboxSync: Incompatible attachment
08-23 20:57:05.150 28899 29031 E chromium: [ERROR:mailbox_manager_sync.cc(317)] MailboxSync: Incompatible attachment
08-23 20:57:05.166 28899 29031 E chromium: [ERROR:mailbox_manager_sync.cc(317)] MailboxSync: Incompatible attachment
08-23 20:57:05.166 28899 29031 E chromium: [ERROR:mailbox_manager_sync.cc(317)] MailboxSync: Incompatible attachment
08-23 20:57:05.183 28899 29031 E chromium: [ERROR:mailbox_manager_sync.cc(317)] MailboxSync: Incompatible attachment
08-23 20:57:05.183 28899 29031 E chromium: [ERROR:mailbox_manager_sync.cc(317)] MailboxSync: Incompatible attachment
08-23 20:57:05.198 28899 29031 E chromium: [ERROR:mailbox_manager_sync.cc(317)] MailboxSync: Incompatible attachment
08-23 20:57:05.217 28899 29031 E chromium: [ERROR:mailbox_manager_sync.cc(317)] MailboxSync: Incompatible attachment
08-23 20:57:05.229 1994 2003 I art : Background partial concurrent mark sweep GC freed 8240(337KB) AllocSpace objects, 2(40KB) LOS objects, 32% free, 33MB/49MB, paused 3.613ms total 319.010ms
08-23 20:57:05.233 28899 29031 E chromium: [ERROR:mailbox_manager_sync.cc(317)] MailboxSync: Incompatible attachment
08-23 20:57:05.249 28899 29031 E chromium: [ERROR:mailbox_manager_sync.cc(317)] MailboxSync: Incompatible attachment
08-23 20:57:05.249 28899 29031 E chromium: [ERROR:mailbox_manager_sync.cc(317)] MailboxSync: Incompatible attachment
08-23 20:57:05.266 28899 29031 E chromium: [ERROR:mailbox_manager_sync.cc(317)] MailboxSync: Incompatible attachment
08-23 20:57:05.266 28899 29031 E chromium: [ERROR:mailbox_manager_sync.cc(317)] MailboxSync: Incompatible attachment
08-23 20:57:05.283 28899 29031 E chromium: [ERROR:mailbox_manager_sync.cc(317)] MailboxSync: Incompatible attachment
08-23 20:57:05.298 28899 29031 E chromium: [ERROR:mailbox_manager_sync.cc(317)] MailboxSync: Incompatible attachment
08-23 20:57:05.317 28899 29031 E chromium: [ERROR:mailbox_manager_sync.cc(317)] MailboxSync: Incompatible attachment
08-23 20:57:05.343 28899 29031 E chromium: [ERROR:mailbox_manager_sync.cc(317)] MailboxSync: Incompatible attachment
08-23 20:57:05.343 28899 29031 E chromium: [ERROR:mailbox_manager_sync.cc(317)] MailboxSync: Incompatible attachment
08-23 20:57:05.347 28899 29031 E chromium: [ERROR:mailbox_manager_sync.cc(317)] MailboxSync: Incompatible attachment
08-23 20:57:05.347 28899 29031 E chromium: [ERROR:mailbox_manager_sync.cc(317)] MailboxSync: Incompatible attachment
08-23 20:57:05.367 28899 29031 E chromium: [ERROR:mailbox_manager_sync.cc(317)] MailboxSync: Incompatible attachment
08-23 20:57:05.382 28899 29031 E chromium: [ERROR:mailbox_manager_sync.cc(317)] MailboxSync: Incompatible attachment
08-23 20:57:05.402 28899 29031 E chromium: [ERROR:mailbox_manager_sync.cc(317)] MailboxSync: Incompatible attachment
08-23 20:57:05.416 28899 29031 E chromium: [ERROR:mailbox_manager_sync.cc(317)] MailboxSync: Incompatible attachment
08-23 20:57:05.416 28899 29031 E chromium: [ERROR:mailbox_manager_sync.cc(317)] MailboxSync: Incompatible attachment
08-23 20:57:05.433 28899 29031 E chromium: [ERROR:mailbox_manager_sync.cc(317)] MailboxSync: Incompatible attachment
08-23 20:57:05.433 28899 29031 E chromium: [ERROR:mailbox_manager_sync.cc(317)] MailboxSync: Incompatible attachment
08-23 20:57:05.450 28899 29031 E chromium: [ERROR:mailbox_manager_sync.cc(317)] MailboxSync: Incompatible attachment
08-23 20:57:05.466 28899 29031 E chromium: [ERROR:mailbox_manager_sync.cc(317)] MailboxSync: Incompatible attachment
08-23 20:57:05.483 28899 29031 E chromium: [ERROR:mailbox_manager_sync.cc(317)] MailboxSync: Incompatible attachment
08-23 20:57:05.499 28899 29031 E chromium: [ERROR:mailbox_manager_sync.cc(317)] MailboxSync: Incompatible attachment
08-23 20:57:05.499 28899 29031 E chromium: [ERROR:mailbox_manager_sync.cc(317)] MailboxSync: Incompatible attachment
08-23 20:57:05.516 28899 29031 E chromium: [ERROR:mailbox_manager_sync.cc(317)] MailboxSync: Incompatible attachment
08-23 20:57:05.516 28899 29031 E chromium: [ERROR:mailbox_manager_sync.cc(317)] MailboxSync: Incompatible attachment
08-23 20:57:05.534 28899 29031 E chromium: [ERROR:mailbox_manager_sync.cc(317)] MailboxSync: Incompatible attachment
08-23 20:57:05.551 28899 29031 E chromium: [ERROR:mailbox_manager_sync.cc(317)] MailboxSync: Incompatible attachment
08-23 20:57:05.568 28899 29031 E chromium: [ERROR:mailbox_manager_sync.cc(317)] MailboxSync: Incompatible attachment
08-23 20:57:05.584 28899 29031 E chromium: [ERROR:mailbox_manager_sync.cc(317)] MailboxSync: Incompatible attachment
08-23 20:57:05.584 28899 29031 E chromium: [ERROR:mailbox_manager_sync.cc(317)] MailboxSync: Incompatible attachment
08-23 20:57:05.600 28899 29031 E chromium: [ERROR:mailbox_manager_sync.cc(317)] MailboxSync: Incompatible attachment
08-23 20:57:05.600 28899 29031 E chromium: [ERROR:mailbox_manager_sync.cc(317)] MailboxSync: Incompatible attachment
08-23 20:57:05.617 28899 29031 E chromium: [ERROR:mailbox_manager_sync.cc(317)] MailboxSync: Incompatible attachment
08-23 20:57:05.633 28899 29031 E chromium: [ERROR:mailbox_manager_sync.cc(317)] MailboxSync: Incompatible attachment
08-23 20:57:05.649 28899 29031 E chromium: [ERROR:mailbox_manager_sync.cc(317)] MailboxSync: Incompatible attachment
08-23 20:57:05.668 28899 29031 E chromium: [ERROR:mailbox_manager_sync.cc(317)] MailboxSync: Incompatible attachment
08-23 20:57:05.668 28899 29031 E chromium: [ERROR:mailbox_manager_sync.cc(317)] MailboxSync: Incompatible attachment
08-23 20:57:05.684 28899 29031 E chromium: [ERROR:mailbox_manager_sync.cc(317)] MailboxSync: Incompatible attachment
08-23 20:57:05.684 28899 29031 E chromium: [ERROR:mailbox_manager_sync.cc(317)] MailboxSync: Incompatible attachment
08-23 20:57:05.701 28899 29031 E chromium: [ERROR:mailbox_manager_sync.cc(317)] MailboxSync: Incompatible attachment
08-23 20:57:05.724 28899 29031 E chromium: [ERROR:mailbox_manager_sync.cc(317)] MailboxSync: Incompatible attachment
08-23 20:57:05.729 28899 29031 E chromium: [ERROR:mailbox_manager_sync.cc(317)] MailboxSync: Incompatible attachment
08-23 20:57:05.750 28899 29031 E chromium: [ERROR:mailbox_manager_sync.cc(317)] MailboxSync: Incompatible attachment
08-23 20:57:05.750 28899 29031 E chromium: [ERROR:mailbox_manager_sync.cc(317)] MailboxSync: Incompatible attachment
08-23 20:57:05.767 28899 29031 E chromium: [ERROR:mailbox_manager_sync.cc(317)] MailboxSync: Incompatible attachment
08-23 20:57:05.767 28899 29031 E chromium: [ERROR:mailbox_manager_sync.cc(317)] MailboxSync: Incompatible attachment
08-23 20:57:05.783 28899 29031 E chromium: [ERROR:mailbox_manager_sync.cc(317)] MailboxSync: Incompatible attachment
08-23 20:57:05.802 28899 29031 E chromium: [ERROR:mailbox_manager_sync.cc(317)] MailboxSync: Incompatible attachment
08-23 20:57:05.817 28899 29031 E chromium: [ERROR:mailbox_manager_sync.cc(317)] MailboxSync: Incompatible attachment
08-23 20:57:05.834 28899 29031 E chromium: [ERROR:mailbox_manager_sync.cc(317)] MailboxSync: Incompatible attachment
08-23 20:57:05.834 28899 29031 E chromium: [ERROR:mailbox_manager_sync.cc(317)] MailboxSync: Incompatible attachment
08-23 20:57:05.851 28899 29031 E chromium: [ERROR:mailbox_manager_sync.cc(317)] MailboxSync: Incompatible attachment
08-23 20:57:05.851 28899 29031 E chromium: [ERROR:mailbox_manager_sync.cc(317)] MailboxSync: Incompatible attachment
08-23 20:57:05.867 28899 29031 E chromium: [ERROR:mailbox_manager_sync.cc(317)] MailboxSync: Incompatible attachment
08-23 20:57:05.884 28899 29031 E chromium: [ERROR:mailbox_manager_sync.cc(317)] MailboxSync: Incompatible attachment
08-23 20:57:05.902 28899 29031 E chromium: [ERROR:mailbox_manager_sync.cc(317)] MailboxSync: Incompatible attachment
08-23 20:57:05.916 28899 29031 E chromium: [ERROR:mailbox_manager_sync.cc(317)] MailboxSync: Incompatible attachment
08-23 20:57:05.916 28899 29031 E chromium: [ERROR:mailbox_manager_sync.cc(317)] MailboxSync: Incompatible attachment
08-23 20:57:05.932 28899 29031 E chromium: [ERROR:mailbox_manager_sync.cc(317)] MailboxSync: Incompatible attachment
08-23 20:57:05.932 28899 29031 E chromium: [ERROR:mailbox_manager_sync.cc(317)] MailboxSync: Incompatible attachment
08-23 20:57:05.949 28899 29031 E chromium: [ERROR:mailbox_manager_sync.cc(317)] MailboxSync: Incompatible attachment
08-23 20:57:05.966 28899 29031 E chromium: [ERROR:mailbox_manager_sync.cc(317)] MailboxSync: Incompatible attachment
08-23 20:57:05.982 28899 29031 E chromium: [ERROR:mailbox_manager_sync.cc(317)] MailboxSync: Incompatible attachment
08-23 20:57:06.001 28899 29031 E chromium: [ERROR:mailbox_manager_sync.cc(317)] MailboxSync: Incompatible attachment
08-23 20:57:06.001 28899 29031 E chromium: [ERROR:mailbox_manager_sync.cc(317)] MailboxSync: Incompatible attachment
08-23 20:57:06.009 28899 29031 E chromium: [ERROR:mailbox_manager_sync.cc(317)] MailboxSync: Incompatible attachment
08-23 20:57:06.009 28899 29031 E chromium: [ERROR:mailbox_manager_sync.cc(317)] MailboxSync: Incompatible attachment
08-23 20:57:06.024 28899 29031 E chromium: [ERROR:mailbox_manager_sync.cc(317)] MailboxSync: Incompatible attachment
08-23 20:57:06.050 28899 29031 E chromium: [ERROR:mailbox_manager_sync.cc(317)] MailboxSync: Incompatible attachment
08-23 20:57:06.068 28899 29031 E chromium: [ERROR:mailbox_manager_sync.cc(317)] MailboxSync: Incompatible attachment
08-23 20:57:06.084 28899 29031 E chromium: [ERROR:mailbox_manager_sync.cc(317)] MailboxSync: Incompatible attachment
08-23 20:57:06.084 28899 29031 E chromium: [ERROR:mailbox_manager_sync.cc(317)] MailboxSync: Incompatible attachment
08-23 20:57:06.101 28899 29031 E chromium: [ERROR:mailbox_manager_sync.cc(317)] MailboxSync: Incompatible attachment
08-23 20:57:06.102 28899 29031 E chromium: [ERROR:mailbox_manager_sync.cc(317)] MailboxSync: Incompatible attachment
08-23 20:57:06.116 28899 29031 E chromium: [ERROR:mailbox_manager_sync.cc(317)] MailboxSync: Incompatible attachment
